--
--



ALTER TABLE ONLY public.reversion_version DROP CONSTRAINT reversion_version_revision_id_af9f6a9d_fk_reversion_revision_id;
ALTER TABLE ONLY public.reversion_version DROP CONSTRAINT reversion_version_content_type_id_7d0ff25c_fk_django_co;
ALTER TABLE ONLY public.reversion_revision DROP CONSTRAINT reversion_revision_user_id_17095f45_fk_accounts_customuser_id;
ALTER TABLE ONLY public.projets_projet_thematiques DROP CONSTRAINT projets_projet_thema_thematique_id_7eb58a23_fk_projets_t;
ALTER TABLE ONLY public.projets_projet_thematiques DROP CONSTRAINT projets_projet_thema_projet_id_7ac40b3f_fk_projets_p;
ALTER TABLE ONLY public.projets_projet DROP CONSTRAINT projets_projet_secteur_id_01795d2d_fk_projets_secteur_id;
ALTER TABLE ONLY public.projets_projet DROP CONSTRAINT projets_projet_referent_id_9419ddf1_fk_projets_reference_id;
ALTER TABLE ONLY public.projets_projet DROP CONSTRAINT projets_projet_partenaire_id_a74fad1a_fk_projets_partenaire_id;
ALTER TABLE ONLY public.projets_projet DROP CONSTRAINT projets_projet_financement_id_f9639036_fk_projets_f;
ALTER TABLE ONLY public.projets_img DROP CONSTRAINT projets_img_project_id_df9b7491_fk;
ALTER TABLE ONLY public.notifications_notification DROP CONSTRAINT notifications_notifi_target_content_type__ccb24d88_fk_django_co;
ALTER TABLE ONLY public.notifications_notification DROP CONSTRAINT notifications_notifi_recipient_id_d055f3f0_fk_accounts_;
ALTER TABLE ONLY public.notifications_notification DROP CONSTRAINT notifications_notifi_actor_content_type_i_0c69d7b7_fk_django_co;
ALTER TABLE ONLY public.notifications_notification DROP CONSTRAINT notifications_notifi_action_object_conten_7d2b8ee9_fk_django_co;
ALTER TABLE ONLY public.moderation_moderatedobject DROP CONSTRAINT moderation_moderated_content_type_id_0bcb3166_fk_django_co;
ALTER TABLE ONLY public.moderation_moderatedobject DROP CONSTRAINT moderation_moderated_changed_by_id_cac7f12e_fk_accounts_;
ALTER TABLE ONLY public.moderation_moderatedobject DROP CONSTRAINT moderation_moderated_by_id_cde3669b_fk_accounts_;
ALTER TABLE ONLY public.django_admin_log DROP CONSTRAINT django_admin_log_user_id_c564eba6_fk_accounts_customuser_id;
ALTER TABLE ONLY public.django_admin_log DROP CONSTRAINT django_admin_log_content_type_id_c4bce8eb_fk_django_co;
ALTER TABLE ONLY public.auth_permission DROP CONSTRAINT auth_permission_content_type_id_2f476e4b_fk_django_co;
ALTER TABLE ONLY public.auth_group_permissions DROP CONSTRAINT auth_group_permissions_group_id_b120cbf9_fk_auth_group_id;
ALTER TABLE ONLY public.auth_group_permissions DROP CONSTRAINT auth_group_permissio_permission_id_84c5c92e_fk_auth_perm;
ALTER TABLE ONLY public.accounts_customuser_user_permissions DROP CONSTRAINT accounts_customuser_user_permissions_customuser_id_0deaefae_fk;
ALTER TABLE ONLY public.accounts_customuser_groups DROP CONSTRAINT accounts_customuser_groups_group_id_86ba5f9e_fk_auth_group_id;
ALTER TABLE ONLY public.accounts_customuser_groups DROP CONSTRAINT accounts_customuser_groups_customuser_id_bc55088e_fk;
ALTER TABLE ONLY public.accounts_customuser_user_permissions DROP CONSTRAINT accounts_customuser__permission_id_aea3d0e5_fk_auth_perm;
DROP INDEX public.reversion_version_revision_id_af9f6a9d;
DROP INDEX public.reversion_version_content_type_id_7d0ff25c;
DROP INDEX public.reversion_v_content_f95daf_idx;
DROP INDEX public.reversion_revision_user_id_17095f45;
DROP INDEX public.reversion_revision_date_created_96f7c20c;
DROP INDEX public.projets_projet_thematiques_thematique_id_7eb58a23;
DROP INDEX public.projets_projet_thematiques_projet_id_7ac40b3f;
DROP INDEX public.projets_projet_secteurs_id_757067fe;
DROP INDEX public.projets_projet_referent_id_9419ddf1;
DROP INDEX public.projets_projet_partenaire_id_a74fad1a;
DROP INDEX public.projets_projet_financement_id_f9639036;
DROP INDEX public.projets_img_project_id_df9b7491;
DROP INDEX public.notifications_notification_unread_cce4be30;
DROP INDEX public.notifications_notification_timestamp_6a797bad;
DROP INDEX public.notifications_notification_target_content_type_id_ccb24d88;
DROP INDEX public.notifications_notification_recipient_id_unread_253aadc9_idx;
DROP INDEX public.notifications_notification_recipient_id_d055f3f0;
DROP INDEX public.notifications_notification_public_1bc30b1c;
DROP INDEX public.notifications_notification_emailed_23a5ad81;
DROP INDEX public.notifications_notification_deleted_b32b69e6;
DROP INDEX public.notifications_notification_actor_content_type_id_0c69d7b7;
DROP INDEX public.notifications_notification_action_object_content_type_7d2b8ee9;
DROP INDEX public.moderation_moderatedobject_object_pk_d6ad0cef;
DROP INDEX public.moderation_moderatedobject_moderated_by_id_5be94779;
DROP INDEX public.moderation_moderatedobject_content_type_id_0bcb3166;
DROP INDEX public.moderation_moderatedobject_changed_by_id_cac7f12e;
DROP INDEX public.django_site_domain_a2e37b91_like;
DROP INDEX public.django_session_session_key_c0390e0f_like;
DROP INDEX public.django_session_expire_date_a5c62663;
DROP INDEX public.django_admin_log_user_id_c564eba6;
DROP INDEX public.django_admin_log_content_type_id_c4bce8eb;
DROP INDEX public.auth_permission_content_type_id_2f476e4b;
DROP INDEX public.auth_group_permissions_permission_id_84c5c92e;
DROP INDEX public.auth_group_permissions_group_id_b120cbf9;
DROP INDEX public.auth_group_name_a6ea08ec_like;
DROP INDEX public.accounts_customuser_username_722f3555_like;
DROP INDEX public.accounts_customuser_user_permissions_permission_id_aea3d0e5;
DROP INDEX public.accounts_customuser_user_permissions_customuser_id_0deaefae;
DROP INDEX public.accounts_customuser_groups_group_id_86ba5f9e;
DROP INDEX public.accounts_customuser_groups_customuser_id_bc55088e;
DROP INDEX public.accounts_customuser_email_4fd8e7ce_like;
ALTER TABLE ONLY public.reversion_version DROP CONSTRAINT reversion_version_pkey;
ALTER TABLE ONLY public.reversion_version DROP CONSTRAINT reversion_version_db_content_type_id_objec_b2c54f65_uniq;
ALTER TABLE ONLY public.reversion_revision DROP CONSTRAINT reversion_revision_pkey;
ALTER TABLE ONLY public.projets_thematique DROP CONSTRAINT projets_thematique_pkey;
ALTER TABLE ONLY public.projets_secteur DROP CONSTRAINT projets_secteur_pkey;
ALTER TABLE ONLY public.projets_reference DROP CONSTRAINT projets_reference_pkey;
ALTER TABLE ONLY public.projets_projet_thematiques DROP CONSTRAINT projets_projet_thematiques_pkey;
ALTER TABLE ONLY public.projets_projet_thematiques DROP CONSTRAINT projets_projet_thematiqu_projet_id_thematique_id_1dfb040f_uniq;
ALTER TABLE ONLY public.projets_projet DROP CONSTRAINT projets_projet_pkey;
ALTER TABLE ONLY public.projets_partenaire DROP CONSTRAINT projets_partenaire_pkey;
ALTER TABLE ONLY public.projets_img DROP CONSTRAINT projets_img_pkey;
ALTER TABLE ONLY public.projets_financement DROP CONSTRAINT projets_financement_pkey;
ALTER TABLE ONLY public.notifications_notification DROP CONSTRAINT notifications_notification_pkey;
ALTER TABLE ONLY public.moderation_moderatedobject DROP CONSTRAINT moderation_moderatedobject_pkey;
ALTER TABLE ONLY public.django_site DROP CONSTRAINT django_site_pkey;
ALTER TABLE ONLY public.django_site DROP CONSTRAINT django_site_domain_a2e37b91_uniq;
ALTER TABLE ONLY public.django_migrations DROP CONSTRAINT django_migrations_pkey;
ALTER TABLE ONLY public.django_content_type DROP CONSTRAINT django_content_type_pkey;
ALTER TABLE ONLY public.django_content_type DROP CONSTRAINT django_content_type_app_label_model_76bd3d3b_uniq;
ALTER TABLE ONLY public.django_admin_log DROP CONSTRAINT django_admin_log_pkey;
ALTER TABLE ONLY public.auth_permission DROP CONSTRAINT auth_permission_pkey;
ALTER TABLE ONLY public.auth_permission DROP CONSTRAINT auth_permission_content_type_id_codename_01ab375a_uniq;
ALTER TABLE ONLY public.auth_group DROP CONSTRAINT auth_group_pkey;
ALTER TABLE ONLY public.auth_group_permissions DROP CONSTRAINT auth_group_permissions_pkey;
ALTER TABLE ONLY public.auth_group_permissions DROP CONSTRAINT auth_group_permissions_group_id_permission_id_0cd325b0_uniq;
ALTER TABLE ONLY public.auth_group DROP CONSTRAINT auth_group_name_key;
ALTER TABLE ONLY public.accounts_customuser_user_permissions DROP CONSTRAINT accounts_customuser_user_permissions_pkey;
ALTER TABLE ONLY public.accounts_customuser_user_permissions DROP CONSTRAINT accounts_customuser_user_customuser_id_permission_9632a709_uniq;
ALTER TABLE ONLY public.accounts_customuser_groups DROP CONSTRAINT accounts_customuser_groups_pkey;
ALTER TABLE ONLY public.accounts_customuser_groups DROP CONSTRAINT accounts_customuser_groups_customuser_id_group_id_c074bdcb_uniq;
DROP TABLE public.reversion_version;
DROP TABLE public.reversion_revision;
DROP TABLE public.projets_thematique;
DROP TABLE public.projets_secteur;
DROP TABLE public.projets_reference;
DROP TABLE public.projets_projet_thematiques;
DROP TABLE public.projets_projet;
DROP TABLE public.projets_partenaire;
DROP TABLE public.projets_img;
DROP TABLE public.projets_financement;
DROP TABLE public.notifications_notification;
DROP TABLE public.moderation_moderatedobject;
DROP TABLE public.django_site;
DROP TABLE public.django_migrations;
DROP TABLE public.django_content_type;
DROP TABLE public.django_admin_log;
DROP TABLE public.auth_permission;
DROP TABLE public.auth_group_permissions;
DROP TABLE public.auth_group;
DROP TABLE public.accounts_customuser_user_permissions;
DROP TABLE public.accounts_customuser_groups;


--
-- Name: accounts_customuser_groups; Type: TABLE; Schema: public; Owner: oifadmin
--

CREATE TABLE public.accounts_customuser_groups (
    id bigint NOT NULL,
    customuser_id bigint NOT NULL,
    group_id integer NOT NULL
);


ALTER TABLE public.accounts_customuser_groups OWNER TO oifadmin;

--
-- Name: accounts_customuser_groups_id_seq; Type: SEQUENCE; Schema: public; Owner: oifadmin
--

ALTER TABLE public.accounts_customuser_groups ALTER COLUMN id ADD GENERATED BY DEFAULT AS IDENTITY (
    SEQUENCE NAME public.accounts_customuser_groups_id_seq
    START WITH 1
    INCREMENT BY 1
    NO MINVALUE
    NO MAXVALUE
    CACHE 1
);


--
-- Name: accounts_customuser_user_permissions; Type: TABLE; Schema: public; Owner: oifadmin
--

CREATE TABLE public.accounts_customuser_user_permissions (
    id bigint NOT NULL,
    customuser_id bigint NOT NULL,
    permission_id integer NOT NULL
);


ALTER TABLE public.accounts_customuser_user_permissions OWNER TO oifadmin;

--
-- Name: accounts_customuser_user_permissions_id_seq; Type: SEQUENCE; Schema: public; Owner: oifadmin
--

ALTER TABLE public.accounts_customuser_user_permissions ALTER COLUMN id ADD GENERATED BY DEFAULT AS IDENTITY (
    SEQUENCE NAME public.accounts_customuser_user_permissions_id_seq
    START WITH 1
    INCREMENT BY 1
    NO MINVALUE
    NO MAXVALUE
    CACHE 1
);


--
-- Name: auth_group; Type: TABLE; Schema: public; Owner: oifadmin
--

CREATE TABLE public.auth_group (
    id integer NOT NULL,
    name character varying(150) NOT NULL
);


ALTER TABLE public.auth_group OWNER TO oifadmin;

--
-- Name: auth_group_id_seq; Type: SEQUENCE; Schema: public; Owner: oifadmin
--

ALTER TABLE public.auth_group ALTER COLUMN id ADD GENERATED BY DEFAULT AS IDENTITY (
    SEQUENCE NAME public.auth_group_id_seq
    START WITH 1
    INCREMENT BY 1
    NO MINVALUE
    NO MAXVALUE
    CACHE 1
);


--
-- Name: auth_group_permissions; Type: TABLE; Schema: public; Owner: oifadmin
--

CREATE TABLE public.auth_group_permissions (
    id bigint NOT NULL,
    group_id integer NOT NULL,
    permission_id integer NOT NULL
);


ALTER TABLE public.auth_group_permissions OWNER TO oifadmin;

--
-- Name: auth_group_permissions_id_seq; Type: SEQUENCE; Schema: public; Owner: oifadmin
--

ALTER TABLE public.auth_group_permissions ALTER COLUMN id ADD GENERATED BY DEFAULT AS IDENTITY (
    SEQUENCE NAME public.auth_group_permissions_id_seq
    START WITH 1
    INCREMENT BY 1
    NO MINVALUE
    NO MAXVALUE
    CACHE 1
);


--
-- Name: auth_permission; Type: TABLE; Schema: public; Owner: oifadmin
--

CREATE TABLE public.auth_permission (
    id integer NOT NULL,
    name character varying(255) NOT NULL,
    content_type_id integer NOT NULL,
    codename character varying(100) NOT NULL
);


ALTER TABLE public.auth_permission OWNER TO oifadmin;

--
-- Name: auth_permission_id_seq; Type: SEQUENCE; Schema: public; Owner: oifadmin
--

ALTER TABLE public.auth_permission ALTER COLUMN id ADD GENERATED BY DEFAULT AS IDENTITY (
    SEQUENCE NAME public.auth_permission_id_seq
    START WITH 1
    INCREMENT BY 1
    NO MINVALUE
    NO MAXVALUE
    CACHE 1
);


--
-- Name: django_admin_log; Type: TABLE; Schema: public; Owner: oifadmin
--

CREATE TABLE public.django_admin_log (
    id integer NOT NULL,
    action_time timestamp with time zone NOT NULL,
    object_id text,
    object_repr character varying(200) NOT NULL,
    action_flag smallint NOT NULL,
    change_message text NOT NULL,
    content_type_id integer,
    user_id bigint NOT NULL,
    CONSTRAINT django_admin_log_action_flag_check CHECK ((action_flag >= 0))
);


ALTER TABLE public.django_admin_log OWNER TO oifadmin;

--
-- Name: django_admin_log_id_seq; Type: SEQUENCE; Schema: public; Owner: oifadmin
--

ALTER TABLE public.django_admin_log ALTER COLUMN id ADD GENERATED BY DEFAULT AS IDENTITY (
    SEQUENCE NAME public.django_admin_log_id_seq
    START WITH 1
    INCREMENT BY 1
    NO MINVALUE
    NO MAXVALUE
    CACHE 1
);


--
-- Name: django_content_type; Type: TABLE; Schema: public; Owner: oifadmin
--

CREATE TABLE public.django_content_type (
    id integer NOT NULL,
    app_label character varying(100) NOT NULL,
    model character varying(100) NOT NULL
);


ALTER TABLE public.django_content_type OWNER TO oifadmin;

--
-- Name: django_content_type_id_seq; Type: SEQUENCE; Schema: public; Owner: oifadmin
--

ALTER TABLE public.django_content_type ALTER COLUMN id ADD GENERATED BY DEFAULT AS IDENTITY (
    SEQUENCE NAME public.django_content_type_id_seq
    START WITH 1
    INCREMENT BY 1
    NO MINVALUE
    NO MAXVALUE
    CACHE 1
);


--
-- Name: django_migrations; Type: TABLE; Schema: public; Owner: oifadmin
--

CREATE TABLE public.django_migrations (
    id bigint NOT NULL,
    app character varying(255) NOT NULL,
    name character varying(255) NOT NULL,
    applied timestamp with time zone NOT NULL
);


ALTER TABLE public.django_migrations OWNER TO oifadmin;

--
-- Name: django_migrations_id_seq; Type: SEQUENCE; Schema: public; Owner: oifadmin
--

ALTER TABLE public.django_migrations ALTER COLUMN id ADD GENERATED BY DEFAULT AS IDENTITY (
    SEQUENCE NAME public.django_migrations_id_seq
    START WITH 1
    INCREMENT BY 1
    NO MINVALUE
    NO MAXVALUE
    CACHE 1
);

--
-- Name: django_site; Type: TABLE; Schema: public; Owner: oifadmin
--

CREATE TABLE public.django_site (
    id integer NOT NULL,
    domain character varying(100) NOT NULL,
    name character varying(50) NOT NULL
);


ALTER TABLE public.django_site OWNER TO oifadmin;

--
-- Name: django_site_id_seq; Type: SEQUENCE; Schema: public; Owner: oifadmin
--

ALTER TABLE public.django_site ALTER COLUMN id ADD GENERATED BY DEFAULT AS IDENTITY (
    SEQUENCE NAME public.django_site_id_seq
    START WITH 1
    INCREMENT BY 1
    NO MINVALUE
    NO MAXVALUE
    CACHE 1
);


--
-- Name: moderation_moderatedobject; Type: TABLE; Schema: public; Owner: oifadmin
--

CREATE TABLE public.moderation_moderatedobject (
    id integer NOT NULL,
    object_pk integer,
    created timestamp with time zone NOT NULL,
    updated timestamp with time zone NOT NULL,
    state smallint NOT NULL,
    status smallint NOT NULL,
    "on" timestamp with time zone,
    reason text,
    changed_object text NOT NULL,
    changed_by_id bigint,
    content_type_id integer,
    by_id bigint,
    CONSTRAINT moderation_moderatedobject_object_pk_check CHECK ((object_pk >= 0))
);


ALTER TABLE public.moderation_moderatedobject OWNER TO oifadmin;

--
-- Name: moderation_moderatedobject_id_seq; Type: SEQUENCE; Schema: public; Owner: oifadmin
--

ALTER TABLE public.moderation_moderatedobject ALTER COLUMN id ADD GENERATED BY DEFAULT AS IDENTITY (
    SEQUENCE NAME public.moderation_moderatedobject_id_seq
    START WITH 1
    INCREMENT BY 1
    NO MINVALUE
    NO MAXVALUE
    CACHE 1
);


--
-- Name: notifications_notification; Type: TABLE; Schema: public; Owner: oifadmin
--

CREATE TABLE public.notifications_notification (
    id integer NOT NULL,
    level character varying(20) NOT NULL,
    unread boolean NOT NULL,
    actor_object_id character varying(255) NOT NULL,
    verb character varying(255) NOT NULL,
    description text,
    target_object_id character varying(255),
    action_object_object_id character varying(255),
    "timestamp" timestamp with time zone NOT NULL,
    public boolean NOT NULL,
    action_object_content_type_id integer,
    actor_content_type_id integer NOT NULL,
    recipient_id bigint NOT NULL,
    target_content_type_id integer,
    deleted boolean NOT NULL,
    emailed boolean NOT NULL,
    data text
);


ALTER TABLE public.notifications_notification OWNER TO oifadmin;

--
-- Name: notifications_notification_id_seq; Type: SEQUENCE; Schema: public; Owner: oifadmin
--

ALTER TABLE public.notifications_notification ALTER COLUMN id ADD GENERATED BY DEFAULT AS IDENTITY (
    SEQUENCE NAME public.notifications_notification_id_seq
    START WITH 1
    INCREMENT BY 1
    NO MINVALUE
    NO MAXVALUE
    CACHE 1
);


--
-- Name: projets_financement; Type: TABLE; Schema: public; Owner: oifadmin
--

CREATE TABLE public.projets_financement (
    id bigint NOT NULL,
    nom character varying(255) NOT NULL
);


ALTER TABLE public.projets_financement OWNER TO oifadmin;

--
-- Name: projets_financement_id_seq; Type: SEQUENCE; Schema: public; Owner: oifadmin
--

ALTER TABLE public.projets_financement ALTER COLUMN id ADD GENERATED BY DEFAULT AS IDENTITY (
    SEQUENCE NAME public.projets_financement_id_seq
    START WITH 1
    INCREMENT BY 1
    NO MINVALUE
    NO MAXVALUE
    CACHE 1
);


--
-- Name: projets_img; Type: TABLE; Schema: public; Owner: oifadmin
--

CREATE TABLE public.projets_img (
    id bigint NOT NULL,
    file character varying(100),
    project_id bigint NOT NULL
);


ALTER TABLE public.projets_img OWNER TO oifadmin;

--
-- Name: projets_img_id_seq; Type: SEQUENCE; Schema: public; Owner: oifadmin
--

ALTER TABLE public.projets_img ALTER COLUMN id ADD GENERATED BY DEFAULT AS IDENTITY (
    SEQUENCE NAME public.projets_img_id_seq
    START WITH 1
    INCREMENT BY 1
    NO MINVALUE
    NO MAXVALUE
    CACHE 1
);


--
-- Name: projets_partenaire; Type: TABLE; Schema: public; Owner: oifadmin
--

CREATE TABLE public.projets_partenaire (
    id bigint NOT NULL,
    nom character varying(125) NOT NULL,
    addresse character varying(255),
    representant character varying(125) NOT NULL,
    ville character varying(100) NOT NULL,
    pays character varying(2) NOT NULL,
    telephone character varying(30),
    mail character varying(120)
);


ALTER TABLE public.projets_partenaire OWNER TO oifadmin;

--
-- Name: projets_partenaire_id_seq; Type: SEQUENCE; Schema: public; Owner: oifadmin
--

ALTER TABLE public.projets_partenaire ALTER COLUMN id ADD GENERATED BY DEFAULT AS IDENTITY (
    SEQUENCE NAME public.projets_partenaire_id_seq
    START WITH 1
    INCREMENT BY 1
    NO MINVALUE
    NO MAXVALUE
    CACHE 1
);


--
-- Name: projets_projet; Type: TABLE; Schema: public; Owner: oifadmin
--

CREATE TABLE public.projets_projet (
    id bigint NOT NULL,
    titre character varying(180) NOT NULL,
    resultats text NOT NULL,
    ville character varying(100) NOT NULL,
    latitude double precision,
    longitude double precision,
    pays character varying(2) NOT NULL,
    statut character varying(50) NOT NULL,
    date_debut date NOT NULL,
    date_completion date,
    budget double precision,
    commentaires text NOT NULL,
    url character varying(200) NOT NULL,
    resume text NOT NULL,
    unite_administrative character varying(100),
    secteur_id bigint,
    no_reference character varying(50) NOT NULL,
    partenaire_id bigint NOT NULL,
    financement_id bigint,
    referent_id bigint
);


ALTER TABLE public.projets_projet OWNER TO oifadmin;

--
-- Name: projets_projet_id_seq; Type: SEQUENCE; Schema: public; Owner: oifadmin
--

ALTER TABLE public.projets_projet ALTER COLUMN id ADD GENERATED BY DEFAULT AS IDENTITY (
    SEQUENCE NAME public.projets_projet_id_seq
    START WITH 1
    INCREMENT BY 1
    NO MINVALUE
    NO MAXVALUE
    CACHE 1
);


--
-- Name: projets_projet_thematiques; Type: TABLE; Schema: public; Owner: oifadmin
--

CREATE TABLE public.projets_projet_thematiques (
    id bigint NOT NULL,
    projet_id bigint NOT NULL,
    thematique_id bigint NOT NULL
);


ALTER TABLE public.projets_projet_thematiques OWNER TO oifadmin;

--
-- Name: projets_projet_thematiques_id_seq; Type: SEQUENCE; Schema: public; Owner: oifadmin
--

ALTER TABLE public.projets_projet_thematiques ALTER COLUMN id ADD GENERATED BY DEFAULT AS IDENTITY (
    SEQUENCE NAME public.projets_projet_thematiques_id_seq
    START WITH 1
    INCREMENT BY 1
    NO MINVALUE
    NO MAXVALUE
    CACHE 1
);


--
-- Name: projets_reference; Type: TABLE; Schema: public; Owner: oifadmin
--

CREATE TABLE public.projets_reference (
    id bigint NOT NULL,
    no_reference character varying(55) NOT NULL,
    nom character varying(155) NOT NULL
);


ALTER TABLE public.projets_reference OWNER TO oifadmin;

--
-- Name: projets_reference_id_seq; Type: SEQUENCE; Schema: public; Owner: oifadmin
--

ALTER TABLE public.projets_reference ALTER COLUMN id ADD GENERATED BY DEFAULT AS IDENTITY (
    SEQUENCE NAME public.projets_reference_id_seq
    START WITH 1
    INCREMENT BY 1
    NO MINVALUE
    NO MAXVALUE
    CACHE 1
);


--
-- Name: projets_secteur; Type: TABLE; Schema: public; Owner: oifadmin
--

CREATE TABLE public.projets_secteur (
    id bigint NOT NULL,
    nom character varying(255) NOT NULL
);


ALTER TABLE public.projets_secteur OWNER TO oifadmin;

--
-- Name: projets_secteur_id_seq; Type: SEQUENCE; Schema: public; Owner: oifadmin
--

ALTER TABLE public.projets_secteur ALTER COLUMN id ADD GENERATED BY DEFAULT AS IDENTITY (
    SEQUENCE NAME public.projets_secteur_id_seq
    START WITH 1
    INCREMENT BY 1
    NO MINVALUE
    NO MAXVALUE
    CACHE 1
);


--
-- Name: projets_thematique; Type: TABLE; Schema: public; Owner: oifadmin
--

CREATE TABLE public.projets_thematique (
    id bigint NOT NULL,
    nom character varying(255) NOT NULL
);


ALTER TABLE public.projets_thematique OWNER TO oifadmin;

--
-- Name: projets_thematique_id_seq; Type: SEQUENCE; Schema: public; Owner: oifadmin
--

ALTER TABLE public.projets_thematique ALTER COLUMN id ADD GENERATED BY DEFAULT AS IDENTITY (
    SEQUENCE NAME public.projets_thematique_id_seq
    START WITH 1
    INCREMENT BY 1
    NO MINVALUE
    NO MAXVALUE
    CACHE 1
);


--
-- Name: reversion_revision; Type: TABLE; Schema: public; Owner: oifadmin
--

CREATE TABLE public.reversion_revision (
    id integer NOT NULL,
    date_created timestamp with time zone NOT NULL,
    comment text NOT NULL,
    user_id bigint
);


ALTER TABLE public.reversion_revision OWNER TO oifadmin;

--
-- Name: reversion_revision_id_seq; Type: SEQUENCE; Schema: public; Owner: oifadmin
--

ALTER TABLE public.reversion_revision ALTER COLUMN id ADD GENERATED BY DEFAULT AS IDENTITY (
    SEQUENCE NAME public.reversion_revision_id_seq
    START WITH 1
    INCREMENT BY 1
    NO MINVALUE
    NO MAXVALUE
    CACHE 1
);


--
-- Name: reversion_version; Type: TABLE; Schema: public; Owner: oifadmin
--

CREATE TABLE public.reversion_version (
    id integer NOT NULL,
    object_id character varying(191) NOT NULL,
    format character varying(255) NOT NULL,
    serialized_data text NOT NULL,
    object_repr text NOT NULL,
    content_type_id integer NOT NULL,
    revision_id integer NOT NULL,
    db character varying(191) NOT NULL
);


ALTER TABLE public.reversion_version OWNER TO oifadmin;

--
-- Name: reversion_version_id_seq; Type: SEQUENCE; Schema: public; Owner: oifadmin
--

ALTER TABLE public.reversion_version ALTER COLUMN id ADD GENERATED BY DEFAULT AS IDENTITY (
    SEQUENCE NAME public.reversion_version_id_seq
    START WITH 1
    INCREMENT BY 1
    NO MINVALUE
    NO MAXVALUE
    CACHE 1
);

--
-- Data for Name: accounts_customuser_groups; Type: TABLE DATA; Schema: public; Owner: oifadmin
--

COPY public.accounts_customuser_groups (id, customuser_id, group_id) FROM stdin;
1	2	1
\.


--
-- Data for Name: accounts_customuser_user_permissions; Type: TABLE DATA; Schema: public; Owner: oifadmin
--

COPY public.accounts_customuser_user_permissions (id, customuser_id, permission_id) FROM stdin;
\.


--
-- Data for Name: auth_group; Type: TABLE DATA; Schema: public; Owner: oifadmin
--

COPY public.auth_group (id, name) FROM stdin;
1	Éditeur
\.


--
-- Data for Name: auth_group_permissions; Type: TABLE DATA; Schema: public; Owner: oifadmin
--

COPY public.auth_group_permissions (id, group_id, permission_id) FROM stdin;
1	1	1
2	1	2
3	1	3
4	1	4
8	1	8
12	1	12
13	1	13
14	1	14
15	1	15
16	1	16
17	1	17
18	1	18
19	1	19
20	1	20
21	1	21
22	1	22
23	1	23
24	1	24
25	1	25
26	1	26
27	1	27
28	1	28
29	1	29
30	1	30
31	1	31
32	1	32
33	1	33
34	1	34
35	1	35
36	1	36
37	1	37
38	1	38
39	1	39
40	1	40
44	1	44
45	1	45
46	1	46
47	1	47
48	1	48
50	1	50
52	1	52
53	1	53
54	1	54
55	1	55
56	1	56
57	1	57
58	1	58
59	1	59
60	1	60
61	1	61
62	1	62
63	1	63
64	1	64
65	1	65
66	1	66
67	1	67
68	1	68
69	1	69
70	1	70
71	1	71
72	1	72
\.


--
-- Data for Name: auth_permission; Type: TABLE DATA; Schema: public; Owner: oifadmin
--

COPY public.auth_permission (id, name, content_type_id, codename) FROM stdin;
1	Can add log entry	1	add_logentry
2	Can change log entry	1	change_logentry
3	Can delete log entry	1	delete_logentry
4	Can view log entry	1	view_logentry
5	Can add permission	2	add_permission
6	Can change permission	2	change_permission
7	Can delete permission	2	delete_permission
8	Can view permission	2	view_permission
9	Can add group	3	add_group
10	Can change group	3	change_group
11	Can delete group	3	delete_group
12	Can view group	3	view_group
13	Can add content type	4	add_contenttype
14	Can change content type	4	change_contenttype
15	Can delete content type	4	delete_contenttype
16	Can view content type	4	view_contenttype
17	Can add session	5	add_session
18	Can change session	5	change_session
19	Can delete session	5	delete_session
20	Can view session	5	view_session
21	Can add site	6	add_site
22	Can change site	6	change_site
23	Can delete site	6	delete_site
24	Can view site	6	view_site
25	Can add Moderated Object	7	add_moderatedobject
26	Can change Moderated Object	7	change_moderatedobject
27	Can delete Moderated Object	7	delete_moderatedobject
28	Can view Moderated Object	7	view_moderatedobject
29	Can add revision	8	add_revision
30	Can change revision	8	change_revision
31	Can delete revision	8	delete_revision
32	Can view revision	8	view_revision
33	Can add version	9	add_version
34	Can change version	9	change_version
35	Can delete version	9	delete_version
36	Can view version	9	view_version
37	Can add Notification	10	add_notification
38	Can change Notification	10	change_notification
39	Can delete Notification	10	delete_notification
40	Can view Notification	10	view_notification
41	Can add user	11	add_customuser
42	Can change user	11	change_customuser
43	Can delete user	11	delete_customuser
44	Can view user	11	view_customuser
45	Can add img	12	add_img
46	Can change img	12	change_img
47	Can delete img	12	delete_img
48	Can view img	12	view_img
49	Can add PAS	13	add_projet
50	Can change PAS	13	change_projet
51	Can delete PAS	13	delete_projet
52	Can view PAS	13	view_projet
53	Can add partenaire	14	add_partenaire
54	Can change partenaire	14	change_partenaire
55	Can delete partenaire	14	delete_partenaire
56	Can view partenaire	14	view_partenaire
57	Can add Thématique	15	add_thematique
58	Can change Thématique	15	change_thematique
59	Can delete Thématique	15	delete_thematique
60	Can view Thématique	15	view_thematique
61	Can add secteur	16	add_secteur
62	Can change secteur	16	change_secteur
63	Can delete secteur	16	delete_secteur
64	Can view secteur	16	view_secteur
65	Can add Source de financement	17	add_financement
66	Can change Source de financement	17	change_financement
67	Can delete Source de financement	17	delete_financement
68	Can view Source de financement	17	view_financement
69	Can add Projet	18	add_reference
70	Can change Projet	18	change_reference
71	Can delete Projet	18	delete_reference
72	Can view Projet	18	view_reference
\.


--
-- Data for Name: django_admin_log; Type: TABLE DATA; Schema: public; Owner: oifadmin
--

COPY public.django_admin_log (id, action_time, object_id, object_repr, action_flag, change_message, content_type_id, user_id) FROM stdin;
1	2024-09-24 14:16:07.627852+00	1	LANGUE FRANCAISE ET DIVERSITES CULTURELLES	1	[{"added": {}}]	15	1
2	2024-09-24 14:16:15.545944+00	2	TRANSVERSALITE	1	[{"added": {}}]	15	1
3	2024-09-24 14:16:25.035705+00	3	PAIX, DEMOCRATIE ET DROIT DE L'HOMME	1	[{"added": {}}]	15	1
4	2024-09-24 14:16:33.692837+00	4	ECONOMIE ET NUMERIQUE	1	[{"added": {}}]	15	1
5	2024-09-24 14:16:41.20884+00	5	EDUCATION ET FORMATION	1	[{"added": {}}]	15	1
6	2024-09-24 14:16:49.831991+00	6	DEVELOPPEMENT DURABLE	1	[{"added": {}}]	15	1
7	2024-09-24 14:18:43.122178+00	1	Secteur	1	[{"added": {}}]	16	1
8	2024-09-24 14:18:52.828873+00	1	Secteur	3		16	1
9	2024-09-24 14:18:59.167112+00	2	Éducation	1	[{"added": {}}]	16	1
10	2024-09-24 14:19:05.662346+00	3	Santé	1	[{"added": {}}]	16	1
11	2024-09-24 14:19:12.460364+00	4	Environnement	1	[{"added": {}}]	16	1
12	2024-09-24 14:19:18.461142+00	5	Agriculture	1	[{"added": {}}]	16	1
13	2024-09-24 14:19:27.625487+00	6	Technologies de l'Information et de la communication	1	[{"added": {}}]	16	1
14	2024-09-24 14:19:34.443898+00	7	Énergie	1	[{"added": {}}]	16	1
15	2024-09-24 14:19:43.071506+00	8	Eau et Assainissement	1	[{"added": {}}]	16	1
16	2024-09-24 14:19:50.40234+00	9	Infrastructures et Transport	1	[{"added": {}}]	16	1
17	2024-09-24 14:20:03.038856+00	10	Culture	1	[{"added": {}}]	16	1
18	2024-09-24 14:20:04.918948+00	11	Culture	1	[{"added": {}}]	16	1
19	2024-09-24 14:20:26.005729+00	11	Culture	3		16	1
20	2024-09-24 14:20:37.435126+00	12	Sécurité	1	[{"added": {}}]	16	1
21	2024-09-24 14:22:16.008778+00	1	LA LANGUE FRANÇAISE, LANGUE INTERNATIONALE	1	[{"added": {}}]	18	1
22	2024-09-24 14:22:33.578223+00	2	OBSERVATOIRE DE LA LANGUE FRANÇAISE	1	[{"added": {}}]	18	1
23	2024-09-24 14:22:45.541801+00	3	CREATION CULTURELLE, ARTISTIQUE ET PRODUCTION DE CONNAISSANCE EN FRANÇAIS	1	[{"added": {}}]	18	1
24	2024-09-24 14:22:57.151898+00	4	A LANGUE FRANÇAISE, LANGUE D’ENSEIGNEMENT ET D’APPRENTISSAGE	1	[{"added": {}}]	18	1
25	2024-09-24 14:23:12.042458+00	5	INITIATIVE FRANCOPHONE POUR LA FORMATION À DISTANCE DES MAÎTRES (IFADEM)	1	[{"added": {}}]	18	1
26	2024-09-24 14:23:21.530998+00	6	ÉCOLE ET LANGUES NATIONALES (ELAN)	1	[{"added": {}}]	18	1
27	2024-09-24 14:23:31.679658+00	7	ACQUÉRIR DES SAVOIRS, DÉCOUVRIR LE MONDE	1	[{"added": {}}]	18	1
28	2024-09-24 14:23:42.190696+00	8	INDUSTRIES CULTURELLES ET DÉCOUVRABILITÉ : UNE AMBITION FRANCOPHONE ET MONDIALE	1	[{"added": {}}]	18	1
29	2024-09-24 14:23:52.242904+00	9	JEUX DE LA FRANCOPHONIE	1	[{"added": {}}]	18	1
30	2024-09-24 14:24:10.049303+00	10	RADIO JEUNESSE SAHEL	1	[{"added": {}}]	18	1
31	2024-09-24 14:24:25.433447+00	11	ÉTAT CIVIL	1	[{"added": {}}]	18	1
32	2024-09-24 14:24:39.927921+00	12	RENFORCEMENT DE L’ÉTAT DE DROIT, DES DROITS DE L’HOMME ET DE LA JUSTICE	1	[{"added": {}}]	18	1
33	2024-09-24 14:25:18.329851+00	13	PRÉVENTION ET LUTTE CONTRE LES DÉSORDRES DE L’INFORMATION	1	[{"added": {}}]	18	1
34	2024-09-24 14:25:29.438704+00	14	ACCOMPAGNEMENT DES PROCESSUS DÉMOCRATIQUES	1	[{"added": {}}]	18	1
35	2024-09-24 14:25:43.542638+00	15	SOUTIEN À LA PAIX ET À LA STABILITÉ	1	[{"added": {}}]	18	1
36	2024-09-24 14:25:59.786927+00	16	LA FRANCOPHONIE AVEC ELLES	1	[{"added": {}}]	18	1
37	2024-09-24 14:26:10.21547+00	17	INNOVATIONS ET PLAIDOYERS FRANCOPHONES	1	[{"added": {}}]	18	1
38	2024-09-24 14:26:25.051075+00	18	D-CLIC : FORMEZ-VOUS AU NUMÉRIQUE	1	[{"added": {}}]	18	1
39	2024-09-24 14:26:38.4398+00	19	GOUVERNANCE NUMÉRIQUE	1	[{"added": {}}]	18	1
40	2024-09-24 14:26:50.331298+00	20	PROMOTION DES ÉCHANGES ÉCONOMIQUES ET COMMERCIAUX FRANCOPHONES	1	[{"added": {}}]	18	1
41	2024-09-24 14:26:59.99519+00	21	ACCOMPAGNEMENT DES TRANSFORMATIONS STRUCTURELLES EN MATIÈRE D’ENVIRONNEMENT ET DE CLIMAT	1	[{"added": {}}]	18	1
42	2024-09-24 14:27:12.900796+00	22	SOUTIEN AUX INITIATIVES ENVIRONNEMENTALES DANS LE BASSIN DU CONGO	1	[{"added": {}}]	18	1
43	2024-09-24 14:27:24.605631+00	23	PROMOTION DU TOURISME DURABLE	1	[{"added": {}}]	18	1
44	2024-09-24 14:27:25.295041+00	1	Agence Française du développement	1	[{"added": {}}]	14	1
45	2024-09-24 14:27:33.722957+00	1	Men Shí	1	[{"added": {}}]	13	1
46	2024-09-24 14:29:23.553844+00	1	Men Shí	2	[{"changed": {"fields": ["Nom du projet", "R\\u00e9sum\\u00e9", "R\\u00e9sultats attendus", "Secteur", "Budget en \\u20ac", "Unit\\u00e9 administrative OIF"]}}]	13	1
47	2024-09-24 14:30:29.476731+00	1	Men Shí	2	[{"changed": {"fields": ["Ville", "Latitude", "Longitude"]}}]	13	1
48	2024-09-24 14:36:02.342796+00	2	Fond Francophonie avec Elles: Appui AGR Femmes peri urbaine	1	[{"added": {}}]	13	1
49	2024-09-24 14:36:05.489919+00	3	Soutien à la formation en MASTER 'Gestion des industries culturelles'	1	[{"added": {}}]	13	1
50	2024-09-24 14:38:39.889109+00	4	Élaboration d'un Guide pratique sur le désarmement en Afrique	1	[{"added": {}}]	13	1
51	2024-09-24 14:39:31.656048+00	5	Radio Jeunesse Sahel	1	[{"added": {}}]	13	1
52	2024-09-24 14:39:54.201905+00	5	Radio Jeunesse Sahel	2	[{"changed": {"fields": ["Date de d\\u00e9but"]}}]	13	1
53	2024-09-24 14:43:21.503467+00	6	Formation à distance en renforcement de capacités des cadres des administrations nationales et territoriales sur la conception de politiques publiques en faveur de la jeunesse	1	[{"added": {}}]	13	1
54	2024-09-24 14:43:39.507167+00	6	Formation à distance en renforcement de capacités des cadres des administrations nationales et territoriales	2	[{"changed": {"fields": ["Titre"]}}]	13	1
55	2024-09-24 14:45:40.590885+00	1	Local	1	[{"added": {}}]	17	1
56	2024-09-24 16:26:36.65929+00	2	Fond Francophonie avec Elles: Appui AGR Femmes peri urbaine	2	[{"changed": {"fields": ["Nom du projet", "R\\u00e9sum\\u00e9", "R\\u00e9sultats attendus", "Date de fin pr\\u00e9vu", "Unit\\u00e9 administrative OIF"]}}]	13	1
57	2024-09-24 16:28:56.967715+00	3	Soutien à la formation en MASTER 'Gestion des industries culturelles'	2	[{"changed": {"fields": ["Source de financement"]}}]	13	1
58	2024-09-24 16:30:01.826066+00	5	Radio Jeunesse Sahel	2	[{"changed": {"fields": ["Date de fin pr\\u00e9vu"]}}]	13	1
59	2024-09-24 17:51:25.818933+00	2	paul@yulcom.ca	2	[{"changed": {"fields": ["First name", "Last name", "Address", "City", "Province/State", "Country", "Zip/Postal Code", "Superuser status"]}}]	11	1
60	2024-09-24 17:51:39.430467+00	1	Éditeur	1	[{"added": {}}]	3	1
61	2024-09-24 17:51:48.399597+00	2	paul@yulcom.ca	2	[{"changed": {"fields": ["Groups"]}}]	11	1
62	2024-09-24 17:52:22.855419+00	1	Éditeur	2	[{"changed": {"fields": ["Permissions"]}}]	3	1
63	2024-09-24 18:31:22.171054+00	2	FOND EXTRA BUDGETAIRE	1	[{"added": {}}]	17	1
64	2024-09-24 18:32:31.154228+00	3	FOND MULTILATERAL UNIQUE (FMU)	1	[{"added": {}}]	17	1
252	2024-09-30 21:59:40.169295+00	43	Simplon.co	1	[{"added": {}}]	14	1
65	2024-09-24 18:33:52.796902+00	4	Élaboration d'un Guide pratique sur le désarmement en Afrique	2	[{"changed": {"fields": ["Nom du projet", "thematiques", "Secteur", "Source de financement", "Latitude", "Longitude"]}}]	13	1
66	2024-09-24 18:45:40.962365+00	6	Formation à distance en renforcement	2	[{"changed": {"fields": ["Titre"]}}]	13	1
67	2024-09-24 18:45:54.925337+00	3	Soutien à la formation en MASTER	2	[{"changed": {"fields": ["Titre"]}}]	13	1
68	2024-09-24 19:05:52.114199+00	7	Contribution à la poursuite d'identification des bénéficiaires du futur réseau des Espaces du Livre Francophone (ELFE) du Vanuatu	1	[{"added": {}}]	13	1
69	2024-09-24 19:10:40.050746+00	2	Haut Conseil de la Jeunesse de Mauritanie	1	[{"added": {}}]	14	1
70	2024-09-24 19:10:56.699555+00	8	Appui européen à la phase de démarrage de la Radio Jeunesse Sahel (RJS)	1	[{"added": {}}]	13	1
71	2024-09-24 19:23:19.567352+00	3	Soutien à la formation en MASTER	2	[{"changed": {"fields": ["Nom du projet"]}}]	13	1
72	2024-09-24 19:24:00.612071+00	2	Fond Francophonie avec Elles: Appui AGR Femmes peri urbaine	2	[{"changed": {"fields": ["Nom du projet", "thematiques", "Source de financement"]}}]	13	1
73	2024-09-24 19:35:44.714532+00	3	Soutien à la formation en MASTER	2	[{"changed": {"fields": ["thematiques", "Secteur", "Source de financement"]}}]	13	1
74	2024-09-24 19:40:40.075304+00	1	Université Senghor d'Alexendrie	2	[{"changed": {"fields": ["Nom", "Ville", "Pays"]}}]	14	1
75	2024-09-24 20:03:58.525237+00	3	Radio Jeunesse Sahel	1	[{"added": {}}]	14	1
76	2024-09-24 20:08:57.447582+00	9	Démarrage de la Radio Jeunesse Sahel (RJS)	1	[{"added": {}}, {"added": {"name": "img", "object": "img object (1)"}}]	13	1
77	2024-09-24 20:10:59.540311+00	2	Fond Francophonie avec Elles: Appui AGR Femmes peri urbaine	2	[{"added": {"name": "img", "object": "img object (2)"}}]	13	1
78	2024-09-24 20:15:11.758179+00	1	Men Shí	2	[{"changed": {"fields": ["Nom du projet", "Source de financement"]}}, {"added": {"name": "img", "object": "img object (3)"}}]	13	1
79	2024-09-24 20:18:23.58077+00	3	Soutien à la formation en MASTER	2	[{"added": {"name": "img", "object": "img object (4)"}}]	13	1
80	2024-09-24 20:53:58.138964+00	10	Insertion socio-économique des femmes migrantes originaires d’Afrique sub-saharienne en Tunisie	1	[{"added": {}}]	13	1
81	2024-09-25 07:55:55.035953+00	4	LA LANGUE FRANÇAISE, LANGUE D’ENSEIGNEMENT ET D’APPRENTISSAGE	2	[{"changed": {"fields": ["Nom"]}}]	18	1
82	2024-09-25 07:57:07.974198+00	23	PROMOTION DU TOURISME DURABLE (P20)	2	[{"changed": {"fields": ["Nom"]}}]	18	1
83	2024-09-25 07:57:23.900074+00	22	SOUTIEN AUX INITIATIVES ENVIRONNEMENTALES DANS LE BASSIN DU CONGO (P19)	2	[{"changed": {"fields": ["Nom"]}}]	18	1
84	2024-09-25 07:57:39.070719+00	21	ACCOMPAGNEMENT DES TRANSFORMATIONS STRUCTURELLES EN MATIÈRE D’ENVIRONNEMENT ET DE CLIMAT (P18)	2	[{"changed": {"fields": ["Nom"]}}]	18	1
85	2024-09-25 07:57:50.768329+00	20	PROMOTION DES ÉCHANGES ÉCONOMIQUES ET COMMERCIAUX FRANCOPHONES (P17)	2	[{"changed": {"fields": ["Nom"]}}]	18	1
86	2024-09-25 07:58:07.867273+00	19	GOUVERNANCE NUMÉRIQUE (P16b)	2	[{"changed": {"fields": ["Nom"]}}]	18	1
87	2024-09-25 07:58:22.642223+00	18	D-CLIC : FORMEZ-VOUS AU NUMÉRIQUE (P16a)	2	[{"changed": {"fields": ["Nom"]}}]	18	1
88	2024-09-25 07:58:40.372439+00	17	INNOVATIONS ET PLAIDOYERS FRANCOPHONES (P15)	2	[{"changed": {"fields": ["Nom"]}}]	18	1
89	2024-09-25 07:58:50.35313+00	16	LA FRANCOPHONIE AVEC ELLES (P14)	2	[{"changed": {"fields": ["Nom"]}}]	18	1
90	2024-09-25 07:59:02.032265+00	15	SOUTIEN À LA PAIX ET À LA STABILITÉ (P13)	2	[{"changed": {"fields": ["Nom"]}}]	18	1
91	2024-09-25 07:59:14.424102+00	14	ACCOMPAGNEMENT DES PROCESSUS DÉMOCRATIQUES (P12)	2	[{"changed": {"fields": ["Nom"]}}]	18	1
92	2024-09-25 07:59:26.51358+00	13	PRÉVENTION ET LUTTE CONTRE LES DÉSORDRES DE L’INFORMATION (P11)	2	[{"changed": {"fields": ["Nom"]}}]	18	1
93	2024-09-25 07:59:40.969323+00	12	RENFORCEMENT DE L’ÉTAT DE DROIT, DES DROITS DE L’HOMME ET DE LA JUSTICE (P10)	2	[{"changed": {"fields": ["Nom"]}}]	18	1
94	2024-09-25 08:00:06.940567+00	11	ÉTAT CIVIL (P09)	2	[{"changed": {"fields": ["Nom"]}}]	18	1
95	2024-09-25 08:02:32.55321+00	10	RADIO JEUNESSE SAHEL (P08)	2	[{"changed": {"fields": ["Nom"]}}]	18	1
96	2024-09-25 08:02:53.736441+00	9	JEUX DE LA FRANCOPHONIE (P07)	2	[{"changed": {"fields": ["Nom"]}}]	18	1
97	2024-09-25 08:03:10.18913+00	8	INDUSTRIES CULTURELLES ET DÉCOUVRABILITÉ : UNE AMBITION FRANCOPHONE ET MONDIALE (P06)	2	[{"changed": {"fields": ["Nom"]}}]	18	1
98	2024-09-25 08:03:23.328305+00	7	ACQUÉRIR DES SAVOIRS, DÉCOUVRIR LE MONDE (P05)	2	[{"changed": {"fields": ["Nom"]}}]	18	1
99	2024-09-25 08:03:37.933317+00	6	ÉCOLE ET LANGUES NATIONALES (ELAN) (P04)	2	[{"changed": {"fields": ["Nom"]}}]	18	1
100	2024-09-25 08:04:00.95925+00	5	INITIATIVE FRANCOPHONE POUR LA FORMATION À DISTANCE DES MAÎTRES (IFADEM) (P03)	2	[{"changed": {"fields": ["Nom"]}}]	18	1
101	2024-09-25 08:04:14.155541+00	4	LA LANGUE FRANÇAISE, LANGUE D’ENSEIGNEMENT ET D’APPRENTISSAGE (P02)	2	[{"changed": {"fields": ["Nom"]}}]	18	1
102	2024-09-25 08:04:33.324067+00	3	CREATION CULTURELLE, ARTISTIQUE ET PRODUCTION DE CONNAISSANCE EN FRANÇAIS (P01c)	2	[{"changed": {"fields": ["Nom"]}}]	18	1
103	2024-09-25 08:04:47.845262+00	2	OBSERVATOIRE DE LA LANGUE FRANÇAISE (P01b)	2	[{"changed": {"fields": ["Nom"]}}]	18	1
104	2024-09-25 08:05:02.589599+00	1	LA LANGUE FRANÇAISE, LANGUE INTERNATIONALE (P01a)	2	[{"changed": {"fields": ["Nom"]}}]	18	1
105	2024-09-25 08:12:09.642155+00	4	Élaboration d'un Guide pratique sur le désarmement en Afrique	2	[{"added": {"name": "img", "object": "img object (5)"}}]	13	1
106	2024-09-25 08:13:59.876731+00	4	Centre régional des Nation Unies pour la paix et le désarmement en afrique	1	[{"added": {}}]	14	1
107	2024-09-25 08:14:26.423944+00	4	Élaboration d'un Guide pratique sur le désarmement en Afrique	2	[{"changed": {"fields": ["B\\u00e9n\\u00e9ficiaire", "Statut Actuel"]}}]	13	1
108	2024-09-25 08:23:26.474355+00	10	Insertion socio-économique des femmes migrantes originaires d’Afrique sub-saharienne en Tunisie	2	[{"changed": {"fields": ["Statut Actuel"]}}, {"added": {"name": "img", "object": "img object (6)"}}]	13	1
109	2024-09-25 08:23:27.859335+00	10	Insertion socio-économique des femmes migrantes originaires d’Afrique sub-saharienne en Tunisie	2	[{"added": {"name": "img", "object": "img object (7)"}}]	13	1
110	2024-09-25 08:27:47.585279+00	5	A completer	1	[{"added": {}}]	14	1
111	2024-09-25 08:27:52.399525+00	10	Insertion socio-économique des femmes migrantes originaires d’Afrique sub-saharienne en Tunisie	2	[{"changed": {"fields": ["Nom du projet", "B\\u00e9n\\u00e9ficiaire", "thematiques"]}}, {"deleted": {"name": "img", "object": "img object (None)"}}]	13	1
112	2024-09-25 08:33:54.232666+00	3	Soutien à la formation en MASTER	2	[{"changed": {"fields": ["Statut Actuel"]}}]	13	1
113	2024-09-25 21:09:43.710453+00	11	yiyiiy	1	[{"added": {}}]	13	1
114	2024-09-25 21:09:53.482531+00	11	yiyiiy	3		13	1
115	2024-09-26 09:07:15.074138+00	4	Élaboration d'un Guide pratique sur le désarmement en Afrique	2	[{"changed": {"fields": ["Ville", "Pays", "Latitude", "Longitude"]}}]	13	1
116	2024-09-26 09:18:33.325069+00	6	ACTED (Organisation non-gouvernementale (ONG))	1	[{"added": {}}]	14	1
117	2024-09-26 09:20:21.4733+00	13	Développement social et économique	1	[{"added": {}}]	16	1
118	2024-09-26 09:37:01.28784+00	12	Insertion socio-économique des femmes migrantes originaires d’Afrique sub-saharienne en Tunisie	1	[{"added": {}}, {"added": {"name": "img", "object": "img object (8)"}}]	13	1
119	2024-09-26 09:41:09.391787+00	7	Association Camerounaise des Techniciens Supérieurs de Génie Rural (ACTSGR)	1	[{"added": {}}]	14	1
120	2024-09-26 09:43:15.2975+00	10	Projet d'autonomisation des veuves et femmes au foyer vulnérables	2	[{"changed": {"fields": ["Titre", "R\\u00e9sum\\u00e9", "B\\u00e9n\\u00e9ficiaire", "R\\u00e9sultats attendus", "Secteur", "Budget en \\u20ac", "Unit\\u00e9 administrative OIF", "Ville", "Pays"]}}]	13	1
121	2024-09-26 09:49:50.238242+00	8	Auto-Développement Afrique (ADA)	1	[{"added": {}}]	14	1
122	2024-09-26 09:51:37.077041+00	13	Projet d’autonomisation des femmes et des jeunes filles d’Amizero	1	[{"added": {}}, {"added": {"name": "img", "object": "img object (9)"}}]	13	1
123	2024-09-26 10:04:45.45327+00	9	Alternatives Durables pour le Développement (ADD)	1	[{"added": {}}]	14	1
124	2024-09-26 10:09:23.04362+00	14	Promotion de l’Entrepreneuriat et de l’Autonomisation des Femmes Bayam Selam en période de COVID-19 au Cameroun (PEA-FEMMES)	1	[{"added": {}}, {"added": {"name": "img", "object": "img object (10)"}}]	13	1
125	2024-09-26 10:11:59.828587+00	13	Projet d’autonomisation des femmes et des jeunes filles d’Amizero	2	[{"changed": {"fields": ["R\\u00e9sum\\u00e9"]}}]	13	1
126	2024-09-26 10:14:57.541579+00	10	Projet d'autonomisation des veuves et femmes au foyer vulnérables	2	[{"changed": {"fields": ["R\\u00e9sum\\u00e9"]}}]	13	1
127	2024-09-26 10:18:00.198564+00	10	AFDI Pays de la Loire	1	[{"added": {}}]	14	1
128	2024-09-26 10:22:44.660397+00	15	L'activité agricole, moyen de réinsertion sociale des femmes victimes de guerres	1	[{"added": {}}, {"added": {"name": "img", "object": "img object (11)"}}]	13	1
129	2024-09-26 10:45:23.3599+00	11	Association Féminine pour une Jeunesse Espoir (AFEJE)	1	[{"added": {}}]	14	1
130	2024-09-26 10:49:56.344685+00	16	Projet pilote d’appui à la promotion de la participation des femmes au développement économique et social de leurs communautés du nord Bénin	1	[{"added": {}}, {"added": {"name": "img", "object": "img object (12)"}}]	13	1
131	2024-09-26 10:51:47.302021+00	12	African Women in Tech Startups (AFRICANWITS)	1	[{"added": {}}]	14	1
132	2024-09-26 10:53:38.217667+00	17	Carav'Elles : Soutien aux femmes déplacées internes au Cameroun via l'entrepreneuriat et l'autonomisation économique	1	[{"added": {}}, {"added": {"name": "img", "object": "img object (13)"}}]	13	1
133	2024-09-26 10:54:34.877352+00	16	Projet pilote d’appui à la promotion de la participation des femmes au développement économique et social de leurs communautés du nord Bénin	2	[{"changed": {"fields": ["Budget en \\u20ac"]}}]	13	1
134	2024-09-26 12:34:16.543843+00	18	Carav'Elles : Soutien aux femmes déplacées internes au Cameroun via l'entrepreneuriat et l'autonomisation économique	1	[{"added": {}}, {"added": {"name": "img", "object": "img object (14)"}}]	13	1
135	2024-09-26 12:47:55.071296+00	13	Association Internationale de Lutte Contre les Violences (AILV)	1	[{"added": {}}]	14	1
136	2024-09-26 12:49:04.473592+00	17	Formation et insertion économique des femmes victimes d’abandon, d’exil et de violences à Abidjan	2	[{"changed": {"fields": ["Titre", "R\\u00e9sum\\u00e9", "B\\u00e9n\\u00e9ficiaire", "R\\u00e9sultats attendus", "Budget en \\u20ac", "Ville", "Latitude", "Longitude"]}}]	13	1
137	2024-09-26 13:01:31.807735+00	17	Formation et insertion économique des femmes victimes d’abandon, d’exil et de violences à Abidjan	2	[{"changed": {"fields": ["Pays", "Latitude", "Longitude"]}}, {"changed": {"name": "img", "object": "img object (13)", "fields": ["Image"]}}]	13	1
138	2024-09-26 13:23:22.658872+00	18	Carav'Elles : Soutien aux femmes déplacées internes au Cameroun via l'entrepreneuriat et l'autonomisation économique	2	[{"changed": {"fields": ["Latitude"]}}]	13	1
139	2024-09-26 13:24:59.182155+00	1	Men Shí	2	[{"changed": {"fields": ["Latitude"]}}]	13	1
140	2024-09-26 13:27:49.9057+00	10	Projet d'autonomisation des veuves et femmes au foyer vulnérables	2	[{"changed": {"fields": ["Latitude", "Longitude"]}}]	13	1
141	2024-09-26 13:35:48.90948+00	14	Association Locale de Coopération au Développement (ALCOD)	1	[{"added": {}}]	14	1
142	2024-09-26 13:41:14.528838+00	19	Renforcement des capacités des femmes transformatrices de grains de néré "Afrifin" dans la commune d'Abomey	1	[{"added": {}}, {"added": {"name": "img", "object": "img object (15)"}}]	13	1
143	2024-09-26 13:43:37.336895+00	14	Promotion de l’Entrepreneuriat et de l’Autonomisation des Femmes Bayam Selam en période de COVID-19 au Cameroun (PEA-FEMMES)	2	[{"changed": {"fields": ["Ville"]}}]	13	1
144	2024-09-26 13:45:47.798048+00	16	Projet pilote d’appui à la promotion de la participation des femmes au développement économique et social de leurs communautés du nord Bénin	2	[{"changed": {"fields": ["Ville", "Latitude", "Longitude"]}}]	13	1
145	2024-09-26 13:51:07.891524+00	15	L'activité agricole, moyen de réinsertion sociale des femmes victimes de guerres	2	[{"changed": {"fields": ["Ville"]}}]	13	1
146	2024-09-26 13:52:14.034636+00	15	L'activité agricole, moyen de réinsertion sociale des femmes victimes de guerres	2	[{"changed": {"fields": ["Ville", "Latitude", "Longitude"]}}]	13	1
147	2024-09-26 13:55:16.631493+00	14	Promotion de l’Entrepreneuriat et de l’Autonomisation des Femmes Bayam Selam en période de COVID-19 au Cameroun (PEA-FEMMES)	2	[{"changed": {"fields": ["Ville", "Latitude", "Longitude"]}}]	13	1
148	2024-09-26 13:57:59.49861+00	7	TEST Thématique	1	[{"added": {}}]	15	1
149	2024-09-26 13:58:46.661328+00	20	Maison de Kamel	1	[{"added": {}}]	13	1
150	2024-09-26 13:59:09.122493+00	20	Maison de Kamel	3		13	1
151	2024-09-26 13:59:16.200016+00	7	TEST Thématique	3		15	1
152	2024-09-26 14:00:51.319608+00	9	Démarrage de la Radio Jeunesse Sahel (RJS)	2	[{"changed": {"fields": ["Longitude"]}}]	13	1
153	2024-09-26 14:03:22.984167+00	9	Démarrage de la Radio Jeunesse Sahel (RJS)	2	[{"changed": {"fields": ["Latitude", "Longitude"]}}]	13	1
154	2024-09-26 14:06:04.992552+00	9	Démarrage de la Radio Jeunesse Sahel (RJS)	2	[{"changed": {"fields": ["Latitude"]}}]	13	1
155	2024-09-26 14:29:58.292635+00	14	Promotion de la langue française comme langue internationale	1	[{"added": {}}]	16	1
156	2024-09-26 14:30:09.921083+00	15	Valorisation de la diversité culturelle et linguistique au sein de l'espace francophone	1	[{"added": {}}]	16	1
157	2024-09-26 14:30:19.24216+00	16	Soutien à la création et la diffusion des œuvres culturelles et artistiques en français	1	[{"added": {}}]	16	1
158	2024-09-26 14:33:00.51071+00	17	Renforcement des systèmes éducatifs des pays membres	1	[{"added": {}}]	16	1
159	2024-09-26 14:39:33.902275+00	18	Promotion de l'enseignement bilingue et des langues nationales (projets comme ELAN et IFADEM)	1	[{"added": {}}]	16	1
160	2024-09-26 14:39:47.990643+00	19	Formation des enseignants et développement de compétences linguistiques et pédagogiques	1	[{"added": {}}]	16	1
161	2024-09-26 14:40:14.04301+00	20	Promotion de la gouvernance démocratique et de l'État de droit	1	[{"added": {}}]	16	1
162	2024-09-26 14:40:33.608224+00	21	Soutien aux processus électoraux et aux institutions démocratiques	1	[{"added": {}}]	16	1
163	2024-09-26 14:46:57.736928+00	22	Promotion et protection des droits de l'Homme, y compris les droits des femmes et des jeunes	1	[{"added": {}}]	16	1
164	2024-09-26 14:47:06.77588+00	23	Lutte contre le changement climatique et protection de la biodiversité	1	[{"added": {}}]	16	1
165	2024-09-26 14:47:14.953346+00	24	Développement économique durable et soutien à l'entrepreneuriat, notamment féminin	1	[{"added": {}}]	16	1
166	2024-09-26 14:47:26.397048+00	25	Tourisme durable et soutien aux industries culturelles et créatives	1	[{"added": {}}]	16	1
167	2024-09-26 14:47:37.749176+00	26	Développement des compétences numériques, en particulier pour les jeunes et les femmes (projets comme D-CLIC)	1	[{"added": {}}]	16	1
168	2024-09-26 14:47:47.545102+00	27	Promotion de la gouvernance numérique et de la régulation des plateformes numériques	1	[{"added": {}}]	16	1
169	2024-09-26 14:47:55.893658+00	28	Soutien à l'innovation dans les secteurs économiques et sociaux	1	[{"added": {}}]	16	1
170	2024-09-26 14:48:06.463328+00	29	Promotion de l'engagement des jeunes dans la vie publique et économique	1	[{"added": {}}]	16	1
171	2024-09-26 14:48:18.51425+00	30	Soutien aux initiatives portées par les jeunes dans divers secteurs	1	[{"added": {}}]	16	1
172	2024-09-26 14:48:27.853552+00	31	Organisation des Jeux de la Francophonie pour favoriser l'expression culturelle et sportive des jeunes	1	[{"added": {}}]	16	1
173	2024-09-26 14:48:40.105846+00	32	Autonomisation des femmes, notamment à travers des programmes générateurs de revenus	1	[{"added": {}}]	16	1
174	2024-09-26 14:48:53.439741+00	33	Développement économique et social	1	[{"added": {}}]	16	1
175	2024-09-26 14:49:03.153415+00	34	Lutte contre les discriminations et promotion de l'égalité des sexes dans tous les secteurs d'intervention	1	[{"added": {}}]	16	1
176	2024-09-26 14:49:14.394279+00	35	Développement et promotion des industries créatives francophones (cinéma, musique, littérature)	1	[{"added": {}}]	16	1
177	2024-09-26 14:49:22.254893+00	36	Soutien à la découvrabilité des œuvres et à la visibilité des artistes francophones	1	[{"added": {}}]	16	1
178	2024-09-26 15:11:50.829689+00	15	ONG Amed Health Africa avec des partenaires comme l'Association des Femmes Productrices de Kolda.	1	[{"added": {}}]	14	1
179	2024-09-26 15:28:58.531836+00	21	Projet Celles d'Amed	1	[{"added": {}}]	13	1
180	2024-09-26 15:48:01.701543+00	12	Soutien aux processus électoraux, à la réconciliation nationale et à la sécurité institutionnelle	2	[{"changed": {"fields": ["Nom"]}}]	16	1
181	2024-09-26 15:50:29.179358+00	3	Soutien à la formation en MASTER	2	[{"changed": {"fields": ["Secteur"]}}]	13	1
182	2024-09-26 15:50:53.257446+00	7	Contribution à la poursuite d'identification des bénéficiaires du futur réseau des Espaces du Livre Francophone (ELFE) du Vanuatu	2	[{"changed": {"fields": ["Secteur"]}}]	13	1
183	2024-09-26 15:51:32.489561+00	21	Projet Celles d'Amed	2	[{"changed": {"fields": ["Secteur"]}}]	13	1
184	2024-09-26 15:55:33.87962+00	16	Association Nationale des Communes du Bénin (ANCB)	1	[{"added": {}}]	14	1
185	2024-09-26 15:56:03.813256+00	22	Projet de promotion de l’économie locale à travers le développement des activités génératrices de revenus des femmes vulnérables dans 3 communes du Bénin	1	[{"added": {}}, {"added": {"name": "img", "object": "img object (16)"}}]	13	1
186	2024-09-26 21:28:24.749258+00	11	yiyiiy	2	[{"added": {"name": "img", "object": "img object (17)"}}]	13	1
187	2024-09-26 21:28:33.29827+00	11	yiyiiy	3		13	1
188	2024-09-26 21:28:50.505589+00	11	yiyiiy	3		13	1
189	2024-09-26 22:29:23.430907+00	17	Association pour la Protection de l’Environnement et Action Humanitaire (APEAH)	1	[{"added": {}}]	14	1
190	2024-09-26 22:52:25.598004+00	23	Agent à l’autonomisation des femmes maraîchères dans la Commune de Nouadhibou	1	[{"added": {}}, {"added": {"name": "img", "object": "img object (18)"}}]	13	1
191	2024-09-26 23:00:22.064618+00	23	Agent à l’autonomisation des femmes maraîchères dans la Commune de Nouadhibou	2	[{"changed": {"fields": ["Budget en \\u20ac"]}}]	13	1
192	2024-09-26 23:08:14.929591+00	18	association pour la Promotion Economique et Sociale des Femmes Rurales - APEK-Agriculture	1	[{"added": {}}]	14	1
193	2024-09-26 23:14:41.059955+00	24	Accompagnement des populations rurales pour l’Elaboration Fermière - Aulat	1	[{"added": {}}]	13	1
194	2024-09-26 23:29:55.910422+00	19	ARCADE Une Terre pour Vivre	1	[{"added": {}}]	14	1
195	2024-09-26 23:35:42.527404+00	25	Projet d'accompagnement des femmes rurales pour l'utilisation de séchage solaire et des outils numériques dans les communes de Sikasso.	1	[{"added": {}}, {"added": {"name": "img", "object": "img object (19)"}}]	13	1
196	2024-09-26 23:48:46.406865+00	20	Association Communautaire et Développement (ASCOM)	1	[{"added": {}}]	14	1
197	2024-09-26 23:57:17.161011+00	26	Projet d’amélioration des conditions socio-économiques des femmes d'Oologuè et développement des activités génératrices de revenus.	1	[{"added": {}}, {"added": {"name": "img", "object": "img object (20)"}}]	13	1
198	2024-09-27 00:16:53.753784+00	21	ASSILASSIME SOLIDARITÉ	1	[{"added": {}}]	14	1
199	2024-09-27 00:21:48.380051+00	27	Projet d’accompagnement des femmes vulnérables de Lomé vers une autonomisation économique à travers la création et/ou le développement d’AGR.	1	[{"added": {}}, {"added": {"name": "img", "object": "img object (21)"}}]	13	1
200	2024-09-27 00:43:53.754443+00	22	Agronomes et Vétérinaires Sans Frontières (AVSF)	1	[{"added": {}}]	14	1
201	2024-09-27 00:49:37.217949+00	28	Projet d’émancipation des femmes vulnérables à travers le développement d’activités génératrices de revenus et de formation professionnelle	1	[{"added": {}}, {"added": {"name": "img", "object": "img object (22)"}}]	13	1
202	2024-09-27 01:04:31.651676+00	23	AZUR Développement (organisation porteuse)	1	[{"added": {}}]	14	1
203	2024-09-27 01:11:02.527941+00	29	Initiative d’appui à l’autonomisation économique des jeunes filles et femmes vulnérables en zone rurale et urbaine à l’Ère du numérique.	1	[{"added": {}}, {"added": {"name": "img", "object": "img object (23)"}}]	13	1
204	2024-09-27 01:12:09.975124+00	29	Initiative d’appui à l’autonomisation économique des jeunes filles et femmes vulnérables en zone rurale et urbaine à l’Ère du numérique.	2	[]	13	1
205	2024-09-27 01:18:58.51269+00	24	ONG Barefoot College Madagascar	1	[{"added": {}}]	14	1
206	2024-09-27 01:26:30.888992+00	30	Projet de renforcement des compétences et des capacités des femmes des villages ruraux enclavés de Madagascar	1	[{"added": {}}, {"added": {"name": "img", "object": "img object (24)"}}]	13	1
207	2024-09-27 01:30:03.690046+00	30	Projet de renforcement des compétences et des capacités des femmes des villages ruraux enclavés de Madagascar	2	[]	13	1
208	2024-09-27 02:54:09.318271+00	25	Scout Sans Frontières	1	[{"added": {}}]	14	1
209	2024-09-27 02:55:15.000618+00	31	Observatoire local des femmes rurales entrepreneures	1	[{"added": {}}]	13	1
210	2024-09-27 03:04:58.335897+00	26	Société Coopérative Simplifiée Songulmane	1	[{"added": {}}]	14	1
211	2024-09-27 03:05:47.297252+00	32	Renforcement de l'autonomisation économique et sociale des femmes et filles de Mandouri	1	[{"added": {}}]	13	1
212	2024-09-27 03:08:09.52509+00	27	Solidarité International pour l'Afrique (SIA)	1	[{"added": {}}]	14	1
213	2024-09-27 03:10:42.431258+00	33	Appui au renforcement de l’autonomisation de deux associations de femmes dans la commune rurale de Koundian par le maraîchage	1	[{"added": {}}]	13	1
214	2024-09-27 03:12:53.981832+00	33	Appui au renforcement de l’autonomisation de deux associations de femmes dans la commune rurale de Koundian par le maraîchage	2	[{"changed": {"fields": ["Source de financement"]}}]	13	1
215	2024-09-27 03:17:46.452248+00	28	Solidaridad West Africa Network (SWA)	1	[{"added": {}}]	14	1
216	2024-09-27 03:19:09.293314+00	34	Projet de renforcement de la résilience socio-économique de 150 femmes membres de la coopérative COVIMA	1	[{"added": {}}]	13	1
217	2024-09-27 03:22:39.217445+00	29	Union National des sociétés cooperatives d'étuvage de riz	1	[{"added": {}}]	14	1
218	2024-09-27 03:25:52.395165+00	35	Projet de renforcement de la résilience des femmes et des filles déplacées internes (FFDI) et de leur insertion socio-économique	1	[{"added": {}}]	13	1
219	2024-09-27 03:32:39.166111+00	30	Women's International League for Peace and Freedom (WILPF Cameroon)	1	[{"added": {}}]	14	1
220	2024-09-27 03:34:15.778677+00	36	Renforcement de l'autonomisation économique et sociale des femmes déplacées internes suite aux conflits dans les régions anglophones et des filles mères des communautés hôtes	1	[{"added": {}}]	13	1
221	2024-09-27 03:40:20.094373+00	31	Le Programme d'Appui à la Femme et à l'Enfance Déshéritée (PAFED)	1	[{"added": {}}]	14	1
222	2024-09-27 03:41:46.239461+00	37	Promotion de l'autonomie économique des agricultrices de la commune de Tchaoudjo	1	[{"added": {}}]	13	1
223	2024-09-27 03:52:42.535911+00	32	Palmis Mikwofinans Sosyal - PMS	1	[{"added": {}}]	14	1
224	2024-09-27 03:53:00.906007+00	38	Renforcer durablement l'autonomie socio-économique des femmes rurales en Haiti et leur résilience aux changements climatiques	1	[{"added": {}}]	13	1
225	2024-09-27 04:20:31.319993+00	33	L'association "Phare Ponleu Selpak France"	1	[{"added": {}}]	14	1
226	2024-09-27 04:21:56.248829+00	39	Renforcement de l’accès à la formation professionnelle des filles à l’Ecole des Arts de la Scène	1	[{"added": {}}]	13	1
227	2024-09-27 04:32:41.686439+00	34	L'association Quartier de Lumière (QDL)	1	[{"added": {}}]	14	1
228	2024-09-27 04:33:22.454136+00	40	Autonomisation des femmes et filles-méres de La Valette	1	[{"added": {}}]	13	1
229	2024-09-27 16:26:12.262375+00	7	Contribution à la poursuite d'identification des bénéficiaires du futur réseau des Espaces du Livre Francophone (ELFE) du Vanuatu	2	[{"changed": {"fields": ["Statut Actuel"]}}]	13	1
230	2024-09-27 16:26:40.315547+00	5	Radio Jeunesse Sahel	2	[{"changed": {"fields": ["Statut Actuel"]}}]	13	1
231	2024-09-30 12:56:42.206212+00	6	Technologies de l'information et de la communication (TIC)	2	[{"changed": {"fields": ["Nom"]}}]	16	1
232	2024-09-30 14:51:28.559696+00	35	Femmes & TIC Côte d’Ivoire	1	[{"added": {}}]	14	1
233	2024-09-30 14:53:49.050201+00	41	Formation au numérique / D-CLIC : Renforcement de capacités aux métiers du numérique en Côte d'Ivoire	1	[{"added": {}}]	13	1
234	2024-09-30 15:22:49.033995+00	41	Formation au numérique / D-CLIC : Renforcement de capacités aux métiers du numérique en Côte d'Ivoire	2	[{"changed": {"fields": ["Commentaires"]}}]	13	1
235	2024-09-30 15:27:25.403607+00	36	CIPMEN Niger (Centre Incubateur des Petites et Moyennes Entreprises du Niger), une association nigérienne.	1	[{"added": {}}]	14	1
236	2024-09-30 15:39:22.172781+00	42	Formation de 100 jeunes femmes aux métiers du numérique dans les domaines du développement web, des applications mobiles et du marketing digital.	1	[{"added": {}}]	13	1
237	2024-09-30 16:35:56.966365+00	37	Banj Haïti, entreprise de droit haïtien.	1	[{"added": {}}]	14	1
238	2024-09-30 16:51:48.489831+00	43	Formation au numérique / D-CLIC : Renforcement de capacités aux métiers du numérique en Haïti	1	[{"added": {}}]	13	1
239	2024-09-30 16:52:24.478156+00	43	Formation au numérique / D-CLIC : Renforcement de capacités aux métiers du numérique en Haïti	2	[{"changed": {"fields": ["Commentaires", "Latitude", "Longitude"]}}]	13	1
240	2024-09-30 21:42:05.215475+00	38	Ministère de l'Éducation Nationale et de la Formation Professionnelle de Djibouti.	1	[{"added": {}}]	14	1
241	2024-09-30 21:43:51.970162+00	44	Formation au numérique / D-CLIC : Renforcement de capacités aux métiers du numérique à Djibouti	1	[{"added": {}}]	13	1
242	2024-09-30 21:44:37.585255+00	44	Formation au numérique / D-CLIC : Renforcement de capacités aux métiers du numérique à Djibouti	2	[{"changed": {"fields": ["Commentaires"]}}]	13	1
243	2024-09-30 21:45:17.084592+00	39	Kabakoo Mali, association de droit malien.	1	[{"added": {}}]	14	1
244	2024-09-30 21:46:35.073339+00	45	Formation au numérique / D-CLIC : Renforcement de capacités aux métiers du numérique au Mali	1	[{"added": {}}]	13	1
245	2024-09-30 21:47:42.954373+00	45	Formation au numérique / D-CLIC : Renforcement de capacités aux métiers du numérique au Mali	2	[{"changed": {"fields": ["Commentaires"]}}]	13	1
246	2024-09-30 21:48:19.441721+00	40	KOBO HUB, République Démocratique du Congo.	1	[{"added": {}}]	14	1
247	2024-09-30 21:50:53.398355+00	46	Formation au numérique / D-CLIC : Renforcement de capacités aux métiers du numérique en République Démocratique du Congo	1	[{"added": {}}]	13	1
248	2024-09-30 21:51:38.715809+00	41	Net Info, une société basée à Tunis spécialisée dans la formation aux métiers numériques.	1	[{"added": {}}]	14	1
249	2024-09-30 21:54:19.784083+00	47	Formation au numérique / D-CLIC : Renforcement de capacités aux métiers du numérique en Tunisie	1	[{"added": {}}]	13	1
250	2024-09-30 21:57:40.197214+00	42	SAYNA SARL - SARL de droit malgache, spécialisée en formation aux métiers du numérique et en externalisation des projets IT.	1	[{"added": {}}]	14	1
251	2024-09-30 21:59:03.929536+00	48	Formation au numérique / D-CLIC : Renforcement de capacités aux métiers du numérique à Madagascar	1	[{"added": {}}]	13	1
253	2024-09-30 22:00:54.531292+00	49	Formation au numérique / D-CLIC : Renforcement de capacités aux métiers du numérique au Gabon	1	[{"added": {}}]	13	1
254	2024-09-30 22:03:43.161778+00	50	Formation au numérique / D-CLIC : Renforcement de capacités aux métiers du numérique au TOGO	1	[{"added": {}}]	13	1
255	2024-09-30 22:04:34.187631+00	44	WeCode Land, SA de droit tunisien.	1	[{"added": {}}]	14	1
256	2024-09-30 22:05:43.940368+00	51	Formation au numérique / D-CLIC : Renforcement de capacités aux métiers du numérique en Tunisie	1	[{"added": {}}]	13	1
257	2024-09-30 22:06:21.343586+00	45	Le Ministère de l’Éducation nationale et de la Formation professionnelle (MENFOP) de Djibouti, en partenariat avec le Lycée t	1	[{"added": {}}]	14	1
258	2024-09-30 22:18:19.823352+00	52	Formation au numérique / D-CLIC : Renforcement de capacités aux métiers du numérique à Djibouti	1	[{"added": {}}]	13	1
259	2024-09-30 22:27:22.483195+00	46	Agence universitaire de la Francophonie (AUF), Burkina Faso	1	[{"added": {}}]	14	1
260	2024-09-30 22:30:24.428229+00	53	Formation au numérique / D-CLIC : Renforcement de capacités aux métiers du numérique au Burkina Faso	1	[{"added": {}}]	13	1
261	2024-09-30 22:31:17.08485+00	47	Network Informatique (NET-INFO) - Tunisie.	1	[{"added": {}}]	14	1
262	2024-09-30 22:33:00.302315+00	54	Formation au numérique / D-CLIC : Renforcement de capacités aux métiers du numérique en Mauritanie	1	[{"added": {}}]	13	1
263	2024-09-30 22:34:00.796471+00	48	KABAKOO - La maison de l'étonnement, une association de droit malien qui propose des solutions éducatives innovantes.	1	[{"added": {}}]	14	1
264	2024-09-30 22:35:40.318958+00	55	Formation au numérique / D-CLIC : Renforcement de capacités aux métiers du numérique au Mali en partenariat avec Kabakoo.	1	[{"added": {}}]	13	1
265	2024-09-30 22:42:30.151859+00	49	SAYNA SARL, une entreprise malgache spécialisée dans la formation aux métiers du numérique.	1	[{"added": {}}]	14	1
266	2024-09-30 22:44:19.040353+00	56	Formation au numérique / D-CLIC : Renforcement de capacités aux métiers du numérique à Madagascar en partenariat avec SAYNA.	1	[{"added": {}}]	13	1
267	2024-09-30 22:45:21.205191+00	50	BeCode, une association sans but lucratif basée à Bruxelles, Belgique, qui propose des formations en développement web et num	1	[{"added": {}}]	14	1
268	2024-09-30 22:47:33.432343+00	57	Formation au numérique / D-CLIC : Renforcement de capacités aux métiers du numérique au Sénégal	1	[{"added": {}}]	13	1
269	2024-09-30 22:50:17.570897+00	58	Formation au numérique / D-CLIC : Renforcement de capacités aux métiers du numérique en République Démocratique du Congo en partenariat avec BeCode.	1	[{"added": {}}]	13	1
270	2024-09-30 22:50:53.597101+00	51	Association pour le Développement des Sociétés de l'Information au Tchad (ADESIT)	1	[{"added": {}}]	14	1
271	2024-09-30 22:52:31.905367+00	59	Formation au numérique / D-CLIC : Renforcement de capacités aux métiers du numérique au Tchad	1	[{"added": {}}]	13	1
272	2024-10-01 16:41:14.244217+00	52	Formation au numérique / D-CLIC : Renforcement de capacités aux métiers du numérique à Djibouti	2	[{"changed": {"fields": ["R\\u00e9sum\\u00e9", "Latitude", "Longitude"]}}]	13	1
273	2024-10-02 07:12:24.600576+00	40	Autonomisation des femmes et filles-méres de La Valette	2	[{"changed": {"fields": ["thematiques", "Secteur"]}}, {"added": {"name": "img", "object": "img object (25)"}}]	13	1
274	2024-10-02 07:20:20.793346+00	52	Barefoot College International	1	[{"added": {}}]	14	1
275	2024-10-02 07:24:40.764554+00	60	Renforcement des compétences des femmes ingénieures solaires des villages ruraux isolés dans leurs projets d’activités génératrices de revenu à Madagascar.	1	[{"added": {}}, {"added": {"name": "img", "object": "img object (26)"}}]	13	1
276	2024-10-02 07:24:42.097591+00	61	Renforcement des compétences des femmes ingénieures solaires des villages ruraux isolés dans leurs projets d’activités génératrices de revenu à Madagascar.	1	[{"added": {}}, {"added": {"name": "img", "object": "img object (27)"}}]	13	1
277	2024-10-02 07:29:59.215704+00	53	L’ONG Bien-Être et Développement Durable (ONG BEDD), basée à Abomey-Calavi au Bénin.	1	[{"added": {}}]	14	1
278	2024-10-02 07:33:07.053137+00	62	Prévention et lutte contre les violences faites aux femmes et jeunes filles dans la commune de Nikki, au Nord du Bénin.	1	[{"added": {}}, {"added": {"name": "img", "object": "img object (28)"}}]	13	1
279	2024-10-02 08:03:05.173262+00	62	Prévention et lutte contre les violences faites aux femmes et jeunes filles dans la commune de Nikki, au Nord du Bénin.	2	[{"changed": {"fields": ["R\\u00e9sum\\u00e9", "Latitude", "Longitude"]}}]	13	1
280	2024-10-02 08:06:56.783252+00	62	Prévention et lutte contre les violences faites aux femmes et jeunes filles dans la commune de Nikki, au Nord du Bénin.	2	[{"changed": {"fields": ["Latitude", "Longitude"]}}]	13	1
281	2024-10-02 08:10:44.965843+00	29	Initiative d’appui à l’autonomisation économique des jeunes filles et femmes vulnérables en zone rurale et urbaine à l’Ère du numérique.	2	[{"changed": {"fields": ["Latitude", "Longitude"]}}]	13	1
282	2024-10-02 08:12:10.131782+00	29	Initiative d’appui à l’autonomisation économique des jeunes filles et femmes vulnérables en zone rurale et urbaine à l’Ère du numérique.	2	[{"changed": {"fields": ["Latitude", "Longitude"]}}]	13	1
283	2024-10-02 08:13:19.439283+00	46	Formation au numérique / D-CLIC : Renforcement de capacités aux métiers du numérique en République Démocratique du Congo	2	[{"changed": {"fields": ["Longitude"]}}]	13	1
284	2024-10-02 08:14:27.730971+00	46	Formation au numérique / D-CLIC : Renforcement de capacités aux métiers du numérique en République Démocratique du Congo	2	[{"changed": {"fields": ["Longitude"]}}]	13	1
285	2024-10-02 08:17:19.947213+00	54	Beit El Hanane - Maison de la tendresse	1	[{"added": {}}]	14	1
286	2024-10-02 08:22:27.748824+00	63	Prévention et soutien aux femmes victimes de violence et leurs enfants à Beyrouth	1	[{"added": {}}, {"added": {"name": "img", "object": "img object (29)"}}]	13	1
287	2024-10-02 08:33:34.314624+00	55	Centre pour l’Écologie et le Développement (CED)	1	[{"added": {}}]	14	1
288	2024-10-02 08:41:06.442813+00	64	Projet Do Enye Ame – Le Travail Anoblit l’Homme	1	[{"added": {}}, {"added": {"name": "img", "object": "img object (30)"}}]	13	1
289	2024-10-02 08:42:53.227754+00	56	ONG Cercle de Développement des Initiatives Féminines (CEDIF)	1	[{"added": {}}]	14	1
290	2024-10-02 08:46:16.567687+00	65	Projet d’appui aux activités de transformation du manioc des femmes handicapées de l’association SEGANHO.	1	[{"added": {}}, {"added": {"name": "img", "object": "img object (31)"}}]	13	1
291	2024-10-02 08:47:44.642994+00	19	Renforcement des capacités des femmes transformatrices de grains de néré "Afrifin" dans la commune d'Abomey	2	[{"changed": {"fields": ["Longitude"]}}]	13	1
292	2024-10-02 08:48:27.751354+00	19	Renforcement des capacités des femmes transformatrices de grains de néré "Afrifin" dans la commune d'Abomey	2	[{"changed": {"fields": ["Longitude"]}}]	13	1
293	2024-10-02 09:04:37.780426+00	57	Centre Solidarité Action Sociale (CSAS)	1	[{"added": {}}]	14	1
294	2024-10-02 09:08:20.656291+00	66	Projet d’autonomisation des femmes ivoiriennes vulnérables par la promotion de l’équité du genre, l’éducation et l’entrepreneuriat.	1	[{"added": {}}, {"added": {"name": "img", "object": "img object (32)"}}]	13	1
295	2024-10-02 09:11:24.811553+00	67	Projet d’autonomisation des femmes ivoiriennes vulnérables par la promotion de l’équité du genre, l’éducation et l’entrepreneuriat.	1	[{"added": {}}, {"added": {"name": "img", "object": "img object (33)"}}]	13	1
296	2024-10-02 10:13:07.519183+00	65	Projet d’appui aux activités de transformation du manioc des femmes handicapées de l’association SEGANHO.	2	[{"changed": {"fields": ["Commentaires"]}}]	13	1
297	2024-10-02 13:08:21.217185+00	46	Formation au numérique / D-CLIC : Renforcement de capacités aux métiers du numérique en République Démocratique du Congo	2	[{"changed": {"fields": ["Pays"]}}]	13	1
298	2024-10-02 16:19:51.64617+00	58	ONG DIASPORA CEDEAO	1	[{"added": {}}]	14	1
299	2024-10-02 16:25:39.881004+00	68	Projet PACOM 30 - Pôles d’Accompagnement des Femmes du Secteur Informel dans l’Espace Francophone Ouest Africain	1	[{"added": {}}, {"added": {"name": "img", "object": "img object (34)"}}]	13	1
\.


--
-- Data for Name: django_content_type; Type: TABLE DATA; Schema: public; Owner: oifadmin
--

COPY public.django_content_type (id, app_label, model) FROM stdin;
1	admin	logentry
2	auth	permission
3	auth	group
4	contenttypes	contenttype
5	sessions	session
6	sites	site
7	moderation	moderatedobject
8	reversion	revision
9	reversion	version
10	notifications	notification
11	accounts	customuser
12	projets	img
13	projets	projet
14	projets	partenaire
15	projets	thematique
16	projets	secteur
17	projets	financement
18	projets	reference
\.


--
-- Data for Name: django_migrations; Type: TABLE DATA; Schema: public; Owner: oifadmin
--

COPY public.django_migrations (id, app, name, applied) FROM stdin;
1	contenttypes	0001_initial	2024-09-24 14:13:54.951636+00
2	contenttypes	0002_remove_content_type_name	2024-09-24 14:13:54.962965+00
3	auth	0001_initial	2024-09-24 14:13:55.059851+00
4	auth	0002_alter_permission_name_max_length	2024-09-24 14:13:55.06838+00
5	auth	0003_alter_user_email_max_length	2024-09-24 14:13:55.077686+00
6	auth	0004_alter_user_username_opts	2024-09-24 14:13:55.087293+00
7	auth	0005_alter_user_last_login_null	2024-09-24 14:13:55.096615+00
8	auth	0006_require_contenttypes_0002	2024-09-24 14:13:55.099423+00
9	auth	0007_alter_validators_add_error_messages	2024-09-24 14:13:55.110205+00
10	auth	0008_alter_user_username_max_length	2024-09-24 14:13:55.120595+00
11	auth	0009_alter_user_last_name_max_length	2024-09-24 14:13:55.129764+00
12	auth	0010_alter_group_name_max_length	2024-09-24 14:13:55.14017+00
13	auth	0011_update_proxy_permissions	2024-09-24 14:13:55.149188+00
14	auth	0012_alter_user_first_name_max_length	2024-09-24 14:13:55.15816+00
15	accounts	0001_initial	2024-09-24 14:13:55.276546+00
16	accounts	0002_auto_20210406_1554	2024-09-24 14:13:55.340688+00
17	accounts	0003_alter_customuser_id	2024-09-24 14:13:55.47802+00
18	admin	0001_initial	2024-09-24 14:13:55.536715+00
19	admin	0002_logentry_remove_auto_add	2024-09-24 14:13:55.554887+00
20	admin	0003_logentry_add_action_flag_choices	2024-09-24 14:13:55.57324+00
21	moderation	0001_initial	2024-09-24 14:13:55.63687+00
22	moderation	0002_auto_20150515_1057	2024-09-24 14:13:55.655863+00
23	moderation	0003_rename_fields_to_be_shorter	2024-09-24 14:13:55.789058+00
24	moderation	0004_auto_20180918_1132	2024-09-24 14:13:55.818544+00
25	moderation	0005_auto_20190412_0442	2024-09-24 14:13:55.852988+00
26	notifications	0001_initial	2024-09-24 14:13:55.926042+00
27	notifications	0002_auto_20150224_1134	2024-09-24 14:13:55.964936+00
28	notifications	0003_notification_data	2024-09-24 14:13:55.989283+00
29	notifications	0004_auto_20150826_1508	2024-09-24 14:13:56.051058+00
30	notifications	0005_auto_20160504_1520	2024-09-24 14:13:56.07265+00
31	notifications	0006_indexes	2024-09-24 14:13:56.168369+00
32	notifications	0007_add_timestamp_index	2024-09-24 14:13:56.199755+00
33	notifications	0008_index_together_recipient_unread	2024-09-24 14:13:56.226509+00
34	notifications	0009_alter_notification_options_and_more	2024-09-24 14:13:56.512253+00
35	projets	0001_initial	2024-09-24 14:13:56.579907+00
36	projets	0002_alter_img_file_alter_projet_date_completion_and_more	2024-09-24 14:13:56.614611+00
37	projets	0003_alter_projet_date_completion	2024-09-24 14:13:56.629798+00
38	projets	0004_alter_projet_date_completion_alter_projet_date_debut	2024-09-24 14:13:56.683138+00
39	projets	0005_client_projet_actif_subvention	2024-09-24 14:13:56.753033+00
40	projets	0006_remove_client_fax_subvention_no_reference_and_more	2024-09-24 14:13:56.789374+00
41	projets	0007_subvention_date_debut	2024-09-24 14:13:56.806922+00
42	projets	0008_rename_date_debut_subvention_date	2024-09-24 14:13:56.82138+00
43	projets	0009_remove_projet_rawtext_projet_beneficiaire_and_more	2024-09-24 14:13:56.888898+00
44	projets	0010_remove_projet_images_img_project	2024-09-24 14:13:56.945892+00
45	projets	0011_remove_projet_beneficiaire_client_projet	2024-09-24 14:13:57.003679+00
46	projets	0011_alter_client_options_alter_img_options_and_more	2024-09-24 14:13:57.771064+00
47	projets	0012_merge_20240828_1013	2024-09-24 14:13:57.77746+00
48	projets	0013_alter_client_archived_alter_client_deleted_and_more	2024-09-24 14:13:57.940216+00
49	projets	0014_alter_client_projet_alter_subvention_projet	2024-09-24 14:13:57.985078+00
50	projets	0015_alter_client_id_alter_img_id_alter_img_project_and_more	2024-09-24 14:13:58.283152+00
51	projets	0012_remove_client_projet	2024-09-24 14:13:58.308831+00
52	projets	0013_projet_beneficiaire	2024-09-24 14:13:58.337448+00
53	projets	0016_merge_20240830_1541	2024-09-24 14:13:58.342661+00
54	projets	0017_partenaire_remove_subvention_projet_and_more	2024-09-24 14:13:58.644148+00
55	projets	0018_remove_projet_description_and_more	2024-09-24 14:13:58.700502+00
56	projets	0019_rename_beneficiare_projet_beneficiaire	2024-09-24 14:13:58.724227+00
57	projets	0020_alter_projet_statut_alter_projet_titre	2024-09-24 14:13:58.763558+00
58	projets	0016_merge_20240903_0945	2024-09-24 14:13:58.768413+00
59	projets	0021_merge_20240904_1321	2024-09-24 14:13:58.774116+00
60	projets	0022_projet_thematiques_alter_projet_budget	2024-09-24 14:13:58.814592+00
61	projets	0023_beneficiaire_alter_partenaire_projet_and_more	2024-09-24 14:13:58.906188+00
62	projets	0024_alter_partenaire_projet_alter_projet_thematiques	2024-09-24 14:13:58.964541+00
63	projets	0025_alter_projet_thematiques	2024-09-24 14:13:58.995085+00
64	projets	0026_remove_projet_thematiques_thematique_and_more	2024-09-24 14:13:59.103307+00
65	projets	0027_alter_projet_thematiques	2024-09-24 14:13:59.134895+00
66	projets	0028_secteur_projet_unite_administrative_projet_secteurs	2024-09-24 14:13:59.215824+00
67	projets	0029_remove_partenaire_projet_projet_partenaires	2024-09-24 14:13:59.311128+00
68	projets	0030_projetpartenaire	2024-09-24 14:13:59.36889+00
69	projets	0031_projetbeneficiaire	2024-09-24 14:13:59.431337+00
70	projets	0032_alter_projet_partenaires	2024-09-24 14:13:59.465754+00
71	projets	0033_alter_projet_partenaires	2024-09-24 14:13:59.501241+00
72	projets	0034_alter_projet_thematiques	2024-09-24 14:13:59.53464+00
73	projets	0035_remove_projet_partenaires_projet_no_reference_and_more	2024-09-24 14:13:59.677438+00
74	projets	0036_alter_projet_options	2024-09-24 14:13:59.704442+00
75	projets	0037_remove_projetbeneficiaire_beneficiaire_and_more	2024-09-24 14:13:59.910794+00
76	projets	0038_alter_thematique_options	2024-09-24 14:13:59.926645+00
77	projets	0039_remove_projet_actif	2024-09-24 14:13:59.950735+00
78	projets	0040_rename_secteurs_projet_secteur	2024-09-24 14:13:59.979238+00
79	projets	0037_projet_valide	2024-09-24 14:14:00.004883+00
80	projets	0038_remove_projet_actif	2024-09-24 14:14:00.010266+00
81	projets	0041_merge_20240918_1200	2024-09-24 14:14:00.015756+00
82	projets	0042_remove_projet_valide	2024-09-24 14:14:00.040517+00
83	projets	0041_alter_img_project_alter_projet_partenaire_and_more	2024-09-24 14:14:00.103645+00
84	projets	0043_merge_20240920_1001	2024-09-24 14:14:00.107241+00
85	projets	0044_financement_remove_projet_type_financement_and_more	2024-09-24 14:14:00.169908+00
86	projets	0045_reference_alter_projet_partenaire_and_more	2024-09-24 14:14:00.267292+00
87	projets	0046_alter_projet_statut	2024-09-24 14:14:00.292523+00
88	projets	0044_remove_thematique_parent	2024-09-24 14:14:00.322856+00
89	projets	0045_merge_20240920_1430	2024-09-24 14:14:00.328843+00
90	projets	0046_alter_projet_financement	2024-09-24 14:14:00.354781+00
91	projets	0047_merge_20240923_1126	2024-09-24 14:14:00.358353+00
92	projets	0016_merge_20240830_1519	2024-09-24 14:14:00.361899+00
93	projets	0028_merge_20240905_1209	2024-09-24 14:14:00.367225+00
94	projets	0029_merge_20240906_1641	2024-09-24 14:14:00.372389+00
95	projets	0037_merge_20240917_1209	2024-09-24 14:14:00.377758+00
96	projets	0041_merge_20240919_0915	2024-09-24 14:14:00.383081+00
97	projets	0043_merge_20240919_1507	2024-09-24 14:14:00.388337+00
98	projets	0044_merge_20240920_1216	2024-09-24 14:14:00.391831+00
99	projets	0045_merge_20240920_1426	2024-09-24 14:14:00.395127+00
100	projets	0047_merge_20240920_1646	2024-09-24 14:14:00.398295+00
101	projets	0048_merge_20240923_1223	2024-09-24 14:14:00.403551+00
102	reversion	0001_squashed_0004_auto_20160611_1202	2024-09-24 14:14:00.527562+00
103	reversion	0002_add_index_on_version_for_content_type_and_db	2024-09-24 14:14:00.555232+00
104	sessions	0001_initial	2024-09-24 14:14:00.589321+00
105	sites	0001_initial	2024-09-24 14:14:00.600287+00
106	sites	0002_alter_domain_unique	2024-09-24 14:14:00.616235+00
107	projets	0048_alter_partenaire_options_alter_projet_partenaire_and_more	2024-09-26 21:25:08.972496+00
108	projets	0049_alter_img_project	2024-09-26 21:25:09.000507+00
109	projets	0050_merge_0048_merge_20240923_1223_0049_alter_img_project	2024-09-26 21:25:09.008288+00
110	projets	0050_alter_partenaire_mail	2024-10-01 15:02:40.020742+00
111	projets	0051_merge_20241001_1102	2024-10-01 15:02:40.034239+00
\.


--
-- Data for Name: django_site; Type: TABLE DATA; Schema: public; Owner: oifadmin
--

COPY public.django_site (id, domain, name) FROM stdin;
1	example.com	example.com
\.


--
-- Data for Name: moderation_moderatedobject; Type: TABLE DATA; Schema: public; Owner: oifadmin
--

COPY public.moderation_moderatedobject (id, object_pk, created, updated, state, status, "on", reason, changed_object, changed_by_id, content_type_id, by_id) FROM stdin;
27	26	2024-09-26 23:57:17.128847+00	2024-09-26 23:57:17.146907+00	0	1	2024-09-26 23:57:17.146814+00	Auto-approved: Superuser	[{"model": "projets.projet", "pk": 26, "fields": {"referent": 16, "no_reference": "", "titre": "Projet d’amélioration des conditions socio-économiques des femmes d'Oologuè et développement des activités génératrices de revenus.", "partenaire": 20, "resume": "Le projet vise à améliorer les conditions socio-économiques de 450 femmes rurales dans la commune d’Oologuè, située dans la wilaya de Brakna en Mauritanie. Il inclut des actions de formation, de sensibilisation et d’autonomisation pour ces femmes, en leur fournissant un accès à des microcrédits, des moyens de production modernes, et en prévenant certaines maladies hydriques. Ces femmes bénéficieront aussi d’un accompagnement en termes de techniques agricoles modernes, et de gestion d'activités économiques, ainsi que des infrastructures pour leur permettre de s’engager dans des activités génératrices de revenus plus stables. Le projet se focalise également sur l’alphabétisation des femmes et l’amélioration de leur accès à l’information et aux crédits.\\r\\n\\r\\nSous-thématiques :\\r\\n\\r\\n- Éducation/Formation professionnelle : Alphabétisation et formation en gestion.\\r\\n- Sensibilisation/Information : Sensibilisation sur les maladies hydriques et autres problématiques locales.\\r\\n- Autonomisation économique/Entreprenariat : Accès aux crédits et moyens de production pour les femmes.\\r\\n- Technologies numériques : Utilisation des technologies pour faciliter l'accès à l'information.", "resultats": "- Alphabétisation de 450 femmes rurales.\\r\\n\\r\\n- Renforcement de leurs capacités entrepreneuriales et accès à des moyens de production modernes.\\r\\n\\r\\n- Amélioration des revenus grâce à des activités génératrices de revenus.\\r\\n\\r\\n- Réduction du chômage et meilleure intégration économique des femmes dans la commune.\\r\\n\\r\\n- Sensibilisation aux maladies hydriques et amélioration de la santé communautaire.", "ville": "Oologuè", "latitude": 11.6138073, "longitude": -6.3430786, "secteur": 32, "unite_administrative": "Direction du Siège", "pays": "MR", "statut": "Terminé", "financement": 3, "date_debut": "2020-12-15", "date_completion": "2021-12-31", "budget": 40000.0, "commentaires": "Ce projet joue un rôle crucial dans l'amélioration des conditions de vie des femmes d'Oologuè, en les intégrant dans le tissu économique local à travers des initiatives génératrices de revenus. L'impact attendu est de longue durée, avec un renforcement de la résilience économique et sociale des bénéficiaires, et une contribution significative à la lutte contre l'analphabétisme et la pauvreté en milieu rural.", "url": "", "thematiques": []}}]	1	13	\N
69	68	2024-10-02 16:25:39.853917+00	2024-10-02 16:25:39.865244+00	0	1	2024-10-02 16:25:39.865164+00	Auto-approved: Superuser	[{"model": "projets.projet", "pk": 68, "fields": {"referent": 16, "no_reference": "", "titre": "Projet PACOM 30 - Pôles d’Accompagnement des Femmes du Secteur Informel dans l’Espace Francophone Ouest Africain", "partenaire": 58, "resume": "Le projet PACOM 30 vise à créer quatre pôles d’accompagnement dans les communes de Port-Bouet et de Koumassi dans le District Autonome d’Abidjan. Ces pôles offriront des formations, un mentorat, et des services aux femmes du secteur informel, leur permettant ainsi de stabiliser et développer leurs activités économiques. Le projet ciblera 200 jeunes filles déscolarisées et des femmes en situation de vulnérabilité. Les bénéficiaires auront accès à des programmes d'alphabétisation, des formations en gestion financière, et des outils pour renforcer leurs capacités entrepreneuriales. Les organisations partenaires, telles que ONG HOSCHAMA International, les Mairies de Port-Bouet et de Koumassi, ainsi que la Plateforme Numérique Amazones du Web, offriront des ressources et un soutien logistique pour l’implémentation du projet.\\r\\n\\r\\nSous-thématiques :\\r\\n\\r\\n- Autonomisation économique/entrepreneuriat\\r\\n- Alphabétisation des jeunes filles déscolarisées\\r\\n- Accompagnement social et logistique pour les femmes en situation de vulnérabilité.\\r\\n\\r\\nPartenaires clés\\r\\n\\r\\n- ONG HOSCHAMA International\\r\\n- Mairies de Port-Bouet et de Koumassi\\r\\n- Plateforme Ivoirienne des Femmes Médecins\\r\\n- Amazone du Web", "resultats": "- Alphabétisation de 200 jeunes filles et renforcement de leurs capacités entrepreneuriales.\\r\\n\\r\\n- Création de pôles d’accompagnement avec des formations adaptées aux besoins des femmes dans le secteur informel.\\r\\n\\r\\n- Accroissement de l’accès aux financements et aux ressources pour les femmes, permettant -l’autonomisation économique durable.", "ville": "Abidjan", "latitude": null, "longitude": null, "secteur": 32, "unite_administrative": "Direction du Siège", "pays": "CI", "statut": "Terminé", "financement": 3, "date_debut": "2020-12-15", "date_completion": "2021-08-31", "budget": 35000.0, "commentaires": "Le projet PACOM 30 cible particulièrement les jeunes filles déscolarisées et les femmes vulnérables du secteur informel dans les communes de Port-Bouet et Koumassi. En favorisant l’accès à l’éducation, à la formation, et à des services économiques, ce projet vise à améliorer la résilience socio-économique de ces populations marginalisées, tout en contribuant à leur autonomisation durable.\\r\\n\\r\\nPopulation cible :\\r\\n\\r\\n- Femmes du secteur informel\\r\\n- Jeunes filles déscolarisées (18 à 25 ans) issues des communes de Port-Bouet et Koumassi", "url": "", "thematiques": []}}]	1	13	\N
38	37	2024-09-27 03:41:46.216586+00	2024-09-27 03:41:46.22814+00	0	1	2024-09-27 03:41:46.22806+00	Auto-approved: Superuser	[{"model": "projets.projet", "pk": 37, "fields": {"referent": 16, "no_reference": "", "titre": "Promotion de l'autonomie économique des agricultrices de la commune de Tchaoudjo", "partenaire": 31, "resume": "Le projet vise à contribuer à l'autonomisation économique et à l'amélioration des conditions de vie de trente productrices agricoles de la commune de Tehaoudjo à travers la création d'une coopérative, des activités de formation et de sensibilisation, ainsi que la mise à disposition de matériels pour faciliter la production.", "resultats": "Renforcer l'accompagnement des femmes en situation de vulnérabilité, les soutenir dans le développement d'activités génératrices de revenus (AGR) et de leur formation professionnelle.", "ville": "Sokodé", "latitude": 8.9834333, "longitude": 1.1437646, "secteur": 32, "unite_administrative": "Direction du Siège", "pays": "TG", "statut": "Terminé", "financement": 3, "date_debut": "2021-12-01", "date_completion": "2022-12-01", "budget": 30936.0, "commentaires": "", "url": "", "thematiques": []}}]	1	13	\N
6	6	2024-09-24 14:43:21.481753+00	2024-09-24 18:45:40.952851+00	0	1	2024-09-24 18:45:40.952764+00	Auto-approved: Superuser	[{"model": "projets.projet", "pk": 6, "fields": {"referent": 5, "no_reference": "", "titre": "Formation à distance en renforcement", "partenaire": 1, "resume": "Formation en ligne pour renforcer les capacités des cadres des administrations nationales et territoriales des pays francophones du sud sur la conception de politiques publiques jeunesse", "resultats": "Renforcement des capacités des cadres des administrations nationales et territoriales pour concevoir et piloter des politiques publiques jeunesse", "ville": "Alexandrie", "latitude": 31.1991806, "longitude": 29.8951716, "secteur": 4, "unite_administrative": "Représentation extérieures (REPEX)", "pays": "EG", "statut": "Terminé", "financement": null, "date_debut": "2021-12-01", "date_completion": "2022-07-30", "budget": 12000.0, "commentaires": "", "url": "", "thematiques": [6]}}]	1	13	\N
28	27	2024-09-27 00:21:48.355327+00	2024-09-27 00:21:48.367097+00	0	1	2024-09-27 00:21:48.367015+00	Auto-approved: Superuser	[{"model": "projets.projet", "pk": 27, "fields": {"referent": 16, "no_reference": "", "titre": "Projet d’accompagnement des femmes vulnérables de Lomé vers une autonomisation économique à travers la création et/ou le développement d’AGR.", "partenaire": 21, "resume": "Ce projet vise à accompagner les femmes vulnérables de Lomé et ses quartiers périphériques à la création ou au développement de leurs Activités Génératrices de Revenus (AGR), leur assurant une autonomisation sociale et financière. Le projet cible des femmes handicapées, monoparentales ou vivant avec le VIH. Un total de 350 femmes recevra des crédits auprès d’ASSILASSIME SOLIDARITÉ pour lancer ou développer leurs AGR. Elles bénéficieront de formations entrepreneuriales, sociales et sanitaires pour gérer leurs activités. Le projet inclut également des sensibilisations sur les droits des femmes, la prévention des pandémies et les maladies. Il facilitera l’inclusion sociale et financière de ces femmes tout en renforçant la cohésion au sein des communautés.\\r\\n\\r\\nSous thématiques\\r\\n\\r\\n- Éducation/Formation professionnelle : Formation à la gestion d’AGR et autonomisation.\\r\\n- Sensibilisation/Information : Droits des femmes, santé publique, prévention des maladies.\\r\\n- Autonomisation économique/Entreprenariat : Développement d’AGR pour les femmes vulnérables.", "resultats": "- Autonomisation sociale et financière de 350 femmes vulnérables.\\r\\n\\r\\n- Accès facilité aux crédits et développement d’AGR pour les femmes.\\r\\n\\r\\n- Formation et sensibilisation des bénéficiaires sur la gestion des activités, la santé et les droits des femmes.\\r\\n\\r\\n- Intégration sociale et économique renforcée des femmes handicapées et vulnérables.\\r\\n\\r\\n- Renforcement des capacités des bénéficiaires à faire face aux crises économiques et sociales.", "ville": "Lomé", "latitude": 6.130419, "longitude": 1.215829, "secteur": 32, "unite_administrative": "Direction du Siège", "pays": "TG", "statut": "Terminé", "financement": 3, "date_debut": "2020-12-15", "date_completion": "2021-12-31", "budget": 55000.0, "commentaires": "Le projet d’accompagnement des femmes vulnérables de Lomé s’inscrit dans une dynamique d’inclusion sociale et économique, visant à renforcer la résilience des femmes face aux crises économiques, sociales et sanitaires. Il met en place un écosystème complet de soutien, incluant des formations, l’accès au crédit et une sensibilisation continue, contribuant à l’éradication des inégalités socio-économiques dont souffrent ces femmes. Ce projet joue un rôle crucial dans l’autonomisation des femmes vulnérables, tout en leur offrant des opportunités économiques et sociales concrètes.", "url": "", "thematiques": []}}]	1	13	\N
4	4	2024-09-24 14:38:39.865865+00	2024-09-26 09:07:15.064666+00	0	1	2024-09-26 09:07:15.064584+00	Auto-approved: Superuser	[{"model": "projets.projet", "pk": 4, "fields": {"referent": 15, "no_reference": "", "titre": "Élaboration d'un Guide pratique sur le désarmement en Afrique", "partenaire": 4, "resume": "Le projet vise à rédiger un Guide pratique sur le désarmement en Afrique en langue française, fournissant une synthèse des sujets liés au désarmement sur le continent africain.", "resultats": "Le Guide permettra une meilleure compréhension des instruments internationaux et régionaux régulant la circulation des armes en Afrique.", "ville": "Paris", "latitude": 49.0944509, "longitude": 6.1349452, "secteur": 12, "unite_administrative": "Représentation extérieures (REPEX)", "pays": "FR", "statut": "Terminé", "financement": 3, "date_debut": "2015-03-10", "date_completion": "2015-12-31", "budget": 25506.0, "commentaires": "", "url": "", "thematiques": [3]}}]	1	13	\N
2	2	2024-09-24 14:36:02.319671+00	2024-09-24 20:10:59.531963+00	0	1	2024-09-24 20:10:59.531841+00	Auto-approved: Superuser	[{"model": "projets.projet", "pk": 2, "fields": {"referent": 16, "no_reference": "", "titre": "Fond Francophonie avec Elles: Appui AGR Femmes peri urbaine", "partenaire": 1, "resume": "Fond Francophonie avec Elles: Appui AGR Femmes peri urbaine", "resultats": "Une aide pour les femmes", "ville": "Conakry", "latitude": 9.5170602, "longitude": -13.6998434, "secteur": 2, "unite_administrative": "Représentation extérieures (REPEX)", "pays": "GN", "statut": "En Planification", "financement": 3, "date_debut": "2024-09-05", "date_completion": "2024-09-24", "budget": 25000.0, "commentaires": "", "url": "", "thematiques": [2]}}]	1	13	\N
3	3	2024-09-24 14:36:05.466227+00	2024-09-26 15:50:29.170078+00	0	1	2024-09-26 15:50:29.169999+00	Auto-approved: Superuser	[{"model": "projets.projet", "pk": 3, "fields": {"referent": 4, "no_reference": "", "titre": "Soutien à la formation en MASTER", "partenaire": 1, "resume": "Renouvellement de la subvention de prise en charge des frais de scolarité et de vie de sept étudiants inscrits au Master 'Gestion des industries culturelles' pour l'année académique 2018-2019.", "resultats": "Obtention du diplôme de Master en 'Gestion des industries culturelles' par les sept étudiants soutenus par la subvention.", "ville": "Saint-Louis", "latitude": 16.1876131, "longitude": -15.2954502, "secteur": 14, "unite_administrative": "Représentation extérieures (REPEX)", "pays": "SN", "statut": "Terminé", "financement": 3, "date_debut": "2018-10-15", "date_completion": "2019-07-31", "budget": 23000.0, "commentaires": "", "url": "", "thematiques": [1]}}]	1	13	\N
29	28	2024-09-27 00:49:37.193062+00	2024-09-27 00:49:37.204865+00	0	1	2024-09-27 00:49:37.204783+00	Auto-approved: Superuser	[{"model": "projets.projet", "pk": 28, "fields": {"referent": 16, "no_reference": "", "titre": "Projet d’émancipation des femmes vulnérables à travers le développement d’activités génératrices de revenus et de formation professionnelle", "partenaire": 22, "resume": "Le projet « Ngali Revubé » vise à soutenir l’émancipation des femmes vulnérables de la région de Matam au Sénégal en les dotant de compétences pour développer des activités génératrices de revenus et en leur fournissant une formation professionnelle. La région de Matam, une des zones les plus pauvres du Sénégal, connaît des difficultés en raison de la faible rentabilité des activités d’élevage et de l’agriculture de subsistance. Ce projet accompagne les femmes dans la mise en œuvre d’activités comme l’élevage et l’agriculture, tout en les intégrant dans des réseaux d’échange locaux et nationaux, notamment à travers des plateformes numériques. Cela permet aux bénéficiaires de mieux valoriser leurs produits et d’augmenter leurs revenus, tout en renforçant leur résilience face aux chocs économiques et climatiques.\\r\\n\\r\\nSous-thématiques :\\r\\n\\r\\n- Autonomisation économique/Entrepreneuriat\\r\\n- Sensibilisation/Information\\r\\n- Éducation/Formation professionnelle", "resultats": "- Amélioration de la situation économique des femmes vulnérables dans la région de Matam grâce à des activités génératrices de revenus.\\r\\n\\r\\n- Formation professionnelle pour les bénéficiaires dans les domaines de l’agriculture et de l’élevage.\\r\\n\\r\\n- Augmentation de la productivité et meilleure commercialisation des produits grâce à l’utilisation des TIC.\\r\\n\\r\\n- Renforcement des capacités des femmes pour leur autonomie économique et sociale.", "ville": "Matam", "latitude": 15.0028849, "longitude": -13.9240088, "secteur": 32, "unite_administrative": "Direction du Siège", "pays": "SN", "statut": "Terminé", "financement": 3, "date_debut": "2020-12-15", "date_completion": "2021-12-31", "budget": 60000.0, "commentaires": "Le projet \\"Ngali Revubé\\" répond aux défis de pauvreté et d'inégalité de genre dans la région de Matam, en permettant aux femmes de diversifier leurs sources de revenus et d'améliorer leur situation sociale et économique. Il renforce également leur inclusion dans les circuits commerciaux, notamment grâce à l'utilisation des technologies numériques, et favorise leur autonomisation face aux défis climatiques et économiques.", "url": "", "thematiques": []}}]	1	13	\N
8	8	2024-09-24 19:10:56.673929+00	2024-09-24 19:10:56.686577+00	0	1	2024-09-24 19:10:56.686489+00	Auto-approved: Superuser	[{"model": "projets.projet", "pk": 8, "fields": {"referent": 10, "no_reference": "", "titre": "Appui européen à la phase de démarrage de la Radio Jeunesse Sahel (RJS)", "partenaire": 2, "resume": "Le projet vise à soutenir le démarrage de la Radio Jeunesse Sahel pour faciliter la participation des jeunes dans la région du G5 Sahel", "resultats": "Le Comité consultatif est fonctionnel et interagit efficacement avec les autres instances du projet. Des avis techniques sont émis pour améliorer la qualité de la radio et favoriser l'appropriation par les jeunes sahéliens", "ville": "Nouakchott", "latitude": 18.0792379, "longitude": -15.9780071, "secteur": 2, "unite_administrative": "Direction du Siège", "pays": "MR", "statut": "Terminé", "financement": 3, "date_debut": "2021-05-17", "date_completion": "2021-12-31", "budget": 5000.0, "commentaires": "", "url": "", "thematiques": []}}]	1	13	\N
39	38	2024-09-27 03:53:00.882842+00	2024-09-27 03:53:00.894426+00	0	1	2024-09-27 03:53:00.8943+00	Auto-approved: Superuser	[{"model": "projets.projet", "pk": 38, "fields": {"referent": 16, "no_reference": "", "titre": "Renforcer durablement l'autonomie socio-économique des femmes rurales en Haiti et leur résilience aux changements climatiques", "partenaire": 32, "resume": "Renforcer durablement l'autonomie socio-économique des femmes rurales en Haiti et leur résilience aux changements climatiques par l'adoption de pratiques domestiques et professionnelles respectueuses de l'environnement.", "resultats": "Le renforcement de l'autonomie socio-économique des femmes rurales et leur résilience aux changements climatiques par des pratiques respectueuses de l'environnement.", "ville": "Hinche, Mirebalais et Petit-Goave", "latitude": 19.15, "longitude": -72.01667, "secteur": null, "unite_administrative": "Direction du Siège", "pays": "HT", "statut": "Terminé", "financement": 3, "date_debut": "2021-10-20", "date_completion": "2022-10-30", "budget": 60000.0, "commentaires": "", "url": "", "thematiques": []}}]	1	13	\N
9	9	2024-09-24 20:08:57.414426+00	2024-09-26 14:06:04.983682+00	0	1	2024-09-26 14:06:04.983604+00	Auto-approved: Superuser	[{"model": "projets.projet", "pk": 9, "fields": {"referent": 10, "no_reference": "", "titre": "Démarrage de la Radio Jeunesse Sahel (RJS)", "partenaire": 3, "resume": "Fournir des ressources financières pour le fonctionnement de la Radio Jeunesse Sahel (RJS) pour une période donnée.", "resultats": "Démarrage réussi de la Radio Jeunesse Sahel (RJS) avec une équipe complète et un budget alloué.", "ville": "Ouagadougou", "latitude": 11.3681873, "longitude": -1.5270944, "secteur": 2, "unite_administrative": "Représentation extérieures (REPEX)", "pays": "BF", "statut": "Terminé", "financement": 3, "date_debut": "2022-11-01", "date_completion": "2023-12-31", "budget": 209362.0, "commentaires": "", "url": "", "thematiques": [2]}}]	1	13	\N
54	53	2024-09-30 22:30:24.40435+00	2024-09-30 22:30:24.416022+00	0	1	2024-09-30 22:30:24.415939+00	Auto-approved: Superuser	[{"model": "projets.projet", "pk": 53, "fields": {"referent": 18, "no_reference": "", "titre": "Formation au numérique / D-CLIC : Renforcement de capacités aux métiers du numérique au Burkina Faso", "partenaire": 46, "resume": "Le projet vise à former 250 jeunes aux métiers du numérique à travers des formations sur le développement web, les applications mobiles, le cloud computing, l'électronique embarquée et l'Internet des objets (IoT), ainsi que sur l'employabilité et l'entrepreneuriat. Il inclut des jeunes éloignés de l'emploi, en reconversion professionnelle ou désireux d'acquérir des compétences numériques transversales, avec un accent particulier sur les jeunes femmes..\\r\\nSous thématiques\\r\\nAutonomisation économique/entrepreneuriat : Former des jeunes et des femmes dans des métiers porteurs\\r\\nÉducation/Formation professionnelle : Offrir des opportunités de formation qualifiée\\r\\nÉgalité femmes-hommes : Assurer une parité dans l’accès aux compétences numériques\\r\\nTechnologies numériques : Développer les compétences techniques dans les métiers du numérique", "resultats": "Formation de 250 jeunes (dont 50 % de femmes) aux métiers numériques dans trois régions (Ouagadougou, Bobo Dioulasso, Koudougou)\\r\\nInclusion des jeunes filles et femmes dans des métiers technologiques\\r\\nFormation axée sur des compétences en forte demande comme le développement d'applications web et mobiles, le cloud computing, et l'IoT\\r\\nCréation de débouchés professionnels pour les bénéficiaires grâce à l'employabilité et à l'entrepreneuriat local", "ville": "Koudougou", "latitude": 11.1765796, "longitude": -4.2961436, "secteur": 6, "unite_administrative": null, "pays": "BF", "statut": "Terminé", "financement": 3, "date_debut": "2022-11-30", "date_completion": "2023-12-31", "budget": 99216.0, "commentaires": "Ce projet s’inscrit dans l’initiative de l’OIF pour renforcer les compétences numériques dans les régions du Burkina Faso où les jeunes, notamment les femmes, sont éloignés de l’emploi. Il joue un rôle clé dans l'intégration des jeunes dans l'économie numérique locale en favorisant l'entrepreneuriat et l'employabilité dans les métiers d'avenir tels que l'Internet des Objets et le développement mobile.\\r\\n\\r\\nAutres Partenaires : Solutions techniques locales (connexions internet, équipements, locaux)", "url": "", "thematiques": []}}]	1	13	\N
1	1	2024-09-24 14:27:33.674841+00	2024-09-26 13:24:59.17323+00	0	1	2024-09-26 13:24:59.173141+00	Auto-approved: Superuser	[{"model": "projets.projet", "pk": 1, "fields": {"referent": 8, "no_reference": "", "titre": "Men Shí", "partenaire": 1, "resume": "Men Shí”, qui signifie “enfant spirituel” en Neghapelong, est l’expression d’un projet artistique, une expérience immersive qui invite à un voyage initiatique à travers la musique, la danse et les arts visuels. Ce spectacle conçu par Nda Chi (Cameroun), lauréat des Jeux de la Francophonie explore les thèmes de l’identité, de la spiritualité et de la transcendance, afin de tisser des liens entre les cultures, les générations et les genres", "resultats": "Renforcer les compétences de Nda Chi afin de créer un spectacle de qualité accessible aux populations jeunes, Appréhender différents aspects techniques pour s’engager plus intensément dans un travail de création tels que: La conception du spectacle (narration, dramaturgie, scénographie). La direction musicale.", "ville": "Douala", "latitude": 4.02, "longitude": 9.7062018, "secteur": 10, "unite_administrative": "Direction du Siège", "pays": "CM", "statut": "En Cours d'exécution", "financement": 3, "date_debut": "2024-08-01", "date_completion": "2024-12-31", "budget": 5000.0, "commentaires": "", "url": "", "thematiques": [1]}}]	1	13	\N
31	30	2024-09-27 01:26:30.863298+00	2024-09-27 01:30:03.682871+00	0	1	2024-09-27 01:30:03.682779+00	Auto-approved: Superuser	[{"model": "projets.projet", "pk": 30, "fields": {"referent": 16, "no_reference": "", "titre": "Projet de renforcement des compétences et des capacités des femmes des villages ruraux enclavés de Madagascar", "partenaire": 24, "resume": "Le projet vise à former des femmes issues de communautés rurales de Madagascar en tant qu’ingénieures solaires, leur permettant ainsi de contribuer à l’électrification des villages ruraux. En collaboration avec Barefoot College International, cette initiative renforce les compétences des femmes pour installer, réparer et entretenir des systèmes photovoltaïques. En plus de fournir une source d’énergie renouvelable, les femmes jouent un rôle clé dans l’amélioration des conditions de vie de leurs communautés. Le projet intègre également une approche holistique incluant des activités génératrices de revenu et des initiatives d’autonomisation économique pour soutenir le développement des villages enclavés.\\r\\n\\r\\nSous-thématiques :\\r\\n\\r\\n- Éducation/Formation professionnelle\\r\\n- Autonomisation économique/Entreprenariat\\r\\n- Sensibilisation/Information\\r\\n- Accès aux technologies renouvelables", "resultats": "- Former les femmes en tant qu’ingénieures solaires pour assurer l’installation, l’entretien et la réparation de systèmes photovoltaïques.\\r\\n\\r\\n- Améliorer l’accès à l’énergie renouvelable dans les villages ruraux isolés de Madagascar.\\r\\n\\r\\n- Renforcer l’autonomisation économique des femmes par le biais d’activités génératrices de revenus et d’opportunités locales.\\r\\n\\r\\n- Réduction de la pauvreté en augmentant l’accès des villages à une énergie propre et en encourageant le développement socio-économique.", "ville": "Tsiafajavona", "latitude": -19.3709949, "longitude": 47.234972, "secteur": 32, "unite_administrative": "Direction du Siège", "pays": "MG", "statut": "Terminé", "financement": 3, "date_debut": "2020-12-15", "date_completion": "2021-08-31", "budget": 22295.0, "commentaires": "Ce projet est un exemple inspirant de comment l’énergie renouvelable peut être utilisée pour stimuler l’autonomisation des femmes dans les régions rurales enclavées. En formant des femmes en tant qu’ingénieures solaires, l’initiative aide non seulement à répondre aux besoins énergétiques immédiats des villages, mais également à renforcer leur résilience économique à long terme, tout en intégrant les femmes dans le tissu socio-économique local en tant qu’actrices majeures du changement.", "url": "", "thematiques": [2]}}]	1	13	\N
40	39	2024-09-27 04:21:56.221811+00	2024-09-27 04:21:56.23529+00	0	1	2024-09-27 04:21:56.235182+00	Auto-approved: Superuser	[{"model": "projets.projet", "pk": 39, "fields": {"referent": 16, "no_reference": "", "titre": "Renforcement de l’accès à la formation professionnelle des filles à l’Ecole des Arts de la Scène", "partenaire": 33, "resume": "Renforcer l'accès des filles aux formations Arts de la Scène de Phare Ponleu Selpak, puis à l'emploi.", "resultats": "Renforcer l'accompagnement des femmes en situation de vulnérabilité, accroître l'information des femmes sur la santé, favoriser l'éducation des femmes et la scolarisation de leurs enfants.", "ville": "Battambang", "latitude": 12.9256791, "longitude": 103.231713642745, "secteur": null, "unite_administrative": "Direction du Siège", "pays": "KH", "statut": "Terminé", "financement": 3, "date_debut": "2022-01-01", "date_completion": "2022-10-30", "budget": 58416.0, "commentaires": "", "url": "", "thematiques": []}}]	1	13	\N
44	43	2024-09-30 16:51:48.465919+00	2024-09-30 16:52:24.468969+00	0	1	2024-09-30 16:52:24.46887+00	Auto-approved: Superuser	[{"model": "projets.projet", "pk": 43, "fields": {"referent": 18, "no_reference": "", "titre": "Formation au numérique / D-CLIC : Renforcement de capacités aux métiers du numérique en Haïti", "partenaire": 37, "resume": "Le projet a pour objectif de former 100 jeunes, dont 50 % de femmes, aux métiers du numérique à Port-au-Prince, Haïti. Les bénéficiaires seront formés sur des compétences variées telles que l'animation de communauté en ligne, le développement web, la conception de sites internet et d’applications mobiles, ainsi que le pilotage de drones. L’initiative vise à pallier le manque de formations qualifiées dans le pays et à créer des opportunités pour les jeunes et les femmes éloignés de l'emploi.\\r\\nSous-thématiques\\r\\nAutonomisation économique/entrepreneuriat : Formation de jeunes et de femmes dans des métiers porteurs.\\r\\nÉducation/Formation professionnelle : Offrir des formations qualifiantes dans des secteurs numériques.\\r\\nÉgalité femmes-hommes : Favoriser une parité dans l'accès aux compétences numériques.\\r\\nTechnologies numériques : Développer des compétences spécifiques pour répondre aux besoins du marché local.", "resultats": "Formation de 100 jeunes, dont 50 femmes, aux métiers du numérique.\\r\\nDéveloppement des compétences en développement web, gestion de communautés en ligne et pilotage de drones.\\r\\nCréation de débouchés professionnels pour les jeunes formés.\\r\\nContribution à la réduction des inégalités numériques en Haïti, notamment pour les jeunes femmes.\\r\\nRenforcement des compétences locales pour les formations en numérique", "ville": "Port-au-prince", "latitude": 18.547327, "longitude": -72.3395928, "secteur": 6, "unite_administrative": null, "pays": "HT", "statut": "Terminé", "financement": 3, "date_debut": "2021-12-08", "date_completion": "2022-12-31", "budget": 249997.0, "commentaires": "Ce projet vise à renforcer le secteur numérique en Haïti en fournissant aux jeunes des compétences qualifiantes et adaptées aux exigences du marché. En favorisant l'inclusion des jeunes femmes et en développant des partenariats stratégiques avec Google Haïti, il contribue à créer des opportunités économiques tout en luttant contre les inégalités d'accès aux technologies et au travail.\\r\\n\\r\\nPartenaires : Google Haïti\\r\\nPartenaires locaux pour la formation et l'accompagnement technique.", "url": "", "thematiques": [4]}}]	1	13	\N
50	49	2024-09-30 22:00:54.507611+00	2024-09-30 22:00:54.519505+00	0	1	2024-09-30 22:00:54.519424+00	Auto-approved: Superuser	[{"model": "projets.projet", "pk": 49, "fields": {"referent": 18, "no_reference": "", "titre": "Formation au numérique / D-CLIC : Renforcement de capacités aux métiers du numérique au Gabon", "partenaire": 43, "resume": "Ce projet vise à former 150 jeunes aux métiers du numérique, répartis au Gabon et au Togo. Il prévoit des formations spécialisées en développement web et mobile, référence digitale, ainsi qu'en conception d'applications et autres métiers numériques en forte demande.Au Gabon, l'opérateur local Ogooue Labs est chargé de former 70 apprenants répartis en deux spécialités. Pour le parcours de Référent Digital, 35 apprenants sont formés, répartis en deux cohortes : 20 à Libreville et 15 à Port-Gentil. De plus, 35 autres apprenants se spécialisent en développement web et web mobile, avec également une répartition entre Libreville (20 apprenants) et Port-Gentil (15 apprenants).\\r\\nSous thématiques\\r\\nAutonomisation économique/entrepreneuriat : Former des jeunes et des femmes aux métiers porteurs.\\r\\nÉducation/Formation professionnelle : Offrir des opportunités de formation qualifiée.\\r\\nÉgalité femmes-hommes : Assurer une parité dans l’accès aux compétences numériques.\\r\\nTechnologies numériques : Développer les compétences techniques dans les métiers numériques.", "resultats": "Formation de 150 jeunes aux métiers du numérique, répartis en cohortes entre le Gabon et le Togo.\\r\\nInclusion de 50 % de femmes pour garantir l’égalité dans l’accès aux compétences numériques.\\r\\nCréation de débouchés professionnels pour les bénéficiaires, via des opportunités d’emploi ou la création d’entreprises dans le numérique.\\r\\nRenforcement des capacités locales de formation dans les métiers numériques.", "ville": "Libreville", "latitude": 0.4086518, "longitude": 9.4418849, "secteur": 6, "unite_administrative": null, "pays": "GA", "statut": "Terminé", "financement": 3, "date_debut": "2021-11-02", "date_completion": "2022-12-31", "budget": 207075.0, "commentaires": "Ce projet est une opportunité clé pour réduire les inégalités d’accès aux compétences numériques dans ces régions d’Afrique de l’Ouest et Centrale. Grâce à une approche inclusive favorisant l’insertion professionnelle des jeunes femmes, le projet vise à renforcer les capacités locales tout en offrant des perspectives d’emploi durable dans des secteurs porteurs comme le développement web, la gestion digitale et la conception d'applications.\\r\\n\\r\\nAutres Partenaires : POUNEDIAN (Gabon)\\r\\nEnergy Generation (Togo)\\r\\nSimplon Afrique", "url": "", "thematiques": []}}]	1	13	\N
12	12	2024-09-26 09:37:01.256272+00	2024-09-26 09:37:01.269835+00	0	1	2024-09-26 09:37:01.269754+00	Auto-approved: Superuser	[{"model": "projets.projet", "pk": 12, "fields": {"referent": 16, "no_reference": "", "titre": "Insertion socio-économique des femmes migrantes originaires d’Afrique sub-saharienne en Tunisie", "partenaire": 6, "resume": "Ce projet se concentre sur l'amélioration de l'insertion socio-économique des femmes migrantes issues de pays d'Afrique sub-saharienne qui résident en Tunisie, plus particulièrement dans la ville de Sfax. Le projet a pour but d’aider ces femmes à accéder à des opportunités économiques et à renforcer leur résilience face aux défis économiques et sociaux.\\r\\nIl vise  l'autonomisation économique et à l'insertion sociale des femmes migrantes en situation de vulnérabilité, principalement originaires des pays d'Afrique sub-saharienne, installées à Sfax, Tunisie. Le projet prévoit de renforcer la résilience économique en leur fournissant des outils pour développer des activités génératrices de revenus (AGR), ainsi que d'améliorer l'accès à la santé et à l'éducation. Le projet est également conçu pour répondre aux défis spécifiques liés à la précarité et à l'exploitation des migrantes.\\r\\nACTED est une organisation non-gouvernementale (ONG) qui est le bénéficiaire direct de cette convention. ACTED a pour mission de soutenir les populations les plus vulnérables dans le monde en leur fournissant un soutien humanitaire et en facilitant leur développement économique et social. Dans le cadre de ce projet, ACTED est chargé de la mise en œuvre des activités prévues et de la gestion des fonds.", "resultats": "Améliorer l'accès des femmes migrantes aux opportunités économiques, notamment par le biais de la création d’activités génératrices de revenus (AGR).\\r\\n\\r\\nRenforcer les compétences professionnelles et sociales des bénéficiaires par la formation et l’éducation.\\r\\nAccroître l’autonomisation économique et l'inclusion sociale des femmes dans la communauté locale.\\r\\n\\r\\nRéduire la vulnérabilité des femmes face à l’exploitation économique et sociale en Tunisie.\\r\\n\\r\\nFavoriser une meilleure intégration des femmes migrantes dans les structures économiques et sociales locales.", "ville": "Sfax", "latitude": 34.723238699999996, "longitude": 10.335847425638779, "secteur": 13, "unite_administrative": "Direction du Siège", "pays": "TN", "statut": "Terminé", "financement": 3, "date_debut": "2020-12-15", "date_completion": "2021-08-31", "budget": 30000.0, "commentaires": "", "url": "", "thematiques": []}}]	1	13	\N
32	31	2024-09-27 02:55:14.977326+00	2024-09-27 02:55:14.988996+00	0	1	2024-09-27 02:55:14.988908+00	Auto-approved: Superuser	[{"model": "projets.projet", "pk": 31, "fields": {"referent": 16, "no_reference": "", "titre": "Observatoire local des femmes rurales entrepreneures", "partenaire": 25, "resume": "Soutien d’actions de terrain permettant l’accès des femmes et des filles en situation de vulnérabilité au développement économique, à l'éducation, à la santé, à la citoyenneté et à la formation.", "resultats": "Renforcer l'accompagnement des femmes en situation de vulnérabilité pour le développement d'activités génératrices de revenus et de leur formation professionnelle. Accroître l'information des femmes, leur offrir une plateforme d’expression sur les pandémies, la santé, la prévention des maladies, et les former sur les moyens de s’en prémunir, de bénéficier de soins de santé, et d’accéder à une citoyenneté pleine et entière.", "ville": "Kalla—Kbira ; Msaken ; Kondar ; Akouda", "latitude": 35.8746739, "longitude": 10.5718086, "secteur": 32, "unite_administrative": null, "pays": "TN", "statut": "Terminé", "financement": null, "date_debut": "2022-01-01", "date_completion": "2022-09-30", "budget": 14772.0, "commentaires": "", "url": "", "thematiques": []}}]	1	13	\N
48	47	2024-09-30 21:54:19.757073+00	2024-09-30 21:54:19.77126+00	0	1	2024-09-30 21:54:19.771163+00	Auto-approved: Superuser	[{"model": "projets.projet", "pk": 47, "fields": {"referent": 18, "no_reference": "", "titre": "Formation au numérique / D-CLIC : Renforcement de capacités aux métiers du numérique en Tunisie", "partenaire": 41, "resume": "Résumé : Le projet vise à former 150 jeunes, répartis en cohortes à Tunis et Nabeul, sur des métiers numériques de pointe. Il prévoit des formations dans des domaines tels que la fabrication additive et l’impression 3D, la réalité virtuelle, le développement de jeux vidéo et la modélisation 2D/3D. Ce programme vise à réduire l'écart de compétences numériques en Tunisie en offrant aux jeunes, notamment les femmes, une formation qualifiée adaptée aux besoins actuels du marché numérique.\\r\\nSous thématiques\\r\\nAutonomisation économique/entrepreneuriat : Soutenir les jeunes et les femmes dans l'accès aux métiers du numérique.\\r\\nÉducation/Formation professionnelle : Offrir des opportunités de formation qualifiée et adaptée aux besoins du marché numérique.\\r\\nÉgalité femmes-hommes : Assurer une parité dans l’accès aux compétences numériques et soutenir l’inclusion de femmes dans ces secteurs.\\r\\nTechnologies numériques : Développer des compétences techniques pointues dans des métiers émergents du numérique.", "resultats": "Formation de 150 jeunes, dont 50% de femmes, dans des métiers numériques.\\r\\nInclusion de jeunes issus de milieux défavorisés pour une meilleure égalité des chances dans l’accès aux compétences numériques.\\r\\nDéveloppement de compétences numériques recherchées sur le marché, telles que l’impression 3D, le développement de jeux vidéo et la réalité virtuelle.\\r\\nCréation de débouchés professionnels pour les bénéficiaires, notamment dans les secteurs du design numérique et du développement d'applications.\\r\\nRenforcement des capacités locales de formation dans le secteur numérique.", "ville": "Djibouti", "latitude": 11.7145966, "longitude": 42.8453061, "secteur": 6, "unite_administrative": null, "pays": "DJ", "statut": "Terminé", "financement": 3, "date_debut": "2021-11-02", "date_completion": "2022-12-31", "budget": 98560.0, "commentaires": "Ce projet est une initiative importante pour le développement du secteur numérique à Djibouti. Il met en avant l’égalité des sexes et l'inclusion des jeunes et des personnes éloignées de l’emploi. En formant des jeunes dans des secteurs numériques d'avenir, le projet renforce les capacités locales tout en créant des opportunités concrètes d'emploi et d’entrepreneuriat.\\r\\n\\r\\nAutres Partenaires : Partenaires locaux pour le soutien technique et les infrastructures de formation\\r\\nSpécialistes en technologies numériques pour la conception des modules de formation", "url": "", "thematiques": []}}]	1	13	\N
33	32	2024-09-27 03:05:47.272309+00	2024-09-27 03:05:47.284539+00	0	1	2024-09-27 03:05:47.284447+00	Auto-approved: Superuser	[{"model": "projets.projet", "pk": 32, "fields": {"referent": 16, "no_reference": "", "titre": "Renforcement de l'autonomisation économique et sociale des femmes et filles de Mandouri", "partenaire": 26, "resume": "Le but du projet est de renforcer l'autonomisation économique et sociale des femmes et des filles de Mandouri.", "resultats": "Le renforcement de l'autonomisation économique et sociale des femmes et des filles de Mandouri.", "ville": "Mandouri", "latitude": 10.8500153, "longitude": 0.8178219, "secteur": null, "unite_administrative": null, "pays": "TG", "statut": "Terminé", "financement": null, "date_debut": "2021-10-20", "date_completion": "2022-10-30", "budget": 36000.0, "commentaires": "", "url": "", "thematiques": []}}]	1	13	\N
7	7	2024-09-24 19:05:52.091949+00	2024-09-27 16:26:12.252432+00	0	1	2024-09-27 16:26:12.252352+00	Auto-approved: Superuser	[{"model": "projets.projet", "pk": 7, "fields": {"referent": 8, "no_reference": "", "titre": "Contribution à la poursuite d'identification des bénéficiaires du futur réseau des Espaces du Livre Francophone (ELFE) du Vanuatu", "partenaire": 1, "resume": "Étude pour l'implantation des Espaces du Livre Francophone dans les régions de Craig Cove, Lonorore, Lamap, Anatom, Tongoa et Emae au Vanuatu.", "resultats": "Identifier les conditions d'implantation des Espaces du Livre Francophone dans les régions spécifiées.", "ville": "Port-Vila", "latitude": -17.7414972, "longitude": 168.3150163, "secteur": 25, "unite_administrative": "Représentation extérieures (REPEX)", "pays": "VU", "statut": "En Cours d'exécution", "financement": 2, "date_debut": "2019-05-22", "date_completion": "2019-11-30", "budget": 9.0, "commentaires": "", "url": "", "thematiques": [2]}}]	1	13	\N
13	13	2024-09-26 09:51:37.052179+00	2024-09-26 10:11:59.819184+00	0	1	2024-09-26 10:11:59.819104+00	Auto-approved: Superuser	[{"model": "projets.projet", "pk": 13, "fields": {"referent": 16, "no_reference": "", "titre": "Projet d’autonomisation des femmes et des jeunes filles d’Amizero", "partenaire": 8, "resume": "Le projet contribue à l'autonomisation des femmes et jeunes filles vulnérables à Amizero, au Rwanda, par le biais de la création d'activités génératrices de revenus (AGR) adaptées, telles que des initiatives entrepreneuriales dans l'élevage et la pisciculture. Il vise également à renforcer la confiance des bénéficiaires à travers un accompagnement psychosocial. Ce projet aide les jeunes filles à mieux comprendre et gérer les enjeux de la sexualité et de la reproduction, en les sensibilisant aux risques liés aux grossesses non désirées et aux violences basées sur le genre.\\r\\n\\r\\nLes sous thématiques abordées sont:\\r\\n\\r\\n- Autonomisation économique et entrepreneuriat\\r\\n- Éducation et formation professionnelle\\r\\n- Santé reproductive et droits des femmes\\r\\n\\r\\nLe bénéficiaire de projet est l'ONG  Auto-Développement Afrique (ADA) qui est une organisation non-gouvernementale basée au Rwanda, active depuis 1986, spécialisée dans l'entrepreneuriat et le développement communautaire.", "resultats": "Autonomisation des jeunes filles et femmes par des AGR (activités génératrices de revenus) comme l’élevage et la pisciculture.\\r\\n\\r\\nRenforcement des compétences entrepreneuriales des bénéficiaires grâce à des formations pratiques.\\r\\n\\r\\nRéduction des violences basées sur le genre et des grossesses non désirées par des actions de sensibilisation.", "ville": "Kigali, District de Nyamurenge, Rwanda", "latitude": null, "longitude": null, "secteur": 13, "unite_administrative": "Direction du Siège", "pays": "RW", "statut": "Terminé", "financement": 3, "date_debut": "2020-12-15", "date_completion": "2021-08-31", "budget": 25000.0, "commentaires": "", "url": "", "thematiques": [2]}}]	1	13	\N
10	10	2024-09-24 20:53:58.115992+00	2024-09-26 13:27:49.896391+00	0	1	2024-09-26 13:27:49.896315+00	Auto-approved: Superuser	[{"model": "projets.projet", "pk": 10, "fields": {"referent": 16, "no_reference": "", "titre": "Projet d'autonomisation des veuves et femmes au foyer vulnérables", "partenaire": 7, "resume": "Ce projet vise à l'autonomisation des veuves et des femmes vulnérables à travers la mise en place de pratiques piscicoles durables dans les villages de l'arrondissement de Nkolafamba, dans le Département de la Méfou et Afamba, Région du Centre Cameroun.\\r\\n\\r\\nIl a pour objectif d'améliorer l’autonomisation des veuves et des femmes en situation de vulnérabilité en leur offrant des moyens durables de subsistance par la pisciculture. Le projet prévoit d’enseigner aux bénéficiaires des techniques de pisciculture familiale, leur permettant d’avoir un revenu stable et d’améliorer leurs conditions de vie.\\r\\n\\r\\nSous- thématiques :\\r\\n\\r\\n- Autonomisation économique / entrepreneuriat : Le projet aide les femmes à créer et gérer leurs propres activités génératrices de revenus dans le domaine de la pisciculture.\\r\\n- Éducation et formation professionnelle : Formation des femmes à la pisciculture et gestion durable des ressources naturelles.\\r\\n\\r\\n\\r\\nBénéficiaire :\\r\\n\\r\\nAssociation Camerounaise des Techniciens Supérieurs de Génie Rural (ACTSGR) qui est une association spécialisée dans le développement rural au Cameroun, en particulier dans les zones à faible développement économique.", "resultats": "Autonomisation économique des femmes bénéficiaires par la création d'activités génératrices de revenus dans la pisciculture.\\r\\n\\r\\nAmélioration des compétences professionnelles des veuves et femmes vulnérables grâce à une formation pratique.\\r\\n\\r\\nRéduction de la précarité économique des bénéficiaires à travers une meilleure inclusion dans le tissu économique local", "ville": "Nkolafamba, Awaé et Soa, Région du Centre Cameroun", "latitude": 3.858905, "longitude": 11.6648502, "secteur": 13, "unite_administrative": "Direction du Siège", "pays": "CM", "statut": "Terminé", "financement": 3, "date_debut": "2020-12-15", "date_completion": "2021-08-31", "budget": 40597.0, "commentaires": "", "url": "", "thematiques": [2]}}]	1	13	\N
14	14	2024-09-26 10:09:23.019042+00	2024-09-26 13:55:16.622447+00	0	1	2024-09-26 13:55:16.622369+00	Auto-approved: Superuser	[{"model": "projets.projet", "pk": 14, "fields": {"referent": 16, "no_reference": "", "titre": "Promotion de l’Entrepreneuriat et de l’Autonomisation des Femmes Bayam Selam en période de COVID-19 au Cameroun (PEA-FEMMES)", "partenaire": 9, "resume": "Le projet PEA-FEMMES vise à soutenir les femmes entrepreneurs dans le secteur informel au Cameroun, notamment les \\"bayam selam\\" (femmes commerçantes opérant dans le commerce de détail), qui ont été sévèrement touchées par la pandémie de COVID-19\\r\\n\\r\\nIl vise également à promouvoir l'égalité des sexes et l'autonomisation des femmes bayam selam au Cameroun en réponse aux impacts économiques et sociaux de la pandémie de COVID-19. Ce projet met l’accent sur l’amélioration des capacités entrepreneuriales des femmes, leur formation à des activités génératrices de revenus (AGR) adaptées et l'accès à des microfinancements pour relancer leurs activités affectées par la crise.\\r\\n\\r\\nLes sous thématiques abordés sont:\\r\\n\\r\\n- Autonomisation économique et entrepreneuriat\\r\\n- Éducation et formation professionnelle\\r\\n- Soutien économique post-crise COVID-19\\r\\n\\r\\nLe bénéficiaire de ce projet est l'ONG Alternatives Durables pour le Développement (ADD) fondée en 1997, spécialisée dans le développement durable et l’autonomisation des femmes. Elle est accréditée par l’OIF et a déjà mis en œuvre plusieurs projets similaires.", "resultats": "Amélioration des compétences entrepreneuriales des femmes bayam selam pour leur permettre de relancer leurs activités économiques affectées par la pandémie.\\r\\n\\r\\nAccès à des microfinancements adaptés aux besoins des femmes dans le secteur informel.\\r\\n\\r\\nSensibilisation des femmes aux droits des femmes et à la gestion des finances en période de crise.", "ville": "Yaoundé", "latitude": 3.8689867, "longitude": 11.5213344, "secteur": 13, "unite_administrative": "Direction du Siège", "pays": "CM", "statut": "Terminé", "financement": 3, "date_debut": "2020-12-15", "date_completion": "2021-08-31", "budget": 40000.0, "commentaires": "", "url": "", "thematiques": [2]}}]	1	13	\N
17	17	2024-09-26 10:53:38.190527+00	2024-09-26 13:01:31.797067+00	0	1	2024-09-26 13:01:31.796987+00	Auto-approved: Superuser	[{"model": "projets.projet", "pk": 17, "fields": {"referent": 16, "no_reference": "", "titre": "Formation et insertion économique des femmes victimes d’abandon, d’exil et de violences à Abidjan", "partenaire": 13, "resume": "Le projet se concentre sur l'autonomisation économique des femmes vulnérables victimes d’abandon et de violences dans les quartiers d’Abobo, Adjamé et Yopougon à Abidjan, Côte d'Ivoire. Ce projet vise à offrir des formations en entrepreneuriat, en artisanat et en transformation alimentaire à des femmes en situation de vulnérabilité à Abidjan. Il s'agit d'un soutien économique et social pour les femmes qui se trouvent souvent marginalisées dans les marchés locaux et souffrent d’un manque d'accès aux ressources économiques. Le projet permettra également d'améliorer leur autonomie financière et leur réinsertion dans le tissu économique ivoirien.\\r\\n\\r\\nSous-thématiques :\\r\\n- Autonomisation économique / entrepreneuriat\\r\\n- Réinsertion économique\\r\\n- Formation professionnelle\\r\\n\\r\\nBénéficiaire :\\r\\nAssociation Internationale de Lutte Contre les Violences (AILV), une organisation non gouvernementale basée en Côte d'Ivoire, dédiée à la lutte contre les violences faites aux femmes et à la promotion de leur autonomie économique.", "resultats": "- Formation de 100 femmes en situation de vulnérabilité à des activités génératrices de revenus (AGR) telles que la transformation alimentaire et l’artisanat.\\r\\n\\r\\n- Renforcement des capacités économiques des femmes grâce à des formations pratiques.\\r\\n\\r\\n- Réduction de l’abandon et des violences contre les femmes par leur intégration dans l'économie formelle.", "ville": "Abobo", "latitude": 5.435487, "longitude": -4.029007, "secteur": 13, "unite_administrative": "Direction du Siège", "pays": "CI", "statut": "Terminé", "financement": 3, "date_debut": "2020-12-15", "date_completion": "2021-08-31", "budget": 40000.0, "commentaires": "", "url": "", "thematiques": [2]}}]	1	13	\N
18	18	2024-09-26 12:34:16.518737+00	2024-09-26 13:23:22.650108+00	0	1	2024-09-26 13:23:22.65003+00	Auto-approved: Superuser	[{"model": "projets.projet", "pk": 18, "fields": {"referent": 16, "no_reference": "", "titre": "Carav'Elles : Soutien aux femmes déplacées internes au Cameroun via l'entrepreneuriat et l'autonomisation économique", "partenaire": 12, "resume": "Le projet Carav'Elles vise à autonomiser les femmes déplacées internes au Cameroun, notamment celles affectées par les conflits dans les régions anglophones et la guerre de Boko Haram, en les soutenant dans le développement d'activités génératrices de revenus.\\r\\n\\r\\nLe Cameroun est un pays où les femmes continuent de jouer un rôle clé dans le développement de la famille et de la communauté, mais leur capacité à créer des richesses est souvent limitée par des obstacles liés à l’accès aux financements et à l'éducation. Ce projet se concentre sur les femmes déplacées internes dans le nord et le sud-ouest du Cameroun, les formant à développer des activités génératrices de revenus (AGR) adaptées, telles que la couture, l'agriculture et le commerce. Les formations permettront aux bénéficiaires de mieux s’intégrer économiquement et socialement tout en les aidant à surmonter les traumatismes liés aux conflits.\\r\\n\\r\\nSous-thématiques :\\r\\n- Autonomisation économique / entrepreneuriat\\r\\n- Éducation et formation professionnelle\\r\\n- Soutien aux femmes déplacées\\r\\n\\r\\nBénéficiaire :\\r\\nAfrican Women in Tech Startups (AFRICANWITS), une association camerounaise qui soutient l'autonomisation des femmes et des jeunes filles dans le domaine des technologies et de l'entrepreneuriat.", "resultats": "- Autonomisation économique des femmes déplacées internes par des AGR comme la couture, l'agriculture, et l'artisanat.\\r\\n\\r\\n- Sensibilisation et formation des femmes sur leurs droits économiques et sociaux.\\r\\n\\r\\n- Réduction des inégalités de genre et amélioration de la situation économique des femmes déplacées.", "ville": "Douala", "latitude": 4.06, "longitude": 9.7062018, "secteur": 13, "unite_administrative": "Direction du Siège", "pays": "CM", "statut": "Terminé", "financement": 3, "date_debut": "2020-12-15", "date_completion": "2021-08-31", "budget": 50000.0, "commentaires": "", "url": "", "thematiques": [2]}}]	1	13	\N
5	5	2024-09-24 14:39:31.632911+00	2024-09-27 16:26:40.305385+00	0	1	2024-09-27 16:26:40.305307+00	Auto-approved: Superuser	[{"model": "projets.projet", "pk": 5, "fields": {"referent": 10, "no_reference": "", "titre": "Radio Jeunesse Sahel", "partenaire": 1, "resume": "Concourir à une transition apaisée entre la fermeture de la radio jeunesse francophone 4 Ouagadougou et la ouverture de Radio Jeunesse Sahel, dans le même bâtiment, à la demande des autorités nationales burkinabé, l'OIF accorde au bénéficiaire une subvention visant à : prendre en charge la formation du personnel bénévole de l'ancienne radio jeunesse francophone en techniques de production et d'animation radiophonique ; assurer un accompagnement à l'insertion socio-professionnelle du personnel bénévole de l'ancienne radio jeunesse francophone.", "resultats": "Formation du personnel bénévole en techniques de production et d'animation radiophonique. Accompagnement à l'insertion socio-professionnelle du personnel bénévole", "ville": "Ouagadougou", "latitude": 12.3681873, "longitude": -1.5270944, "secteur": 10, "unite_administrative": "Direction du Siège", "pays": "BF", "statut": "En Cours d'exécution", "financement": null, "date_debut": "2021-06-23", "date_completion": "2024-09-24", "budget": 61658.0, "commentaires": "", "url": "", "thematiques": [1]}}]	1	13	\N
45	44	2024-09-30 21:43:51.945109+00	2024-09-30 21:44:37.57616+00	0	1	2024-09-30 21:44:37.576079+00	Auto-approved: Superuser	[{"model": "projets.projet", "pk": 44, "fields": {"referent": 18, "no_reference": "", "titre": "Formation au numérique / D-CLIC : Renforcement de capacités aux métiers du numérique à Djibouti", "partenaire": 38, "resume": "Ce projet prévoit de former 100 jeunes Djiboutiens, dont 50 % de femmes, aux compétences numériques dans la ville de Djibouti. Les formations porteront sur le développement web et l'entrepreneuriat numérique. L’objectif est de répondre à la demande croissante de compétences numériques au niveau local tout en réduisant le fossé numérique pour les jeunes et les femmes, souvent marginalisés dans le secteur.\\r\\nSous-thématiques\\r\\nAutonomisation économique/entrepreneuriat : Former des jeunes et des femmes dans les métiers porteurs du numérique.\\r\\nÉducation/Formation professionnelle : Offrir des formations qualifiantes adaptées au marché local.\\r\\nÉgalité femmes-hommes : Réduire les inégalités d’accès aux compétences numériques.\\r\\nTechnologies numériques : Former des jeunes aux compétences numériques avancées.", "resultats": "Formation de 100 jeunes Djiboutiens, dont 50 femmes, aux métiers du numérique.\\r\\nAcquisition de compétences pratiques en développement web et en entrepreneuriat.\\r\\nInclusion des femmes dans des secteurs d'avenir.\\r\\nCréation de débouchés professionnels dans l'économie locale.\\r\\nRenforcement des capacités locales en matière de formation numérique.", "ville": "Djibouti", "latitude": 11.8145966, "longitude": 42.8453061, "secteur": 6, "unite_administrative": null, "pays": "DJ", "statut": "Terminé", "financement": 3, "date_debut": "2021-12-08", "date_completion": "2022-12-14", "budget": 93588.0, "commentaires": "Ce projet est une opportunité unique pour la jeunesse de Djibouti de s'intégrer dans le marché du travail numérique. En mettant un accent sur l’inclusion des femmes et en répondant aux besoins de l'économie locale, l’OIF contribue à l'autonomisation des jeunes et au développement durable du secteur numérique à Djibouti.\\r\\n\\r\\nAutres Partenaires : Partenaires locaux pour la formation technique et l’accompagnement professionnel.", "url": "", "thematiques": [4]}}]	1	13	\N
16	16	2024-09-26 10:49:56.319875+00	2024-09-26 13:45:47.788911+00	0	1	2024-09-26 13:45:47.788806+00	Auto-approved: Superuser	[{"model": "projets.projet", "pk": 16, "fields": {"referent": 16, "no_reference": "", "titre": "Projet pilote d’appui à la promotion de la participation des femmes au développement économique et social de leurs communautés du nord Bénin", "partenaire": 11, "resume": "Ce projet soutient l'autonomisation économique des femmes dans les communes rurales du nord Bénin, en particulier à travers la transformation de noix de karité en beurre pour une meilleure intégration des femmes dans les chaînes de valeur locales. \\r\\n\\r\\nIl vise à promouvoir l’autonomisation des femmes et leur contribution au développement économique local dans les communes de N'Dali et Parakou au Bénin. Il soutient la création de coopératives féminines pour la transformation de produits locaux, notamment la noix de karité. Ce projet aide également à former les femmes aux techniques agricoles et commerciales, à les sensibiliser à leurs droits économiques, et à renforcer leur participation dans la prise de décision locale.\\r\\n\\r\\n\\r\\nSous-thématique:\\r\\n\\r\\n- Autonomisation économique / entrepreneuriat\\r\\n- Éducation et formation professionnelle\\r\\n- Agriculture durable\\r\\n\\r\\nBénéficiaire :\\r\\nAssociation Féminine pour une Jeunesse Espoir (AFEJE), une ONG béninoise qui travaille dans les domaines du développement communautaire, en particulier dans l'autonomisation des femmes et des jeunes.", "resultats": "- Création de coopératives féminines pour la transformation de noix de karité en beurre.\\r\\n\\r\\n- Renforcement des compétences techniques et commerciales des femmes bénéficiaires.\\r\\n\\r\\n- Augmentation des revenus des femmes à travers la vente de produits transformés.\\r\\n\\r\\n- Amélioration de la participation des femmes aux affaires locales et économiques.", "ville": "N'Dali, Parakou", "latitude": 9.34649, "longitude": 2.6431306, "secteur": 13, "unite_administrative": "Direction du Siège", "pays": "BJ", "statut": "Terminé", "financement": 3, "date_debut": "2020-12-15", "date_completion": "2021-08-31", "budget": 35000.0, "commentaires": "", "url": "", "thematiques": [2]}}]	1	13	\N
15	15	2024-09-26 10:22:44.635867+00	2024-09-26 13:52:14.025324+00	0	1	2024-09-26 13:52:14.025219+00	Auto-approved: Superuser	[{"model": "projets.projet", "pk": 15, "fields": {"referent": 16, "no_reference": "", "titre": "L'activité agricole, moyen de réinsertion sociale des femmes victimes de guerres", "partenaire": 10, "resume": "Ce projet vise à réinsérer socialement les femmes victimes de conflits dans la région du Sud-Kivu, République Démocratique du Congo, à travers des activités agricoles durables. Il cible les femmes victimes des conflits dans la région de Bukavu, au Sud-Kivu, qui ont subi des violences, des déplacements forcés, et des pertes matérielles. L'objectif est d'améliorer leurs conditions de vie en leur fournissant une réinsertion économique par l'agriculture. Les activités proposées incluent la culture maraîchère, l’élevage, et la pisciculture. Ce projet vise également à restaurer leur dignité et à favoriser leur inclusion économique à travers la création d'activités génératrices de revenus.\\r\\n\\r\\nSous-thématiques :\\r\\n- Autonomisation économique / entrepreneuriat\\r\\n- Agriculture durable\\r\\n- Réhabilitation sociale des femmes victimes de violences\\r\\n\\r\\nBénéficiaire :\\r\\nAFDI Pays de la Loire qui est une association française qui soutient le développement rural dans les pays en développement, en particulier à travers des partenariats avec des organisations locales.", "resultats": "- Réinsertion sociale et économique des femmes victimes de conflits.\\r\\n\\r\\n- Renforcement des compétences agricoles pour assurer une autonomie alimentaire et générer des revenus.\\r\\n\\r\\n- Amélioration des conditions de vie des femmes à travers des initiatives de micro-entrepreneuriat agricole.", "ville": "Sud-Kivu", "latitude": -3.2653155, "longitude": 27.8705717, "secteur": 13, "unite_administrative": "Direction du Siège", "pays": "CD", "statut": "Terminé", "financement": 3, "date_debut": "2020-12-15", "date_completion": "2021-08-31", "budget": 45000.0, "commentaires": "", "url": "", "thematiques": [2]}}]	1	13	\N
34	33	2024-09-27 03:10:42.408114+00	2024-09-27 03:12:53.972426+00	0	1	2024-09-27 03:12:53.972346+00	Auto-approved: Superuser	[{"model": "projets.projet", "pk": 33, "fields": {"referent": 16, "no_reference": "", "titre": "Appui au renforcement de l’autonomisation de deux associations de femmes dans la commune rurale de Koundian par le maraîchage", "partenaire": 27, "resume": "Améliorer durablement la sécurité alimentaire et nutritionnelle des groupes vulnérables dans les villages de Koundian, et Nanifara en favorisant leur accès aux facteurs de production, technologies et marchés et en renforçant les capacités des femmes dans la prise en charge de la sécurité alimentaire dans le développement local.", "resultats": "Renforcer l'accompagnement des femmes en situation de vulnérabilité, les soutenir en vue du développement d’activités génératrices de revenus (AGR) et de leur formation professionnelle. Accroître l'information des femmes et leur offrir une plateforme d’expression sur les pandémies, la santé en général et la prévention des maladies, et les former sur les moyens de s’en prémunir, de bénéficier de soins de santé et d’accéder à une citoyenneté pleine et entière. Favoriser l'éducation et la formation professionnelle des femmes, ainsi que la scolarisation de leurs enfants.", "ville": "Koundian", "latitude": 13.1613772, "longitude": -10.6837424, "secteur": null, "unite_administrative": "Direction du Siège", "pays": "ML", "statut": "Terminé", "financement": 3, "date_debut": "2021-10-20", "date_completion": "2022-10-30", "budget": 31000.0, "commentaires": "", "url": "", "thematiques": [5]}}]	1	13	\N
49	48	2024-09-30 21:59:03.905994+00	2024-09-30 21:59:03.917686+00	0	1	2024-09-30 21:59:03.917607+00	Auto-approved: Superuser	[{"model": "projets.projet", "pk": 48, "fields": {"referent": 18, "no_reference": "", "titre": "Formation au numérique / D-CLIC : Renforcement de capacités aux métiers du numérique à Madagascar", "partenaire": 42, "resume": "Le projet a pour but de former 240 jeunes aux métiers du numérique à Madagascar, avec des formations axées sur des compétences numériques essentielles comme les concepts artistiques numériques et le marketing numérique. Les formations sont réparties en trois cohortes de 80 apprenants à Antananarivo, Fianarantsoa et Tuléar. Ce projet vise à réduire les inégalités d’accès aux compétences numériques, notamment pour les jeunes, les femmes et les populations éloignées de l’emploi.\\r\\nSous thématiques\\r\\nAutonomisation économique/entrepreneuriat : Développement de compétences pour une meilleure employabilité.\\r\\nÉducation/Formation professionnelle : Offrir des formations qualifiantes en numérique.\\r\\nÉgalité femmes-hommes : Promouvoir une parité dans l’accès aux métiers du numérique.\\r\\nTechnologies numériques : Encourager la montée en compétences dans le domaine du numérique", "resultats": "Formation de 240 jeunes (dont 50 % de femmes) aux compétences numériques.\\r\\nDéveloppement de compétences en marketing numérique et en concepts artistiques numériques.\\r\\nInclusion des jeunes et des femmes dans des secteurs porteurs du numérique.\\r\\nCréation de débouchés professionnels pour les apprenants via des opportunités d’emploi local ou d’entrepreneuriat dans les secteurs du numérique.\\r\\nRenforcement des capacités locales de formation en numérique.", "ville": "Antananarivo", "latitude": -18.9100122, "longitude": 47.5255809, "secteur": 6, "unite_administrative": null, "pays": "MG", "statut": "Terminé", "financement": 3, "date_debut": "2021-11-02", "date_completion": "2022-12-31", "budget": 240000.0, "commentaires": "Ce projet joue un rôle clé dans le développement des compétences numériques à Madagascar, un pays où l’accès à ces compétences reste limité pour de nombreuses jeunes personnes, en particulier pour les femmes. En plus de répondre aux besoins du marché en compétences numériques, il favorise l’inclusion économique et sociale tout en créant des opportunités d'emploi et d’entrepreneuriat. Le projet met également un accent particulier sur l’égalité des sexes et le développement de compétences dans des secteurs porteurs comme le marketing numérique et les concepts artistiques numériques.\\r\\n\\r\\nAutres Partenaires : Acteurs locaux de la formation et du numérique\\r\\nOrganismes de soutien technique", "url": "", "thematiques": []}}]	1	13	\N
22	22	2024-09-26 15:56:03.788909+00	2024-09-26 15:56:03.80043+00	0	1	2024-09-26 15:56:03.800349+00	Auto-approved: Superuser	[{"model": "projets.projet", "pk": 22, "fields": {"referent": 16, "no_reference": "", "titre": "Projet de promotion de l’économie locale à travers le développement des activités génératrices de revenus des femmes vulnérables dans 3 communes du Bénin", "partenaire": 16, "resume": "Ce projet vise à promouvoir l’autonomisation des femmes et leur contribution au développement économique local à travers la transformation des matières premières et la création d’activités génératrices de revenus (AGR) dans trois communes du Bénin. Il inclut la mise en place d’ateliers de transformation, de formation, et d’accompagnement pour aider les femmes vulnérables à développer des AGR\\r\\n\\r\\nSous-thématiques\\r\\n\\r\\n- Autonomisation économique des femmes\\r\\n- Renforcement des capacités techniques et professionnelles\\r\\n- Développement local et réduction des inégalités de genre", "resultats": "- Mise en place de 4 cycles de formation des femmes sur la gestion et la commercialisation des AGR.\\r\\n\\r\\n- Création de nouveaux emplois et augmentation des revenus pour les bénéficiaires.\\r\\n\\r\\n- Renforcement de la participation des femmes dans les marchés locaux.\\r\\n\\r\\n- Adoption de nouveaux procédés technologiques de transformation pour les AGR.\\r\\n\\r\\n- Formation de 150 femmes pour améliorer leur savoir-faire et renforcer leur rôle dans l’économie locale.\\r\\n\\r\\n- Augmentation des opportunités économiques pour les femmes et réduction des inégalités liées au genre", "ville": "Glazoué", "latitude": 8.16811735, "longitude": 2.2291357527306785, "secteur": 33, "unite_administrative": "Direction du Siège", "pays": "BJ", "statut": "Terminé", "financement": 3, "date_debut": "2020-12-15", "date_completion": "2021-08-31", "budget": 60000.0, "commentaires": "", "url": "", "thematiques": []}}]	1	13	\N
21	21	2024-09-26 15:28:58.507751+00	2024-09-26 15:51:32.480353+00	0	1	2024-09-26 15:51:32.480277+00	Auto-approved: Superuser	[{"model": "projets.projet", "pk": 21, "fields": {"referent": 16, "no_reference": "", "titre": "Projet Celles d'Amed", "partenaire": 15, "resume": "Le projet Celles d'Amed contribue à l’autonomisation et la résilience des femmes dans le domaine des droits sanitaires, en renforçant leur accès à la santé reproductive, la nutrition et la réduction des inégalités. Il vise également à soutenir les femmes productrices alimentaires en améliorant leur capacité de production de denrées alimentaires à haute valeur nutritive. À travers ce projet, des campagnes de sensibilisation communautaire seront menées sur la nutrition et la santé des femmes, ainsi que sur leurs droits en matière de santé reproductive. Les femmes productrices seront formées à l'amélioration de la qualité des aliments produits localement.\\r\\n\\r\\nSous thématiques :\\r\\n- Santé reproductive\\r\\n- Nutrition\\r\\n- Droits des femmes\\r\\n- Sensibilisation à l'égalité des genres\\r\\n- Autonomisation économique des femme", "resultats": "Former 100 femmes à la production de denrées alimentaires à haute valeur nutritive.\\r\\n\\r\\nSensibiliser 1 200 jeunes (filles et garçons) âgés de 5 à 25 ans sur la nutrition et les droits en matière de santé reproductive.\\r\\n\\r\\nSensibiliser 15 agents de santé communautaires sur la promotion des services de santé reproductive.\\r\\n\\r\\nRéaliser des campagnes de sensibilisation touchant environ 100 000 personnes dans les communautés de la région de Kolda.", "ville": "Kolda", "latitude": 13.1291507, "longitude": -14.418147374323599, "secteur": 32, "unite_administrative": "Direction du Siège", "pays": "SN", "statut": "Terminé", "financement": 3, "date_debut": "2020-12-15", "date_completion": "2021-08-31", "budget": 60000.0, "commentaires": "", "url": "", "thematiques": [2]}}]	1	13	\N
35	34	2024-09-27 03:19:09.270322+00	2024-09-27 03:19:09.281974+00	0	1	2024-09-27 03:19:09.281875+00	Auto-approved: Superuser	[{"model": "projets.projet", "pk": 34, "fields": {"referent": 16, "no_reference": "", "titre": "Projet de renforcement de la résilience socio-économique de 150 femmes membres de la coopérative COVIMA", "partenaire": 28, "resume": "Améliorer des conditions technico-socio économiques des femmes productrices de COVIMA", "resultats": "Renforcer l'accompagnement des femmes en situation de vulnérabilité, soutenir leur développement d'activités génératrices de revenus (AGR) et leur formation professionnelle.", "ville": "Bouaflé", "latitude": 6.9926792, "longitude": -5.7444227, "secteur": null, "unite_administrative": "Direction du Siège", "pays": "CI", "statut": "Terminé", "financement": 3, "date_debut": "2021-10-20", "date_completion": "2022-10-30", "budget": 54000.0, "commentaires": "", "url": "", "thematiques": []}}]	1	13	\N
42	41	2024-09-30 14:53:49.024681+00	2024-09-30 15:22:49.024863+00	0	1	2024-09-30 15:22:49.024783+00	Auto-approved: Superuser	[{"model": "projets.projet", "pk": 41, "fields": {"referent": 18, "no_reference": "", "titre": "Formation au numérique / D-CLIC : Renforcement de capacités aux métiers du numérique en Côte d'Ivoire", "partenaire": 35, "resume": "Ce projet vise à former 100 femmes aux métiers du numérique à travers des formations en développement Web Java, marketing digital, infographie, design UI/UX. Le programme s’inscrit dans l’initiative de l’OIF \\"D-CLIC\\" pour accompagner le renforcement des compétences numériques des populations francophones vulnérables, notamment les jeunes et les femmes. La formation est divisée en 4 cohortes de 25 femmes, dans les villes d’Abidjan, Yamoussoukro et Bonoua, avec pour objectif d'améliorer leur employabilité et de favoriser leur insertion dans le marché du travail numérique.\\r\\n\\r\\nSous thématiques:\\r\\nFormation professionnelle\\r\\nAutonomisation économique des femmes\\r\\nInnovation numérique", "resultats": "Formation de 100 femmes en compétences numériques avancées, prêtes à entrer dans le marché de l’emploi numérique.\\r\\nAmélioration de l’employabilité des femmes dans le secteur des technologies de l’information.\\r\\nRenforcement de la capacité des femmes à contribuer au développement économique par le numérique.", "ville": "Bonoua", "latitude": 5.2736582, "longitude": -3.5966802, "secteur": 6, "unite_administrative": "Direction du Siège", "pays": "CI", "statut": "Terminé", "financement": 3, "date_debut": "2021-12-08", "date_completion": "2022-12-31", "budget": 125597.0, "commentaires": "Le projet 24 est un programme ambitieux qui vise à réduire la fracture numérique et à augmenter l'employabilité des femmes en Côte d’Ivoire à travers des formations ciblées dans des domaines du numérique en pleine expansion. En plus d’apporter des compétences techniques, ce projet se veut un levier d’autonomisation économique pour les femmes dans un secteur qui reste souvent dominé par les hommes.\\r\\n\\r\\nPartenaire :  Diverses institutions et entreprises locales liées aux technologies de l'information et de la communication\\r\\n\\r\\nBénéficiaires (Cible direct) : Jeunes âgés de 18 à 35 ans, en situation de vulnérabilité, en particulier ceux éloignés de l'emploi.\\r\\nPersonnes en reconversion professionnelle ou ayant besoin de compétences numériques pour accéder à l’emploi.\\r\\nJeunes femmes et groupes sous-représentés dans les secteurs numériques et technologiques.", "url": "", "thematiques": [4]}}]	1	13	\N
36	35	2024-09-27 03:25:52.372212+00	2024-09-27 03:25:52.383779+00	0	1	2024-09-27 03:25:52.383695+00	Auto-approved: Superuser	[{"model": "projets.projet", "pk": 35, "fields": {"referent": 16, "no_reference": "", "titre": "Projet de renforcement de la résilience des femmes et des filles déplacées internes (FFDI) et de leur insertion socio-économique", "partenaire": 29, "resume": "Contribuer au renforcement de la résilience des FFDI et de leur insertion socio-économique à travers l'implication des femmes étuveuses de riz des communes de Komsilga (Région du Centre) et de Boussouma (Région du Centre-Nord).", "resultats": "Renforcement de l'accompagnement des femmes en situation de vulnérabilité, soutien au développement d'activités génératrices de revenus et de leur formation professionnelle, accroissement de l'information des femmes sur la santé et la prévention des maladies, favorisation de l'éducation et de la formation professionnelle des femmes.", "ville": "Komsilga et Boussouma", "latitude": 12.91069, "longitude": -1.0819, "secteur": null, "unite_administrative": null, "pays": "BF", "statut": "Terminé", "financement": 3, "date_debut": "2021-10-20", "date_completion": "2022-10-30", "budget": 45000.0, "commentaires": "", "url": "", "thematiques": []}}]	1	13	\N
24	23	2024-09-26 22:52:25.572+00	2024-09-26 23:00:22.055552+00	0	1	2024-09-26 23:00:22.05547+00	Auto-approved: Superuser	[{"model": "projets.projet", "pk": 23, "fields": {"referent": 16, "no_reference": "", "titre": "Agent à l’autonomisation des femmes maraîchères dans la Commune de Nouadhibou", "partenaire": 17, "resume": "Le projet est conçu pour soutenir l’autonomisation des femmes maraîchères de la commune de Nouadhibou en Mauritanie à travers des activités agricoles, principalement dans le domaine du maraîchage. La Mauritanie est un pays où les femmes, en particulier celles vivant dans des zones rurales, rencontrent des obstacles importants à leur participation à l’économie locale. Ce projet vise à lever ces obstacles en améliorant les compétences techniques et entrepreneuriales des femmes dans la production agricole.\\r\\n\\r\\nBénéficiaires :\\r\\nLe projet cible principalement 200 femmes maraîchères de la commune de Nouadhibou. Ces femmes font face à des défis socio-économiques et environnementaux considérables. La plupart d’entre elles dépendent de l'agriculture pour subvenir aux besoins de leurs familles, mais elles manquent souvent des compétences nécessaires pour augmenter leur productivité et accéder aux marchés", "resultats": "- Plus de 200 femmes maraîchères auront acquis des compétences techniques et entrepreneuriales qui leur permettront de gérer plus efficacement leurs exploitations.\\r\\n\\r\\n- Augmentation significative de la production maraîchère dans la commune de Nouadhibou grâce à l’adoption de techniques agricoles modernes.\\r\\n\\r\\n- Amélioration des revenus des femmes grâce à une meilleure commercialisation de leurs produits agricoles.\\r\\n\\r\\n- Intégration des femmes dans la chaîne de valeur agricole locale et régionale, augmentant ainsi leur rôle dans l'économie locale.", "ville": "Nouadhibou", "latitude": 20.9127045, "longitude": -17.0503094, "secteur": 32, "unite_administrative": null, "pays": "MR", "statut": "Terminé", "financement": 3, "date_debut": "2020-12-15", "date_completion": "2021-08-31", "budget": 50000.0, "commentaires": "La Mauritanie est un pays du nord-ouest de l'Afrique, confronté à des défis climatiques importants, notamment la désertification. Ce projet s'inscrit dans un effort national visant à renforcer l'agriculture durable et à améliorer les conditions de vie des populations rurales, en particulier des femmes.\\r\\n\\r\\nLe projet \\"Agent à l’autonomisation des femmes maraîchères dans la Commune de Nouadhibou\\" est un exemple clé d'une initiative visant à renforcer le rôle des femmes dans l'agriculture et à améliorer leur résilience face aux changements climatiques et aux défis économiques. Il combine des formations techniques, l'introduction des TIC et des approches durables pour créer un impact durable sur la vie des femmes bénéficiaires et leurs communautés.", "url": "", "thematiques": [2]}}]	1	13	\N
46	45	2024-09-30 21:46:35.049874+00	2024-09-30 21:47:42.943406+00	0	1	2024-09-30 21:47:42.943326+00	Auto-approved: Superuser	[{"model": "projets.projet", "pk": 45, "fields": {"referent": 18, "no_reference": "", "titre": "Formation au numérique / D-CLIC : Renforcement de capacités aux métiers du numérique au Mali", "partenaire": 39, "resume": "Ce projet vise à former 150 jeunes Maliens aux compétences numériques et à l'entrepreneuriat dans deux villes : Bamako et Ségou. L’initiative cible des formations pratiques telles que le développement web, la gestion de projets numériques, et l’entrepreneuriat digital. En plus de répondre à la demande croissante de compétences techniques, le projet souhaite offrir des débouchés professionnels concrets pour les jeunes de ces régions.\\r\\nSous-thématiques\\r\\nAutonomisation économique/entrepreneuriat : Former les jeunes aux métiers porteurs du numérique.\\r\\nÉducation/Formation professionnelle : Développer des compétences qualifiantes et pratiques.\\r\\nÉgalité femmes-hommes : Favoriser la participation des jeunes femmes aux formations.\\r\\nTechnologies numériques : Répondre aux besoins du marché en matière de compétences techniques.", "resultats": "Formation de 150 jeunes, dont 50 % de femmes, aux compétences numériques.\\r\\nAcquisition de compétences en développement web, création numérique, et entrepreneuriat.\\r\\nInclusion des femmes dans des métiers d’avenir.\\r\\nCréation de débouchés professionnels dans l'économie locale à Bamako et Ségou.\\r\\nRenforcement des capacités locales pour des formations en numérique.", "ville": "Segou", "latitude": 13.441518, "longitude": -6.268147, "secteur": 6, "unite_administrative": null, "pays": "ML", "statut": "Terminé", "financement": 3, "date_debut": "2021-11-02", "date_completion": "2022-12-31", "budget": 225356.0, "commentaires": "Le projet de Kabakoo Mali est essentiel pour renforcer le secteur numérique malien et encourager l’inclusion des jeunes femmes dans des métiers numériques. En développant des compétences techniques adaptées au marché local, cette initiative apporte des solutions concrètes à l'insertion professionnelle des jeunes tout en promouvant l'égalité des sexes dans l’accès aux opportunités économiques.\\r\\n\\r\\nAutres Partenaires : Partenaires locaux et internationaux pour la mise en œuvre des formations et le soutien technique.", "url": "", "thematiques": [4]}}]	1	13	\N
52	51	2024-09-30 22:05:43.915184+00	2024-09-30 22:05:43.928394+00	0	1	2024-09-30 22:05:43.928311+00	Auto-approved: Superuser	[{"model": "projets.projet", "pk": 51, "fields": {"referent": 18, "no_reference": "", "titre": "Formation au numérique / D-CLIC : Renforcement de capacités aux métiers du numérique en Tunisie", "partenaire": 44, "resume": "Le projet vise à former 150 jeunes, dont 50 % de femmes, aux métiers du numérique dans les villes de Tunis et Sfax, en Tunisie. Les formations proposées couvrent des domaines comme le développement de jeux vidéos avec Unity, la création d’e-commerce, le design UI/UX et le marketing digital UI/UX. L’objectif est d’accompagner la montée en compétences des jeunes dans ces métiers porteurs afin de répondre aux besoins du marché du travail tunisien.\\r\\nSous thématiques\\r\\nAutonomisation économique/entrepreneuriat : Former des jeunes et des femmes dans des métiers porteurs.\\r\\nÉducation/Formation professionnelle : Offrir des opportunités de formation qualifiée dans des secteurs en forte demande.\\r\\nÉgalité femmes-hommes : Assurer une parité dans l’accès aux compétences numériques.\\r\\nTechnologies numériques : Développer les compétences techniques dans des métiers du numérique spécifiques comme Unity et le marketing digital.", "resultats": "Formation de 150 jeunes, dont 50 % de femmes, dans les métiers numériques à Tunis et Sfax.\\r\\nRéduction des inégalités d'accès aux compétences numériques pour les jeunes, en particulier les femmes, grâce à des formations adaptées.\\r\\nAugmentation des opportunités d’emploi ou de création d’entreprises pour les participants.\\r\\nRenforcement des capacités locales en matière de formation et d’accompagnement dans les métiers numériques.", "ville": "Tunis", "latitude": 33.8439408, "longitude": 9.400138, "secteur": 6, "unite_administrative": null, "pays": "TN", "statut": "Terminé", "financement": 3, "date_debut": "2021-11-02", "date_completion": "2022-12-31", "budget": 78000.0, "commentaires": "Ce projet est une initiative importante pour promouvoir l’accès aux métiers numériques en Tunisie, notamment pour les jeunes femmes. En soutenant la formation dans des domaines comme la création d’e-commerce et le design UI/UX, le projet répond à des besoins du marché local tout en favorisant l’employabilité et l’entrepreneuriat. En plus de favoriser l'égalité entre les sexes dans l'accès aux compétences numériques, il renforce les écosystèmes locaux de l’innovation et du numérique.\\r\\n\\r\\nAutres Partenaires : Partenaires locaux pour les formations et l'accompagnement technique.", "url": "", "thematiques": []}}]	1	13	\N
25	24	2024-09-26 23:14:41.035499+00	2024-09-26 23:14:41.047604+00	0	1	2024-09-26 23:14:41.047521+00	Auto-approved: Superuser	[{"model": "projets.projet", "pk": 24, "fields": {"referent": 16, "no_reference": "", "titre": "Accompagnement des populations rurales pour l’Elaboration Fermière - Aulat", "partenaire": 18, "resume": "Le projet vise à améliorer la situation économique et sociale des femmes dans les zones rurales de la région de Basse-Guinée. Ce projet soutient la formation en technologies agricoles modernes et durables pour permettre aux femmes de diversifier leurs revenus. Grâce à l’introduction de pratiques agricoles modernes, les bénéficiaires auront accès à des techniques de production plus efficaces et à des opportunités économiques accrues. Cela comprend la formation en gestion d’activités agricoles, la promotion de l’utilisation des TIC, et l’intégration dans des marchés locaux et régionaux. En outre, il prévoit l’accès à des informations pertinentes via des plateformes numériques adaptées aux contextes locaux. Les Bénéficiaires finaux sont l'association pour la Promotion Economique et Sociale des Femmes Rurales - APEK-Agriculture", "resultats": "- Formation d’un nombre ciblé de femmes aux techniques modernes agricoles pour améliorer la productivité.\\r\\n\\r\\n- Augmentation de la capacité de production des bénéficiaires et création d'opportunités économiques accrues.\\r\\n\\r\\n- Utilisation efficace des TIC pour la gestion et la promotion des activités agricoles locales.\\r\\n\\r\\n- Renforcement de la résilience des femmes face aux défis climatiques et économiques en zone rurale", "ville": "Fria", "latitude": 10.363036, "longitude": -13.581185, "secteur": 32, "unite_administrative": "Direction du Siège", "pays": "GN", "statut": "Terminé", "financement": 3, "date_debut": "2020-12-15", "date_completion": "2021-12-31", "budget": 50000.0, "commentaires": "Le projet \\"Accompagnement des populations rurales pour l’Elaboration Fermière - Aulat\\" revêt une importance capitale dans la région de Basse-Guinée, car il permet de répondre à plusieurs défis critiques rencontrés par les femmes en milieu rural. L’approche intégrée qui combine l’amélioration des pratiques agricoles et l’utilisation des technologies numériques pour l’accès à l’information et la gestion des activités économiques renforce la résilience de ces communautés face aux chocs économiques et climatiques.", "url": "", "thematiques": []}}]	1	13	\N
37	36	2024-09-27 03:34:15.760084+00	2024-09-27 03:34:15.769407+00	0	1	2024-09-27 03:34:15.76935+00	Auto-approved: Superuser	[{"model": "projets.projet", "pk": 36, "fields": {"referent": 16, "no_reference": "", "titre": "Renforcement de l'autonomisation économique et sociale des femmes déplacées internes suite aux conflits dans les régions anglophones et des filles mères des communautés hôtes", "partenaire": 30, "resume": "Renforcer l'autonomisation économique et sociale des femmes déplacées internes suite aux conflits dans les régions anglophones et des filles mères des communautés hôtes dans la ville Dschang.", "resultats": "Renforcer l'accompagnement des femmes en situation de vulnérabilité, le développement d'activités génératrices de revenus (AGR) et de leur formation professionnelle. Accroître l'information des femmes et leur offrir une plateforme d'expression sur la santé en général et les sensibiliser aux moyens de se prémunir, de bénéficier de soins de santé et d'accéder à une citoyenneté pleine et entière. Favoriser l'éducation et la formation professionnelle des femmes, ainsi que la scolarisation de leurs enfants.", "ville": "Dschang", "latitude": 5.4469923, "longitude": 10.053309, "secteur": 32, "unite_administrative": "Direction du Siège", "pays": "CM", "statut": "Terminé", "financement": 3, "date_debut": "2021-10-20", "date_completion": "2022-10-30", "budget": 59542.0, "commentaires": "", "url": "", "thematiques": []}}]	1	13	\N
26	25	2024-09-26 23:35:42.50259+00	2024-09-26 23:35:42.51445+00	0	1	2024-09-26 23:35:42.514368+00	Auto-approved: Superuser	[{"model": "projets.projet", "pk": 25, "fields": {"referent": 16, "no_reference": "", "titre": "Projet d'accompagnement des femmes rurales pour l'utilisation de séchage solaire et des outils numériques dans les communes de Sikasso.", "partenaire": 19, "resume": "Ce projet vise à autonomiser les femmes rurales des communes de Blendio, Benkadi, Tella et Dembela à travers l’introduction de pratiques innovantes telles que le séchage solaire pour la conservation des produits agricoles et l'utilisation des outils numériques. L’objectif est de renforcer leur résilience économique et sociale en leur permettant d'améliorer leurs techniques de conservation des aliments, tout en utilisant des plateformes numériques pour la gestion des activités et la promotion de leurs produits.\\r\\n\\r\\nSous thématique\\r\\n\\r\\n- Prise en charge des besoins prioritaires\\r\\n- Sensibilisation/Information\\r\\n- Autonomisation économique/Entreprenariat", "resultats": "- Amélioration des capacités de conservation des produits agricoles par les femmes rurales.\\r\\n\\r\\n- Utilisation accrue des outils numériques pour la gestion des activités et la promotion des produits agricoles.\\r\\n\\r\\n- Renforcement des capacités économiques des femmes rurales en augmentant leurs revenus par la vente de produits mieux conservés.\\r\\n\\r\\n- Sensibilisation des populations locales à l’importance des TIC et des pratiques agricoles innovantes.", "ville": "Blendio", "latitude": 11.6138073, "longitude": -6.3430786, "secteur": 32, "unite_administrative": "Direction du Siège", "pays": "ML", "statut": "Terminé", "financement": 3, "date_debut": "2020-12-15", "date_completion": "2021-12-31", "budget": 50000.0, "commentaires": "Le projet \\"Séchage solaire et outils numériques au service des femmes rurales\\" est une initiative innovante qui contribue à améliorer la sécurité alimentaire et la résilience économique des femmes dans les communes rurales du Mali. Il joue un rôle crucial dans la promotion des pratiques agricoles durables et l'appropriation des outils numériques dans les zones rurales, renforçant ainsi l'intégration des femmes dans les chaînes de valeur locales et régionales.", "url": "", "thematiques": []}}]	1	13	\N
43	42	2024-09-30 15:39:22.148216+00	2024-09-30 15:39:22.160417+00	0	1	2024-09-30 15:39:22.160332+00	Auto-approved: Superuser	[{"model": "projets.projet", "pk": 42, "fields": {"referent": 18, "no_reference": "", "titre": "Formation de 100 jeunes femmes aux métiers du numérique dans les domaines du développement web, des applications mobiles et du marketing digital.", "partenaire": 36, "resume": "\\"Ce projet vise à former 100 femmes dans les métiers du numérique, en se concentrant sur quatre domaines principaux : le Développement Web Java, le Marketing Digital, l'Infographie et le Design UI/UX. L’objectif est d’accroître l’inclusion des femmes dans le secteur numérique, souvent dominé par les hommes, tout en leur fournissant les compétences nécessaires pour mieux s’intégrer dans le marché de l’emploi. La formation vise aussi à répondre à la demande croissante de talents numériques au Niger, contribuant ainsi à la transformation digitale du pays. Les sessions de formation seront organisées dans trois villes : Niamey, Dosso et Maradi. \\r\\nLes thématiques choisies sont particulièrement pertinentes pour le contexte du Niger, où les femmes restent sous-représentées dans les secteurs de l'entrepreneuriat et de l'économie numérique. En se concentrant sur l’autonomisation, la sensibilisation et l'éducation, le projet répond aux besoins critiques de développement tout en luttant contre les inégalités sociales et économiques.\\r\\n\\"", "resultats": "Formation de 100 jeunes femmes dans les métiers du numérique.\\r\\nAmélioration de l'employabilité et du taux de participation des femmes dans le secteur numérique au Niger.\\r\\nRenforcement des compétences en développement web, marketing digital et création d'applications mobiles.\\r\\nFavoriser la création d'emplois numériques pour les femmes en milieu urbain et semi-urbain.Formation de 100 jeunes femmes dans les métiers du numérique.\\r\\nAmélioration de l'employabilité et du taux de participation des femmes dans le secteur numérique au Niger.\\r\\nRenforcement des compétences en développement web, marketing digital et création d'applications mobiles.\\r\\nFavoriser la création d'emplois numériques pour les femmes en milieu urbain et semi-urbain.", "ville": "niamey", "latitude": 13.524834, "longitude": 2.109823, "secteur": 6, "unite_administrative": "Direction du Siège", "pays": "NE", "statut": "Terminé", "financement": 3, "date_debut": "2021-12-08", "date_completion": "2022-12-31", "budget": 132295.0, "commentaires": "Le projet \\"Innovation et métiers du numérique\\" joue un rôle crucial dans le développement de l'employabilité des jeunes femmes au Niger. En les formant aux compétences numériques, ce projet vise à briser les barrières traditionnelles d'accès à l'emploi pour les femmes et à les positionner comme des acteurs essentiels de l'économie numérique du pays. La sélection des apprenantes s'est faite en respectant un processus de transparence basé sur les diplômes et l'intérêt pour le numérique, et le projet prévoit d'inclure des mentors et des experts pour faciliter la transition des bénéficiaires vers le marché de l'emploi.\\r\\n\\r\\nPartenaires : Opérateurs télécoms locaux (comme Orange Niger et G5 Sahel)\\r\\nStart-ups locales du numérique\\r\\nOrganisations internationales comme CORDOVA (une ONG spécialisée dans le développement des compétences numériques en Afrique)", "url": "", "thematiques": []}}]	1	13	\N
51	50	2024-09-30 22:03:43.135647+00	2024-09-30 22:03:43.14966+00	0	1	2024-09-30 22:03:43.149575+00	Auto-approved: Superuser	[{"model": "projets.projet", "pk": 50, "fields": {"referent": 18, "no_reference": "", "titre": "Formation au numérique / D-CLIC : Renforcement de capacités aux métiers du numérique au TOGO", "partenaire": 43, "resume": "Ce projet vise à former 150 jeunes aux métiers du numérique, répartis au Gabon et au Togo. Il prévoit des formations spécialisées en développement web et mobile, référence digitale, ainsi qu'en conception d'applications et autres métiers numériques en forte demande. Au Togo, la formation est assurée par l'opérateur local Energy Generation, qui encadre 80 apprenants. Ces apprenants sont répartis en deux cohortes distinctes : 40 pour la formation de Concepteur Développeur d'Application et 40 pour celle de Développeur web et web mobile. Les deux groupes suivent leur formation à Lomé, la capitale togolaise.\\r\\nSous thématiques\\r\\nAutonomisation économique/entrepreneuriat : Former des jeunes et des femmes aux métiers porteurs.\\r\\nÉducation/Formation professionnelle : Offrir des opportunités de formation qualifiée.\\r\\nÉgalité femmes-hommes : Assurer une parité dans l’accès aux compétences numériques.\\r\\nTechnologies numériques : Développer les compétences techniques dans les métiers numériques.", "resultats": "Formation de 150 jeunes aux métiers du numérique, répartis en cohortes entre le Gabon et le Togo.\\r\\nInclusion de 50 % de femmes pour garantir l’égalité dans l’accès aux compétences numériques.\\r\\nCréation de débouchés professionnels pour les bénéficiaires, via des opportunités d’emploi ou la création d’entreprises dans le numérique.\\r\\nRenforcement des capacités locales de formation dans les métiers numériques.", "ville": "lomé", "latitude": 6.130419, "longitude": 1.215829, "secteur": 6, "unite_administrative": null, "pays": "TG", "statut": "Terminé", "financement": 3, "date_debut": "2021-11-02", "date_completion": "2022-12-31", "budget": 207075.0, "commentaires": "Ce projet est une opportunité clé pour réduire les inégalités d’accès aux compétences numériques dans ces régions d’Afrique de l’Ouest et Centrale. Grâce à une approche inclusive favorisant l’insertion professionnelle des jeunes femmes, le projet vise à renforcer les capacités locales tout en offrant des perspectives d’emploi durable dans des secteurs porteurs comme le développement web, la gestion digitale et la conception d'applications.\\r\\n\\r\\nAutres Partenaires :  POUNEDIAN (Gabon)\\r\\nEnergy Generation (Togo)\\r\\nSimplon Afrique", "url": "", "thematiques": []}}]	1	13	\N
55	54	2024-09-30 22:33:00.278296+00	2024-09-30 22:33:00.290265+00	0	1	2024-09-30 22:33:00.290183+00	Auto-approved: Superuser	[{"model": "projets.projet", "pk": 54, "fields": {"referent": 18, "no_reference": "", "titre": "Formation au numérique / D-CLIC : Renforcement de capacités aux métiers du numérique en Mauritanie", "partenaire": 47, "resume": "Le projet vise à former 100 jeunes en Mauritanie aux métiers du numérique à travers des formations en fabrication additive (impression 3D), animation graphique (Motion Design) en 2D et 3D, production d'application de réalité virtuelle/réalité augmentée, ainsi que BIM et production de maquette numérique pour l’architecture et le bâtiment. Ces formations permettront de renforcer les compétences numériques et favoriser l'insertion professionnelle dans les métiers du numérique, avec une attention particulière portée à l'inclusion des jeunes femmes.\\r\\nSous thématiques\\r\\nAutonomisation économique/entrepreneuriat\\r\\nÉducation/Formation professionnelle\\r\\nTechnologies numériques\\r\\nÉgalité femmes-hommes", "resultats": "Formation de 100 jeunes aux métiers du numérique, dont 50% de femmes.\\r\\nDéveloppement des compétences en fabrication additive, animation graphique, réalité virtuelle et augmentée.\\r\\nRenforcement des capacités locales pour la production de contenus numériques.\\r\\nFavoriser l’accès à des débouchés professionnels dans les secteurs émergents du numérique.", "ville": "Nouakchott", "latitude": 18.0792379, "longitude": -15.9780071, "secteur": 6, "unite_administrative": null, "pays": "MR", "statut": "Terminé", "financement": 3, "date_debut": "2022-12-08", "date_completion": "2023-12-31", "budget": 88000.0, "commentaires": "Ce projet est une étape essentielle pour renforcer les compétences des jeunes Mauritaniens dans les métiers numériques en pleine croissance. L'accent mis sur les technologies comme la réalité augmentée et la fabrication additive répond à la demande du marché tout en favorisant l'insertion professionnelle. Le partenariat avec NET-INFO, en Tunisie, et des leaders technologiques tels que Autodesk et Epic Games, apporte un soutien de haut niveau pour la formation.\\r\\n\\r\\nAutres Partenaires : European Network of Living Labs (ENoLL)\\r\\nAutodesk\\r\\nEpic Games\\r\\nUnreal Engine", "url": "", "thematiques": []}}]	1	13	\N
56	55	2024-09-30 22:35:40.29594+00	2024-09-30 22:35:40.306136+00	0	1	2024-09-30 22:35:40.306073+00	Auto-approved: Superuser	[{"model": "projets.projet", "pk": 55, "fields": {"referent": 18, "no_reference": "", "titre": "Formation au numérique / D-CLIC : Renforcement de capacités aux métiers du numérique au Mali en partenariat avec Kabakoo.", "partenaire": 48, "resume": "Le projet vise à former 150 jeunes, âgés de 18 à 35 ans, aux compétences numériques et à l'entrepreneuriat à travers des formations dispensées à Bamako et à Ségou. Ces formations couvrent des compétences clés dans les domaines de la création numérique et de l'entrepreneuriat local. Le projet a pour ambition de favoriser l’employabilité durable des jeunes au Mali, en ciblant les populations éloignées de l'emploi et les jeunes femmes sous-représentées dans les métiers du numérique. Les bénéficiaires auront également accès à des solutions innovantes, telles que des espaces de co-apprentissage avec du matériel technologique avancé, des plateformes numériques et un réseau international de mentors et d’experts. Kabakoo s'engage à réinventer la formation en alliant des méthodes collaboratives adaptées au contexte local.\\r\\nSous thématiques\\r\\nAutonomisation économique et entrepreneuriat : soutien aux jeunes dans la création de projets.\\r\\nÉducation numérique : développement des compétences numériques.\\r\\nInclusion sociale : accès aux compétences numériques pour des groupes marginalisés", "resultats": "Formation de 150 jeunes aux métiers du numérique et à l'entrepreneuriat.\\r\\nRéduction des inégalités d’accès à la formation numérique pour les jeunes femmes et les populations éloignées de l'emploi.\\r\\nDéveloppement d’un écosystème local de compétences numériques pour stimuler l’employabilité durable au Mali.\\r\\nPromotion de nouvelles méthodes pédagogiques pour encourager l’innovation locale dans les communautés.", "ville": "Bamako", "latitude": 12.549319, "longitude": -8.000337, "secteur": 6, "unite_administrative": null, "pays": "ML", "statut": "Terminé", "financement": 3, "date_debut": "2023-07-21", "date_completion": "2024-04-15", "budget": 140201.0, "commentaires": "Ce projet, développé en partenariat avec Kabakoo, met en lumière les méthodes innovantes d’éducation pour l’Afrique de l’Ouest et promeut l’inclusion des jeunes dans le secteur numérique. Le modèle unique d’apprentissage collaboratif et expérientiel permet à la jeunesse malienne d’acquérir des compétences pertinentes dans un environnement adapté aux besoins locaux..\\r\\n\\r\\nAutres Partenaires : Kabakoo, en tant qu'EdTech leader dans le domaine de l'éducation numérique en Afrique de l'Ouest.\\r\\nUNESCO (reconnaissance pour les approches d'apprentissage innovantes)..", "url": "", "thematiques": []}}]	1	13	\N
41	40	2024-09-27 04:33:22.430759+00	2024-10-02 07:12:24.582817+00	0	1	2024-10-02 07:12:24.582738+00	Auto-approved: Superuser	[{"model": "projets.projet", "pk": 40, "fields": {"referent": 16, "no_reference": "", "titre": "Autonomisation des femmes et filles-méres de La Valette", "partenaire": 34, "resume": "Renforcer l'autonomisation des filles-méres et des femmes de La Valette, assurer leur sécurité alimentaire et la création de micro-entreprises.", "resultats": "Amélioration de l'autonomie des filles-méres et des femmes, augmentation de la sécurité alimentaire, développement de micro-entreprises.", "ville": "La Valette", "latitude": -20.2449258, "longitude": 57.4133717, "secteur": 32, "unite_administrative": "Direction du Siège", "pays": "MU", "statut": "Terminé", "financement": 3, "date_debut": "2022-01-01", "date_completion": "2022-11-30", "budget": 15834.0, "commentaires": "", "url": "", "thematiques": [5]}}]	1	13	\N
57	56	2024-09-30 22:44:19.015824+00	2024-09-30 22:44:19.028231+00	0	1	2024-09-30 22:44:19.028152+00	Auto-approved: Superuser	[{"model": "projets.projet", "pk": 56, "fields": {"referent": 18, "no_reference": "", "titre": "Formation au numérique / D-CLIC : Renforcement de capacités aux métiers du numérique à Madagascar en partenariat avec SAYNA.", "partenaire": 49, "resume": "Le projet vise à former 350 jeunes, âgés de 18 à 35 ans, aux compétences numériques à travers des formations dispensées dans plusieurs villes de Madagascar, dont Antananarivo, Fianarantsoa, Toliara, Antsirabe, Nosy Be, Diego, Tamatave et Majunga. Ces formations couvriront des compétences clés dans les domaines du développement web (Front-end et Back-end), du design UX/UI, du marketing numérique et de Wordpress. Le projet ambitionne de favoriser l'employabilité durable des jeunes à Madagascar, en ciblant les populations éloignées de l'emploi et les jeunes femmes sous-représentées dans les métiers du numérique. SAYNA offre également des solutions éducatives en ligne via des parcours spécialisés et une plateforme de formation numérique pour accompagner les bénéficiaires.\\r\\nSous thématiques\\r\\nAutonomisation économique et entrepreneuriat : soutien aux jeunes dans la création de projets numériques.\\r\\nÉducation numérique : développement des compétences dans le domaine du numérique.\\r\\nInclusion sociale : accès aux compétences numériques pour les groupes marginalisés, notamment les femmes et les jeunes.", "resultats": "Formation de 350 jeunes aux métiers du numérique et à l'entrepreneuriat.\\r\\nRéduction des inégalités d'accès à la formation numérique pour les jeunes femmes et les populations éloignées de l'emploi.\\r\\nCréation d’un écosystème local de compétences numériques pour stimuler l'employabilité durable à Madagascar.\\r\\nRenforcement des capacités numériques des jeunes à travers une approche innovante et accessible.", "ville": "Toliara", "latitude": -23.354173, "longitude": 43.66966, "secteur": 6, "unite_administrative": null, "pays": "MG", "statut": "Terminé", "financement": 3, "date_debut": "2022-12-08", "date_completion": "2023-12-31", "budget": 150000.0, "commentaires": "Ce projet, développé en partenariat avec SAYNA, est un exemple innovant de formation numérique à Madagascar. Il vise à offrir des compétences numériques de pointe à une nouvelle génération de jeunes, tout en favorisant l'inclusion des femmes et des populations éloignées de l'emploi dans les métiers du numérique. SAYNA utilise une approche mixte en ligne et en présentiel, permettant ainsi une plus grande flexibilité et accessibilité aux jeunes malgaches.\\r\\n\\r\\nAutres Partenaires : SAYNA, une start-up spécialisée dans l'éducation et la formation numérique.", "url": "", "thematiques": []}}]	1	13	\N
58	57	2024-09-30 22:47:33.40836+00	2024-09-30 22:47:33.420237+00	0	1	2024-09-30 22:47:33.420157+00	Auto-approved: Superuser	[{"model": "projets.projet", "pk": 57, "fields": {"referent": 18, "no_reference": "", "titre": "Formation au numérique / D-CLIC : Renforcement de capacités aux métiers du numérique au Sénégal", "partenaire": 50, "resume": "Le projet vise à former 110 jeunes aux métiers du numérique dans deux pays : le Sénégal et la République Démocratique du Congo (RDC). Les formations proposées couvriront les compétences en développement web/mobile, développement d'applications backend, et frontend. Ces formations sont orientées vers l'amélioration de l'employabilité des jeunes, notamment des populations vulnérables, incluant des femmes et des jeunes éloignés du marché du travail. L'initiative s'efforce de combler le fossé de compétences numériques dans ces pays et de renforcer l'entrepreneuriat local à travers l'innovation numérique. Les bénéficiaires auront accès à des infrastructures modernes, à des solutions numériques adaptées et à un réseau de mentors pour soutenir leur parcours professionnel. Le partenariat avec BeCode et Simplan assure des opportunités de formation pratique adaptées aux besoins locaux.\\r\\nSous thématiques\\r\\nInclusion numérique et employabilité.\\r\\nDéveloppement de compétences techniques dans le domaine du numérique.\\r\\nAutonomisation des jeunes à travers l'entrepreneuriat numérique.", "resultats": "Formation de 110 jeunes aux métiers du numérique dans les deux pays cibles.\\r\\nAugmentation de l'inclusion numérique pour les jeunes femmes et les populations défavorisées.\\r\\nRenforcement des capacités locales en matière de développement web et d'applications numériques.\\r\\nCréation d'un écosystème de compétences numériques qui soutient l'employabilité durable.", "ville": "Dakar", "latitude": 14.6026125, "longitude": -17.438493028733998, "secteur": 6, "unite_administrative": null, "pays": "SN", "statut": "Terminé", "financement": 3, "date_debut": "2023-04-27", "date_completion": "2024-04-30", "budget": 96870.0, "commentaires": "Ce projet se concentre sur le renforcement des compétences numériques pour les jeunes, avec une attention particulière à l'inclusion des populations marginalisées. Grâce à l'expertise de BeCode et au soutien de Simplan, les jeunes bénéficiaires auront accès à des formations de qualité, soutenues par des outils technologiques modernes et un encadrement par des experts du domaine.\\r\\n\\r\\nAutres Partenaires : Fédération Wallonie-Bruxelles : apport d'une contribution financière exceptionnelle..", "url": "", "thematiques": []}}]	1	13	\N
59	58	2024-09-30 22:50:17.547094+00	2024-09-30 22:50:17.559688+00	0	1	2024-09-30 22:50:17.559606+00	Auto-approved: Superuser	[{"model": "projets.projet", "pk": 58, "fields": {"referent": 18, "no_reference": "", "titre": "Formation au numérique / D-CLIC : Renforcement de capacités aux métiers du numérique en République Démocratique du Congo en partenariat avec BeCode.", "partenaire": 50, "resume": "Le projet vise à former 110 jeunes aux métiers du numérique dans deux pays : le Sénégal et la République Démocratique du Congo (RDC). Les formations proposées couvriront les compétences en développement web/mobile, développement d'applications backend, et frontend. Ces formations sont orientées vers l'amélioration de l'employabilité des jeunes, notamment des populations vulnérables, incluant des femmes et des jeunes éloignés du marché du travail. L'initiative s'efforce de combler le fossé de compétences numériques dans ces pays et de renforcer l'entrepreneuriat local à travers l'innovation numérique. Les bénéficiaires auront accès à des infrastructures modernes, à des solutions numériques adaptées et à un réseau de mentors pour soutenir leur parcours professionnel. Le partenariat avec BeCode et Simplan assure des opportunités de formation pratique adaptées aux besoins locaux.\\r\\nSous thématiques\\r\\nInclusion numérique et employabilité.\\r\\nDéveloppement de compétences techniques dans le domaine du numérique.\\r\\nAutonomisation des jeunes à travers l'entrepreneuriat numérique.", "resultats": "Formation de 110 jeunes aux métiers du numérique dans les deux pays cibles.\\r\\nAugmentation de l'inclusion numérique pour les jeunes femmes et les populations défavorisées.\\r\\nRenforcement des capacités locales en matière de développement web et d'applications numériques.\\r\\nCréation d'un écosystème de compétences numériques qui soutient l'employabilité durable.", "ville": "Lubumbashi", "latitude": -11.5642316, "longitude": 27.4826264, "secteur": 6, "unite_administrative": null, "pays": "CG", "statut": "Terminé", "financement": 3, "date_debut": "2023-04-27", "date_completion": "2024-04-30", "budget": 96870.0, "commentaires": "Ce projet se concentre sur le renforcement des compétences numériques pour les jeunes, avec une attention particulière à l'inclusion des populations marginalisées. Grâce à l'expertise de BeCode et au soutien de Simplan, les jeunes bénéficiaires auront accès à des formations de qualité, soutenues par des outils technologiques modernes et un encadrement par des experts du domaine.\\r\\n\\r\\nAutres Partenaires : Simplan : un partenaire opérationnel clé au Congo RDC.", "url": "", "thematiques": []}}]	1	13	\N
60	59	2024-09-30 22:52:31.881385+00	2024-09-30 22:52:31.893248+00	0	1	2024-09-30 22:52:31.893164+00	Auto-approved: Superuser	[{"model": "projets.projet", "pk": 59, "fields": {"referent": 18, "no_reference": "", "titre": "Formation au numérique / D-CLIC : Renforcement de capacités aux métiers du numérique au Tchad", "partenaire": 51, "resume": "Le projet a pour objectif de former 120 jeunes tchadiens, âgés de 18 à 35 ans, dans des domaines du numérique et de l'entrepreneuriat à travers des formations en communication digitale, conception d’applications web et mobiles, infographie, et design. Ce projet vise à améliorer l'employabilité des jeunes vulnérables, en particulier ceux éloignés de l’emploi, ainsi que les jeunes femmes sous-représentées dans les métiers du numérique. En collaboration avec ADESIT, les bénéficiaires accéderont à des équipements numériques avancés, des formations adaptées, et un soutien entrepreneurial.\\r\\nSous thématiques\\r\\nAutonomisation des jeunes : soutien à l'entrepreneuriat local.\\r\\nÉducation numérique : développement des compétences techniques en numérique.\\r\\nInclusion sociale : promotion de l'accès aux compétences numériques pour les groupes marginalisés.", "resultats": "Formation de 120 jeunes aux compétences numériques.\\r\\nAccès élargi aux opportunités numériques pour les jeunes femmes et les personnes éloignées du marché de l’emploi.\\r\\nDéveloppement d'un écosystème numérique local dynamique à travers le Tchad.\\r\\nPromotion de l'inclusion numérique et de l'entrepreneuriat au Tchad.", "ville": "N’Djamena", "latitude": 12.1191543, "longitude": 15.0502758, "secteur": 6, "unite_administrative": null, "pays": "TD", "statut": "Terminé", "financement": 3, "date_debut": "2022-12-12", "date_completion": "2023-12-31", "budget": 94994.69, "commentaires": "Ce projet met en avant une approche inclusive et innovante de la formation numérique, visant à équiper les jeunes tchadiens des compétences nécessaires pour participer activement à l'économie numérique. Grâce à ADESIT, les bénéficiaires auront accès à des ressources technologiques et à un soutien dans la création de projets entrepreneuriaux durables.\\r\\n\\r\\nAutres Partenaires : ADESIT, une association tchadienne reconnue pour son expertise en développement numérique.", "url": "", "thematiques": []}}]	1	13	\N
53	52	2024-09-30 22:18:19.797743+00	2024-10-01 16:41:14.234209+00	0	1	2024-10-01 16:41:14.234124+00	Auto-approved: Superuser	[{"model": "projets.projet", "pk": 52, "fields": {"referent": 18, "no_reference": "", "titre": "Formation au numérique / D-CLIC : Renforcement de capacités aux métiers du numérique à Djibouti", "partenaire": 45, "resume": "Le projet vise à former 100 jeunes, dont 50 % de femmes, aux métiers du numérique dans plusieurs domaines, tels que le développement web (back-end) et l'infographie. Les bénéficiaires, âgés de 18 à 35 ans et en situation de chômage, recevront une formation complète à Djibouti. L’objectif est de réduire les inégalités d'accès aux compétences numériques dans une région où les jeunes, en particulier les femmes, sont éloignés de l'emploi et manquent de formation qualifiée. Ce projet est mis en œuvre en partenariat avec le Lycée technique de Gabode.\\r\\n\\r\\nSous thématiques\\r\\n\\r\\nAutonomisation économique/entrepreneuriat : Former des jeunes dans des métiers porteurs.\\r\\nÉducation/Formation professionnelle : Offrir des opportunités de formation qualifiée.\\r\\nÉgalité femmes-hommes : Assurer une parité dans l’accès aux compétences numériques.\\r\\nTechnologies numériques : Développer les compétences techniques dans les métiers du numérique.", "resultats": "Formation de 100 jeunes (dont 50 % de femmes) aux métiers numériques, notamment en développement web et infographie.\\r\\nInclusion de 50 % de femmes dans les cohortes de formation pour encourager l’égalité dans l’accès aux métiers du numérique.\\r\\nRenforcement des capacités locales de formation dans les métiers du numérique, avec un accent particulier sur les compétences en forte demande sur le marché, telles que le développement web.\\r\\nCréation de débouchés professionnels pour les bénéficiaires via des opportunités d'emploi local ou la création de startups.", "ville": "Djibouti", "latitude": 11.8145966, "longitude": 42.8453061, "secteur": 6, "unite_administrative": null, "pays": "DJ", "statut": "Terminé", "financement": 3, "date_debut": "2022-12-08", "date_completion": "2023-12-31", "budget": 98560.0, "commentaires": "Ce projet est une initiative importante pour le développement du secteur numérique à Djibouti. Il met en avant l’égalité des sexes et l'inclusion des jeunes et des personnes éloignées de l’emploi. En formant des jeunes dans des secteurs numériques d'avenir, le projet renforce les capacités locales tout en créant des opportunités concrètes d'emploi et d’entrepreneuriat.\\r\\n\\r\\nAutres Partenaires : Lycée technique de Gabode\\r\\nMENFOP", "url": "", "thematiques": [4]}}]	1	13	\N
61	60	2024-10-02 07:24:40.73832+00	2024-10-02 07:24:40.750465+00	0	1	2024-10-02 07:24:40.75038+00	Auto-approved: Superuser	[{"model": "projets.projet", "pk": 60, "fields": {"referent": 16, "no_reference": "", "titre": "Renforcement des compétences des femmes ingénieures solaires des villages ruraux isolés dans leurs projets d’activités génératrices de revenu à Madagascar.", "partenaire": 52, "resume": "Le projet vise à renforcer les compétences des femmes ingénieures solaires des villages ruraux isolés à Madagascar dans des projets d'activités génératrices de revenus. En partenariat avec Barefoot College Madagascar, il a pour objectif principal de promouvoir l'autonomisation des femmes à travers l'accès à l'éducation, à la formation professionnelle et à l'insertion dans des projets locaux, tout en favorisant l'inclusion économique. Les bénéficiaires seront formées pour développer des projets durables dans leurs villages, en utilisant les compétences acquises pour créer des micro-entreprises locales basées sur l'énergie solaire et d'autres technologies adaptées au contexte rural. Le projet soutiendra également l'accès à des solutions d'énergie renouvelable pour les communautés rurales.\\r\\n\\r\\nSous-thématiques\\r\\n\\r\\n- Autonomisation économique et entrepreneuriat des femmes rurales.\\r\\n- Accès à l'énergie renouvelable pour les communautés isolées.\\r\\n- Formation professionnelle et inclusion sociale.\\r\\n\\r\\nPartenaire de mise en œuvre: \\r\\n\\r\\nBarefoot College Madagascar (BCMada), une organisation à but non lucratif dédiée à l'autonomisation des communautés rurales à travers l'éducation et l'énergie durable.", "resultats": "- Formation et autonomisation de 36 femmes ingénieures solaires.\\r\\n\\r\\n- Augmentation de l'accès à l'énergie solaire pour les communautés rurales de Madagascar.\\r\\n\\r\\n- Création de micro-entreprises locales gérées par les femmes formées.\\r\\n\\r\\n- Développement d'activités génératrices de revenus dans les villages bénéficiaires.", "ville": "Tsiafajavona", "latitude": -14.3709949, "longitude": 45.234972, "secteur": 32, "unite_administrative": "Direction du Siège", "pays": "MG", "statut": "Terminé", "financement": 3, "date_debut": "2020-12-15", "date_completion": "2021-08-31", "budget": 22295.0, "commentaires": "Ce projet met en lumière l'importance de l'accès à l'énergie renouvelable pour les communautés rurales et de l'autonomisation des femmes dans des zones isolées. En formant les femmes locales à devenir des ingénieures solaires, ce projet contribue non seulement à améliorer leurs compétences professionnelles, mais également à renforcer la résilience économique de leurs villages. Il s'inscrit dans une approche globale visant à promouvoir l'autonomie des femmes et l'inclusion sociale à travers des solutions adaptées aux besoins locaux. Les bénéficiaires du projet sont des femmes ingénieures solaires âgées de 35 à 55 ans issues de villages ruraux enclavés de Madagascar. Le projet vise spécifiquement les femmes des communautés isolées, souvent privées d'accès aux services essentiels et d'opportunités économiques. Un accent particulier est mis sur l'inclusion des femmes vulnérables dans les zones dépourvues d'accès à l'électricité.", "url": "", "thematiques": []}}]	1	13	\N
62	61	2024-10-02 07:24:42.073951+00	2024-10-02 07:24:42.085707+00	0	1	2024-10-02 07:24:42.085626+00	Auto-approved: Superuser	[{"model": "projets.projet", "pk": 61, "fields": {"referent": 16, "no_reference": "", "titre": "Renforcement des compétences des femmes ingénieures solaires des villages ruraux isolés dans leurs projets d’activités génératrices de revenu à Madagascar.", "partenaire": 52, "resume": "Le projet vise à renforcer les compétences des femmes ingénieures solaires des villages ruraux isolés à Madagascar dans des projets d'activités génératrices de revenus. En partenariat avec Barefoot College Madagascar, il a pour objectif principal de promouvoir l'autonomisation des femmes à travers l'accès à l'éducation, à la formation professionnelle et à l'insertion dans des projets locaux, tout en favorisant l'inclusion économique. Les bénéficiaires seront formées pour développer des projets durables dans leurs villages, en utilisant les compétences acquises pour créer des micro-entreprises locales basées sur l'énergie solaire et d'autres technologies adaptées au contexte rural. Le projet soutiendra également l'accès à des solutions d'énergie renouvelable pour les communautés rurales.\\r\\n\\r\\nSous-thématiques\\r\\n\\r\\n- Autonomisation économique et entrepreneuriat des femmes rurales.\\r\\n- Accès à l'énergie renouvelable pour les communautés isolées.\\r\\n- Formation professionnelle et inclusion sociale.\\r\\n\\r\\nPartenaire de mise en œuvre: \\r\\n\\r\\nBarefoot College Madagascar (BCMada), une organisation à but non lucratif dédiée à l'autonomisation des communautés rurales à travers l'éducation et l'énergie durable.", "resultats": "- Formation et autonomisation de 36 femmes ingénieures solaires.\\r\\n\\r\\n- Augmentation de l'accès à l'énergie solaire pour les communautés rurales de Madagascar.\\r\\n\\r\\n- Création de micro-entreprises locales gérées par les femmes formées.\\r\\n\\r\\n- Développement d'activités génératrices de revenus dans les villages bénéficiaires.", "ville": "Tsiafajavona", "latitude": -14.3709949, "longitude": 45.234972, "secteur": 32, "unite_administrative": "Direction du Siège", "pays": "MG", "statut": "Terminé", "financement": 3, "date_debut": "2020-12-15", "date_completion": "2021-08-31", "budget": 22295.0, "commentaires": "Ce projet met en lumière l'importance de l'accès à l'énergie renouvelable pour les communautés rurales et de l'autonomisation des femmes dans des zones isolées. En formant les femmes locales à devenir des ingénieures solaires, ce projet contribue non seulement à améliorer leurs compétences professionnelles, mais également à renforcer la résilience économique de leurs villages. Il s'inscrit dans une approche globale visant à promouvoir l'autonomie des femmes et l'inclusion sociale à travers des solutions adaptées aux besoins locaux. Les bénéficiaires du projet sont des femmes ingénieures solaires âgées de 35 à 55 ans issues de villages ruraux enclavés de Madagascar. Le projet vise spécifiquement les femmes des communautés isolées, souvent privées d'accès aux services essentiels et d'opportunités économiques. Un accent particulier est mis sur l'inclusion des femmes vulnérables dans les zones dépourvues d'accès à l'électricité.", "url": "", "thematiques": []}}]	1	13	\N
63	62	2024-10-02 07:33:07.02691+00	2024-10-02 08:06:56.774049+00	0	1	2024-10-02 08:06:56.773969+00	Auto-approved: Superuser	[{"model": "projets.projet", "pk": 62, "fields": {"referent": 16, "no_reference": "", "titre": "Prévention et lutte contre les violences faites aux femmes et jeunes filles dans la commune de Nikki, au Nord du Bénin.", "partenaire": 53, "resume": "Le projet vise à prévenir et lutter contre toutes formes de violences faites aux femmes et jeunes filles dans la commune de Nikki, une localité du Nord du Bénin où la tradition et les coutumes sociales perpétuent ces pratiques. Il s'agit d'une campagne de sensibilisation visant à éradiquer ces violences et à améliorer la dignité des femmes. Le projet a pour ambition de favoriser leur autonomisation économique à travers des ateliers de formation sur la gestion des activités génératrices de revenus. L’initiative permettra ainsi aux bénéficiaires d’acquérir des compétences en leadership, en entreprenariat et en gestion, afin de contribuer à leur autonomisation et à l'amélioration de leurs conditions de vie.\\r\\n\\r\\nSous thématiques:\\r\\n\\r\\n- Autonomisation économique et entrepreneuriat : soutien aux femmes pour la gestion des activités génératrices de revenus.\\r\\n- Sensibilisation et information : éducation des communautés sur les droits des femmes et la prévention des violences.\\r\\n- Égalité des genres : lutte contre les discrimi", "resultats": "- Réduction des violences faites aux femmes et jeunes filles dans la commune de Nikki.\\r\\n\\r\\n- Autonomisation économique des femmes via des activités génératrices de revenus.\\r\\n\\r\\n- Amélioration de l'accès à des opportunités de formation et de leadership pour les femmes.\\r\\n\\r\\n- Sensibilisation accrue des communautés locales sur les droits des femmes et les impacts des violences de genre.", "ville": "Abomey-Calavi", "latitude": 6.46811735, "longitude": 2.3291357527306786, "secteur": 32, "unite_administrative": "Direction du Siège", "pays": "BJ", "statut": "Terminé", "financement": 3, "date_debut": "2020-12-15", "date_completion": "2021-08-31", "budget": 36606.0, "commentaires": "Ce projet marque une étape importante dans la lutte contre les violences faites aux femmes dans les zones rurales du Bénin. Grâce à la sensibilisation et aux formations, il offre aux femmes de Nikki les outils nécessaires pour s’émanciper et améliorer leur situation économique. Il s’inscrit dans une approche holistique de développement durable et de justice sociale, visant à créer un cadre favorable pour la promotion de l'égalité des sexes. La  Population cible représente les femmes et jeunes filles victimes de violence, particulièrement celles issues des milieux ruraux de la commune de Nikki. La sensibilisation vise à renforcer leurs capacités économiques tout en abordant des questions liées à leur protection et à la dignité humaine.", "url": "", "thematiques": [2]}}]	1	13	\N
30	29	2024-09-27 01:11:02.503082+00	2024-10-02 08:12:10.122506+00	0	1	2024-10-02 08:12:10.122429+00	Auto-approved: Superuser	[{"model": "projets.projet", "pk": 29, "fields": {"referent": 16, "no_reference": "", "titre": "Initiative d’appui à l’autonomisation économique des jeunes filles et femmes vulnérables en zone rurale et urbaine à l’Ère du numérique.", "partenaire": 23, "resume": "Le projet vise à autonomiser économiquement 500 jeunes filles et femmes vulnérables dans les zones rurales et urbaines du Congo. Il comprend une formation professionnelle pour le développement d'activités génératrices de revenus dans l'informel, soutenue par des outils numériques. Le projet prévoit des actions spécifiques pour 50 femmes vulnérables identifiées, en particulier celles victimes de violences sexuelles, de grossesses précoces ou non désirées. Il met en place un accompagnement psychologique, médical et juridique pour les bénéficiaires, en collaboration avec les centres de santé et d'autres structures locales. Bénéficiaires finaux: 500 femmes et jeunes filles vulnérables, dont 50 identifiées comme victimes de violences sexuelles ou de grossesses précoces.\\r\\n\\r\\nSous-thématiques :\\r\\n\\r\\n- Autonomisation économique / entrepreneuriat\\r\\n- Sensibilisation / information\\r\\n- Éducation / formation professionnelle", "resultats": "- Autonomisation économique de 500 femmes et jeunes filles vulnérables à travers le numérique.\\r\\n\\r\\n- Accompagnement de 50 femmes victimes de violences sexuelles dans la gestion psychologique, médicale et juridique.\\r\\n\\r\\n- Formation professionnelle pour des activités génératrices de revenus dans l'informel.", "ville": "Brazzaville", "latitude": -4.2667, "longitude": 15.2833, "secteur": 32, "unite_administrative": "Direction du Siège", "pays": "CG", "statut": "Terminé", "financement": null, "date_debut": "2020-12-15", "date_completion": "2021-12-31", "budget": 58000.0, "commentaires": "Ce projet apporte une réponse cruciale aux défis rencontrés par les femmes et les jeunes filles vulnérables dans les zones rurales et urbaines du Congo. En mettant l'accent sur l'utilisation des outils numériques pour autonomiser économiquement ces femmes, le projet propose une solution innovante et durable à long terme. Le projet se distingue également par son attention particulière aux besoins des femmes victimes de violences sexuelles, en leur offrant un accompagnement global pour les aider à surmonter les conséquences de leur situation et à trouver des voies pour se réinsérer dans la société avec dignité.", "url": "", "thematiques": [2]}}]	1	13	\N
64	63	2024-10-02 08:22:27.723493+00	2024-10-02 08:22:27.735651+00	0	1	2024-10-02 08:22:27.735567+00	Auto-approved: Superuser	[{"model": "projets.projet", "pk": 63, "fields": {"referent": 16, "no_reference": "", "titre": "Prévention et soutien aux femmes victimes de violence et leurs enfants à Beyrouth", "partenaire": 54, "resume": "Le projet vise à offrir un refuge et un accompagnement aux femmes victimes de violence physique et mentale, ainsi qu'à leurs enfants à Beyrouth, au Liban. À travers des actions de prévention, d’intervention et de réinsertion sociale, il est prévu de transformer la vie de ces femmes en leur fournissant les outils nécessaires pour surmonter leurs épreuves et les aider à reprendre le contrôle de leur avenir. Le projet prévoit un encadrement familial pour les victimes ainsi que des formations en compétences économiques pour favoriser leur autonomie financière et leur réinsertion dans la société.\\r\\n\\r\\nSous thématiques\\r\\n\\r\\n- Protection sociale et droits des femmes.\\r\\n- Autonomisation économique des femmes.\\r\\n- Prévention de la violence domestique.\\r\\n- Réinsertion sociale et familiale.\\r\\n\\r\\nPartenaires de mise en œuvres :\\r\\n\\r\\n- Home of Tenderness (Liban) : fourniture des services et gestion du refuge.\\r\\n- Autres partenaires locaux et régionaux dans le secteur social et humanitaire.", "resultats": "- Réduction de la violence familiale et soutien des victimes à travers un programme de prévention et d’intervention.\\r\\n\\r\\n- Autonomisation des femmes victimes de violence à travers des programmes de formation économique.\\r\\n\\r\\n- Réinsertion sociale des femmes et de leurs enfants après des périodes traumatisantes.\\r\\n\\r\\n- Soutien psychologique pour les enfants et les aider à surmonter le traumatisme de la violence familiale.", "ville": "Beyrouth", "latitude": 33.8833, "longitude": 35.5, "secteur": 22, "unite_administrative": "Direction du Siège", "pays": "LB", "statut": "Terminé", "financement": 3, "date_debut": "2020-12-15", "date_completion": "2021-08-31", "budget": 50000.0, "commentaires": "Ce projet est essentiel pour apporter une aide humanitaire et un soutien direct aux femmes en situation de vulnérabilité à Beyrouth, en leur offrant un refuge sûr et en les accompagnant vers une réinsertion sociale et économique.\\r\\n\\r\\nPopulation cible :\\r\\n\\r\\n- Femmes victimes de violences physiques et mentales\\r\\n- Enfants des femmes victimes de violence\\r\\n- Le projet s'adresse à des femmes vulnérables vivant dans des contextes familiaux abusifs au Liban, - notamment dans la ville de Beyrouth, en fournissant des services de soutien psychosocial et de formation", "url": "", "thematiques": []}}]	1	13	\N
47	46	2024-09-30 21:50:53.37321+00	2024-10-02 13:08:21.208354+00	0	1	2024-10-02 13:08:21.208271+00	Auto-approved: Superuser	[{"model": "projets.projet", "pk": 46, "fields": {"referent": 18, "no_reference": "", "titre": "Formation au numérique / D-CLIC : Renforcement de capacités aux métiers du numérique en République Démocratique du Congo", "partenaire": 40, "resume": "Ce projet vise à former 100 jeunes, dont 50 % de femmes, aux compétences numériques à travers des formations adaptées aux métiers du numérique dans trois villes de la République Démocratique du Congo : Kinshasa, Lubumbashi, et Goma. L’objectif est de renforcer les compétences techniques et l'entrepreneuriat local pour permettre aux jeunes, notamment les femmes, d’accéder à des opportunités d'emploi dans des secteurs porteurs tels que le développement web, la gestion des communautés en ligne, et la création d’applications mobiles. \\r\\nSous thématiques: \\r\\nAutonomisation économique/entrepreneuriat : Accroître l'employabilité des jeunes grâce à des compétences numériques.\\r\\nÉducation/Formation professionnelle : Permettre aux jeunes d'accéder à des formations qualifiées.\\r\\nÉgalité femmes-hommes : Garantir une participation égale des femmes aux formations.\\r\\nTechnologies numériques : Former les jeunes aux outils et technologies numériques les plus récents et demandés.", "resultats": "Formation de 100 jeunes (dont 50 femmes) aux métiers du numérique.\\r\\nInclusion de 50 % de femmes pour promouvoir l’égalité dans l’accès aux métiers technologiques.\\r\\nRéduction des inégalités numériques grâce à des formations pratiques et adaptées aux besoins du marché congolais.\\r\\nDéveloppement des compétences professionnelles des bénéficiaires dans des domaines à forte demande tels que le développement web, la gestion des communautés en ligne, et la création d'applications mobiles.\\r\\nCréation de débouchés professionnels locaux, avec des opportunités d’emploi ou d'entrepreneuriat.\\r\\nRenforcement des capacités locales d’encadrement et de formation en matière de numérique.", "ville": "Kinshasa", "latitude": -4.3217055, "longitude": 15.3125974, "secteur": 6, "unite_administrative": null, "pays": "CD", "statut": "Terminé", "financement": 3, "date_debut": "2021-11-02", "date_completion": "2022-12-31", "budget": 152260.0, "commentaires": "Ce projet constitue un levier stratégique pour combler le fossé numérique en République Démocratique du Congo, notamment en fournissant aux jeunes, et particulièrement aux femmes, les compétences nécessaires pour participer pleinement à l’économie numérique. En mettant l’accent sur l’entrepreneuriat et les compétences numériques, ce projet contribue à l’autonomisation des jeunes et à leur intégration dans des secteurs d’avenir. Les partenariats avec des acteurs comme Open Street Map et Cordova permettent d’offrir des formations sur mesure répondant aux besoins locaux tout en favorisant la création d'opportunités concrètes d'emploi.\\r\\n\\r\\nAutres Partenaires : Open Street Map (OSM)\\r\\nCordova\\r\\nPartenaires locaux pour le soutien technique et l'encadrement des formations.", "url": "", "thematiques": [4]}}]	1	13	\N
65	64	2024-10-02 08:41:06.416992+00	2024-10-02 08:41:06.429111+00	0	1	2024-10-02 08:41:06.429033+00	Auto-approved: Superuser	[{"model": "projets.projet", "pk": 64, "fields": {"referent": 16, "no_reference": "", "titre": "Projet Do Enye Ame – Le Travail Anoblit l’Homme", "partenaire": 55, "resume": "Le projet « Do Enye Ame » |  Projet pour l’autonomisation économique et l’entrepreneuriat des femmes dans la région des Plateaux au Togo, en partenariat avec le Centre pour l’Écologie et le Développement (CED)\\r\\n\\r\\nCe projet vise à soutenir l’entrepreneuriat féminin dans la région des Plateaux au Togo. Il propose d’accompagner les femmes artisanes et les micro-entreprises féminines en situation de vulnérabilité à travers la formation, le développement des compétences artisanales et l’insertion professionnelle durable. En partenariat avec des organisations locales et internationales, le projet ambitionne de réduire les inégalités de genre dans l'accès à l’emploi et de favoriser le développement économique inclusif des femmes au niveau local. Le partenaire principal est le Centre pour l’Écologie et le Développement (CED), une association située à Danyi, Togo, qui s’engage à promouvoir le développement durable et l’inclusion sociale. les autres partenaires sont: (i) Brücke Le Pont, une organisation suisse basée à Fribourg, (ii)Consortium Vision pour Emplois et Revenus Durables au Togo (VERD-Togo)\\r\\n\\r\\nSous thématiques :\\r\\n\\r\\n- Autonomisation économique des femmes et entrepreneuriat\\r\\n- Éducation et formation professionnelle\\r\\n- Réduction des inégalités de genre", "resultats": "- Formation et accompagnement de 180 femmes artisanes dans la région des Plateaux\\r\\n\\r\\n- Amélioration des compétences techniques des artisanes dans la production durable\\r\\n\\r\\n- Accès accru à des opportunités de marché pour les produits artisanaux locaux\\r\\n\\r\\n- Réduction des inégalités de genre dans l’accès à l’emploi et à l’entrepreneuriat", "ville": "Danyi-Apéyémé", "latitude": 7.19585, "longitude": 0.69194, "secteur": 33, "unite_administrative": "Direction du Siège", "pays": "TG", "statut": "Terminé", "financement": 3, "date_debut": "2020-12-15", "date_completion": "2021-08-31", "budget": 65000.0, "commentaires": "Le projet « Do Enye Ame » contribue de manière significative à l’amélioration des conditions de vie des femmes dans les zones rurales du Togo. Grâce à une approche participative et un partenariat intergénérationnel, il promeut la durabilité économique, l'égalité de genre et le renforcement des compétences artisanales. Ce projet s’inscrit dans les priorités du développement local inclusif en Afrique de l’Ouest, en apportant des solutions concrètes pour l’insertion des femmes dans le tissu économique régional. \\r\\n\\r\\nPopulation cible:\\r\\n\\r\\nFemmes artisanes en situation de vulnérabilité dans la région des Plateaux au Togo, principalement issues de communautés rurales et confrontées à des difficultés économiques et sociales.", "url": "", "thematiques": []}}]	1	13	\N
66	65	2024-10-02 08:46:16.542743+00	2024-10-02 10:13:07.510414+00	0	1	2024-10-02 10:13:07.510334+00	Auto-approved: Superuser	[{"model": "projets.projet", "pk": 65, "fields": {"referent": 16, "no_reference": "", "titre": "Projet d’appui aux activités de transformation du manioc des femmes handicapées de l’association SEGANHO.", "partenaire": 56, "resume": "Le projet vise à renforcer l’autonomie économique et financière des femmes handicapées de l’association SEGANHO dans la commune d’Abomey. Ces femmes, confrontées à des discriminations et à des conditions de vie difficiles, bénéficieront d’un atelier de transformation du manioc équipé avec des outils adaptés à leurs besoins. L’objectif est de leur permettre de produire du manioc de manière plus efficace et hygiénique afin de générer des revenus. Ce projet inclut également des actions de sensibilisation sur la santé sexuelle et reproductive, ainsi que l’amélioration de leurs compétences en gestion d’entreprise. Ces initiatives visent à briser l’isolement social et économique auquel ces femmes sont souvent confrontées.\\r\\n\\r\\nPartenaires de mise en œuvres :\\r\\n\\r\\nONG Cercle de Développement des Initiatives Féminines (CEDIF)\\r\\nUnion des producteurs de manioc d’Abomey (UPM)\\r\\nCercle Recherches et d’Actions pour le Développement Durable\\r\\n\\r\\nSous thématiques :\\r\\n\\r\\n- Autonomisation économique et entrepreneuriat : soutien aux femmes handicapées.\\r\\n- Inclusion sociale : accès à des activités génératrices de revenus pour les groupes marginalisés.", "resultats": "- Renforcement de l’autonomie économique des femmes handicapées d’Abomey grâce à des activités de transformation du manioc.\\r\\n\\r\\n- Amélioration des conditions sanitaires et de la production des produits à base de manioc.\\r\\n\\r\\n- Sensibilisation des femmes sur les questions de santé reproductive et amélioration des compétences en gestion d’entreprise.\\r\\n\\r\\n- Participation des femmes handicapées à des activités génératrices de revenus, augmentant ainsi leur inclusion sociale et économique.", "ville": "Abomey", "latitude": 7.182, "longitude": 1.9936, "secteur": 32, "unite_administrative": "Direction du Siège", "pays": "BJ", "statut": "Terminé", "financement": 3, "date_debut": "2020-12-15", "date_completion": "2021-08-31", "budget": 25000.0, "commentaires": "Ce projet est un bel exemple d’inclusion sociale et économique, visant à renforcer l’autonomie des femmes handicapées dans une région où elles sont souvent marginalisées. Grâce à la mise en place d’un atelier de transformation du manioc et à des actions de sensibilisation, ces femmes pourront améliorer leurs conditions de vie et contribuer au développement local.\\r\\n\\r\\nPopulation cible :\\r\\n\\r\\nLes femmes handicapées de l’association SEGANHO à Abomey, Bénin, qui sont marginalisées et exclues des circuits économiques traditionnels.", "url": "", "thematiques": [2]}}]	1	13	\N
19	19	2024-09-26 13:41:14.502287+00	2024-10-02 08:48:27.742533+00	0	1	2024-10-02 08:48:27.7424+00	Auto-approved: Superuser	[{"model": "projets.projet", "pk": 19, "fields": {"referent": 16, "no_reference": "", "titre": "Renforcement des capacités des femmes transformatrices de grains de néré \\"Afrifin\\" dans la commune d'Abomey", "partenaire": 14, "resume": "Le projet se concentre sur l'amélioration des capacités des femmes transformatrices de grains de néré \\"Afrifin\\" dans la région de Zou, au Bénin, pour conquérir de nouveaux marchés et améliorer la qualité du produit. Le projet vise à renforcer les capacités des femmes transformatrices de grains de néré \\"Afrifin\\" pour améliorer la qualité de leur produit et augmenter leur capacité à accéder à de nouveaux marchés. En plus de former les femmes aux techniques de transformation, le projet s’attèle à la labellisation et à la standardisation du produit pour une meilleure commercialisation. Cela inclut également l’intégration de nouvelles technologies et des formations en gestion.\\r\\n\\r\\nSous-thématiques :\\r\\n- Autonomisation économique / entrepreneuriat\\r\\n- Formation professionnelle\\r\\n- Développement agricole\\r\\n\\r\\nBénéficiaire :\\r\\nAssociation Locale de Coopération au Développement (ALCOD, une organisation qui œuvre pour le développement des capacités économiques des femmes au Bénin.", "resultats": "- Amélioration des capacités des femmes transformatrices de grains de néré dans la région de Zou.\\r\\n\\r\\n- Augmentation de la production et amélioration de la qualité des produits transformatifs.\\r\\n\\r\\n- Accès à de nouveaux marchés pour les produits de transformation de néré.", "ville": "Abomey", "latitude": 7.165446, "longitude": 1.7828803672675926, "secteur": 13, "unite_administrative": "Direction du Siège", "pays": "BJ", "statut": "Terminé", "financement": 3, "date_debut": "2020-12-15", "date_completion": "2021-08-31", "budget": 30000.0, "commentaires": "", "url": "", "thematiques": [2]}}]	1	13	\N
67	66	2024-10-02 09:08:20.631506+00	2024-10-02 09:08:20.643056+00	0	1	2024-10-02 09:08:20.642972+00	Auto-approved: Superuser	[{"model": "projets.projet", "pk": 66, "fields": {"referent": 16, "no_reference": "", "titre": "Projet d’autonomisation des femmes ivoiriennes vulnérables par la promotion de l’équité du genre, l’éducation et l’entrepreneuriat.", "partenaire": 57, "resume": "Le projet vise à promouvoir l’autonomisation économique et sociale des femmes du Centre et du Nord de la Côte d'Ivoire, particulièrement les femmes vulnérables, en facilitant leur accès à l’éducation, à l’entrepreneuriat et à des activités génératrices de revenus. Les bénéficiaires recevront des formations en alphabétisation, des informations sur l’équité du genre, la prévention des violences basées sur le genre (VBG), ainsi que des compétences entrepreneuriales pour lancer et gérer des petites entreprises. Le projet est mis en œuvre dans 6 villages des districts de Bouaké et Korhogo, dans une région où l'analphabétisme des femmes et les discriminations liées au genre sont élevées. Les bénéficiaires participeront également à des programmes de sensibilisation à l’autonomisation, de promotion des droits des femmes et de formation entrepreneuriale.\\r\\n\\r\\nSous thématiques :\\r\\n\\r\\n- Autonomisation économique et entrepreneuriat\\r\\n- Alphabétisation des femmes\\r\\n- Éducation et formation professionnelle\\r\\n- Équité de genre", "resultats": "- Alphabétisation de 800 femmes.\\r\\n\\r\\n- Sensibilisation de 1 000 femmes et hommes sur l’équité du genre et la lutte contre les violences basées sur le genre (VBG).\\r\\n\\r\\n- Autonomisation économique de 400 femmes à travers des formations entrepreneuriales et la création de 200 activités génératrices de revenus (AGR).\\r\\n\\r\\n- Amélioration des conditions de vie pour 1 200 femmes et familles dans les villages ciblés.", "ville": "Korhogo", "latitude": 9.4575, "longitude": -5.6342, "secteur": 32, "unite_administrative": "Direction du Siège", "pays": "CI", "statut": "Terminé", "financement": 3, "date_debut": "2020-12-15", "date_completion": "2021-08-31", "budget": 55000.0, "commentaires": "Ce projet contribue à l'autonomisation des femmes ivoiriennes en leur offrant des opportunités d'éducation, de formation et d’entrepreneuriat pour améliorer leurs conditions de vie. Il promeut également l'équité du genre à travers des campagnes de sensibilisation, tout en renforçant la lutte contre les violences basées sur le genre\\r\\n\\r\\nPopulation cible : Les femmes vulnérables des 6 villages des districts de Bouaké et de Korhogo, particulièrement les jeunes filles, les femmes analphabètes, et les femmes chefs de ménage dans le secteur informel.", "url": "", "thematiques": []}}]	1	13	\N
68	67	2024-10-02 09:11:24.787611+00	2024-10-02 09:11:24.798532+00	0	1	2024-10-02 09:11:24.798453+00	Auto-approved: Superuser	[{"model": "projets.projet", "pk": 67, "fields": {"referent": 16, "no_reference": "", "titre": "Projet d’autonomisation des femmes ivoiriennes vulnérables par la promotion de l’équité du genre, l’éducation et l’entrepreneuriat.", "partenaire": 57, "resume": "Le projet vise à promouvoir l’autonomisation économique et sociale des femmes du Centre et du Nord de la Côte d'Ivoire, particulièrement les femmes vulnérables, en facilitant leur accès à l’éducation, à l’entrepreneuriat et à des activités génératrices de revenus. Les bénéficiaires recevront des formations en alphabétisation, des informations sur l’équité du genre, la prévention des violences basées sur le genre (VBG), ainsi que des compétences entrepreneuriales pour lancer et gérer des petites entreprises. Le projet est mis en œuvre dans 6 villages des districts de Bouaké et Korhogo, dans une région où l'analphabétisme des femmes et les discriminations liées au genre sont élevées. Les bénéficiaires participeront également à des programmes de sensibilisation à l’autonomisation, de promotion des droits des femmes et de formation entrepreneuriale.\\r\\n\\r\\nSous thématiques :\\r\\n\\r\\n- Autonomisation économique et entrepreneuriat\\r\\n- Alphabétisation des femmes\\r\\n- Éducation et formation professionnelle\\r\\n- Équité de genre", "resultats": "- Alphabétisation de 800 femmes.\\r\\n\\r\\n- Sensibilisation de 1 000 femmes et hommes sur l’équité du genre et la lutte contre les violences basées sur le genre (VBG).\\r\\n\\r\\n- Autonomisation économique de 400 femmes à travers des formations entrepreneuriales et la création de 200 activités génératrices de revenus (AGR).\\r\\n\\r\\n- Amélioration des conditions de vie pour 1 200 femmes et familles dans les villages ciblés.", "ville": "Bouaké", "latitude": 7.6906, "longitude": -5.0298, "secteur": 32, "unite_administrative": "Direction du Siège", "pays": "CI", "statut": "Terminé", "financement": 3, "date_debut": "2020-12-15", "date_completion": "2021-08-31", "budget": 55000.0, "commentaires": "Ce projet contribue à l'autonomisation des femmes ivoiriennes en leur offrant des opportunités d'éducation, de formation et d’entrepreneuriat pour améliorer leurs conditions de vie. Il promeut également l'équité du genre à travers des campagnes de sensibilisation, tout en renforçant la lutte contre les violences basées sur le genre\\r\\n\\r\\nPopulation cible : Les femmes vulnérables des 6 villages des districts de Bouaké et de Korhogo, particulièrement les jeunes filles, les femmes analphabètes, et les femmes chefs de ménage dans le secteur informel.", "url": "", "thematiques": []}}]	1	13	\N
\.


--
-- Data for Name: notifications_notification; Type: TABLE DATA; Schema: public; Owner: oifadmin
--

COPY public.notifications_notification (id, level, unread, actor_object_id, verb, description, target_object_id, action_object_object_id, "timestamp", public, action_object_content_type_id, actor_content_type_id, recipient_id, target_content_type_id, deleted, emailed, data) FROM stdin;
\.


--
-- Data for Name: projets_financement; Type: TABLE DATA; Schema: public; Owner: oifadmin
--

COPY public.projets_financement (id, nom) FROM stdin;
1	Local
2	FOND EXTRA BUDGETAIRE
3	FOND MULTILATERAL UNIQUE (FMU)
\.


--
-- Data for Name: projets_img; Type: TABLE DATA; Schema: public; Owner: oifadmin
--

COPY public.projets_img (id, file, project_id) FROM stdin;
1	images/projets/Capture_décran_24-9-2024_22612_orgfrancophonie-my.sharepoint.com.jpeg	9
2	images/projets/Capture_décran_24-9-2024_22649_orgfrancophonie-my.sharepoint.com.jpeg	2
3	images/projets/Capture_décran_24-9-2024_221358_www.facebook.com.jpeg	1
4	images/projets/Capture_décran_24-9-2024_22183_www.usenghor-francophonie.org.jpeg	3
5	images/projets/DYRaOhaWsAEGKhK.jpg	4
6	images/projets/Felana_Rajaonarivelo_-_Fireflies_-52_4.jpg	10
8	images/projets/Capture_décran_26-9-2024_113519_www.google.fr.jpeg	12
9	images/projets/Capture_décran_26-9-2024_113543_www.google.fr.jpeg	13
10	images/projets/Capture_décran_26-9-2024_12910_www.google.fr.jpeg	14
11	images/projets/Capture_décran_26-9-2024_122231_www.google.fr.jpeg	15
12	images/projets/Capture_décran_26-9-2024_113558_www.google.fr.jpeg	16
14	images/projets/Capture_décran_26-9-2024_125327_www.google.fr_lGZECyP.jpeg	18
13	images/projets/Capture_décran_26-9-2024_145815_www.google.fr.jpeg	17
15	images/projets/Capture_décran_26-9-2024_15412_www.google.fr.jpeg	19
16	images/projets/Capture_décran_26-9-2024_175555_www.google.fr.jpeg	22
18	images/projets/Capture_décran_27-9-2024_05159_tadamon.community.jpeg	23
19	images/projets/Capture_décran_27-9-2024_13355_.jpeg	25
20	images/projets/Capture_décran_27-9-2024_15610_www.facebook.com.jpeg	26
21	images/projets/Capture_décran_27-9-2024_2152_www.google.fr.jpeg	27
22	images/projets/AVSF.png	28
23	images/projets/Capture_décran_27-9-2024_31035_www.facebook.com.jpeg	29
24	images/projets/Capture_décran_27-9-2024_32557_www.google.fr.jpeg	30
25	images/projets/Capture_décran_26-9-2024_113543_www.google.fr_xvVHyks.jpeg	40
26	images/projets/Capture_décran_2-10-2024_92435_www.google.fr.jpeg	60
27	images/projets/Capture_décran_2-10-2024_92435_www.google.fr_wiuNCuC.jpeg	61
28	images/projets/Capture_décran_2-10-2024_93257_www.facebook.com.jpeg	62
29	images/projets/Capture_décran_2-10-2024_102221_www.google.fr.jpeg	63
30	images/projets/Capture_décran_2-10-2024_104054_www.savoirnews.tg.jpeg	64
31	images/projets/Capture_décran_2-10-2024_10467_www.google.fr.jpeg	65
32	images/projets/Capture_décran_2-10-2024_11743_www.facebook.com.jpeg	66
33	images/projets/Capture_décran_2-10-2024_11743_www.facebook.com_GwLumJb.jpeg	67
34	images/projets/Capture_décran_2-10-2024_182530_www.google.fr.jpeg	68
\.


--
-- Data for Name: projets_partenaire; Type: TABLE DATA; Schema: public; Owner: oifadmin
--

COPY public.projets_partenaire (id, nom, addresse, representant, ville, pays, telephone, mail) FROM stdin;
2	Haut Conseil de la Jeunesse de Mauritanie	\N			MR	\N	\N
1	Université Senghor d'Alexendrie	\N		Alexandrie	EG	\N	\N
3	Radio Jeunesse Sahel	\N		Ouagadougou	BF	\N	\N
4	Centre régional des Nation Unies pour la paix et le désarmement en afrique	\N		New York	US	\N	\N
5	A completer	\N			TN	\N	\N
6	ACTED (Organisation non-gouvernementale (ONG))	\N		Sfax	TN	\N	\N
7	Association Camerounaise des Techniciens Supérieurs de Génie Rural (ACTSGR)	\N		Nkolafamba, Awaé et Soa, Région du Centre Cameroun	CM	\N	\N
8	Auto-Développement Afrique (ADA)	\N			RW	\N	\N
9	Alternatives Durables pour le Développement (ADD)	\N		Région du Centre, Cameroun	CM	\N	\N
10	AFDI Pays de la Loire	\N		Bukavu, Sud-Kivu, République Démocratique du Congo	CD	\N	\N
11	Association Féminine pour une Jeunesse Espoir (AFEJE)	\N		N'Dali et Parakou, Bénin	BJ	\N	\N
12	African Women in Tech Startups (AFRICANWITS)	\N		Douala	CM	\N	\N
13	Association Internationale de Lutte Contre les Violences (AILV)	\N		Abobo, Adjamé, et Yopougon, Abidjan, Côte d'Ivoire	CI	\N	\N
14	Association Locale de Coopération au Développement (ALCOD)	\N		Abomey	BJ	\N	\N
15	ONG Amed Health Africa avec des partenaires comme l'Association des Femmes Productrices de Kolda.	\N		Kolda	SN	\N	\N
16	Association Nationale des Communes du Bénin (ANCB)	\N		Abomey	BJ	\N	\N
17	Association pour la Protection de l’Environnement et Action Humanitaire (APEAH)	\N		Nouadhibou	MR	\N	\N
18	association pour la Promotion Economique et Sociale des Femmes Rurales - APEK-Agriculture	\N		Fria	GN	\N	\N
19	ARCADE Une Terre pour Vivre	\N		Blendio	ML	\N	\N
20	Association Communautaire et Développement (ASCOM)	\N		Oolegue	MR	\N	\N
21	ASSILASSIME SOLIDARITÉ	\N		lome	TG	\N	\N
22	Agronomes et Vétérinaires Sans Frontières (AVSF)	\N		Matam	SN	\N	\N
23	AZUR Développement (organisation porteuse)	\N		Brazzaville	CG	\N	\N
24	ONG Barefoot College Madagascar	\N		Tsiafajavona	MG	\N	\N
25	Scout Sans Frontières	\N			TN	\N	\N
26	Société Coopérative Simplifiée Songulmane	\N			TG	\N	\N
27	Solidarité International pour l'Afrique (SIA)	\N			ML	\N	\N
28	Solidaridad West Africa Network (SWA)	\N			CI	\N	\N
29	Union National des sociétés cooperatives d'étuvage de riz	\N			BF	\N	\N
30	Women's International League for Peace and Freedom (WILPF Cameroon)	\N			CM	\N	\N
31	Le Programme d'Appui à la Femme et à l'Enfance Déshéritée (PAFED)	\N			TG	\N	\N
32	Palmis Mikwofinans Sosyal - PMS	\N			HT	\N	\N
33	L'association "Phare Ponleu Selpak France"	\N			FR	\N	\N
34	L'association Quartier de Lumière (QDL)	\N			MU	\N	\N
35	Femmes & TIC Côte d’Ivoire	\N			CI	\N	\N
36	CIPMEN Niger (Centre Incubateur des Petites et Moyennes Entreprises du Niger), une association nigérienne.	\N			NE	\N	\N
37	Banj Haïti, entreprise de droit haïtien.	\N			HT	\N	\N
38	Ministère de l'Éducation Nationale et de la Formation Professionnelle de Djibouti.	\N			DJ	\N	\N
39	Kabakoo Mali, association de droit malien.	\N			ML	\N	\N
40	KOBO HUB, République Démocratique du Congo.	\N			CG	\N	\N
41	Net Info, une société basée à Tunis spécialisée dans la formation aux métiers numériques.	\N			TN	\N	\N
42	SAYNA SARL - SARL de droit malgache, spécialisée en formation aux métiers du numérique et en externalisation des projets IT.	\N			MG	\N	\N
43	Simplon.co	\N			GA	\N	\N
44	WeCode Land, SA de droit tunisien.	\N			TN	\N	\N
45	Le Ministère de l’Éducation nationale et de la Formation professionnelle (MENFOP) de Djibouti, en partenariat avec le Lycée t	\N			DJ	\N	\N
46	Agence universitaire de la Francophonie (AUF), Burkina Faso	\N			BF	\N	\N
47	Network Informatique (NET-INFO) - Tunisie.	\N			TN	\N	\N
48	KABAKOO - La maison de l'étonnement, une association de droit malien qui propose des solutions éducatives innovantes.	\N			ML	\N	\N
49	SAYNA SARL, une entreprise malgache spécialisée dans la formation aux métiers du numérique.	\N			MG	\N	\N
50	BeCode, une association sans but lucratif basée à Bruxelles, Belgique, qui propose des formations en développement web et num	\N			BE	\N	\N
51	Association pour le Développement des Sociétés de l'Information au Tchad (ADESIT)	\N			TD	\N	\N
52	Barefoot College International	\N		Tsiafajavona	MG	\N	\N
53	L’ONG Bien-Être et Développement Durable (ONG BEDD), basée à Abomey-Calavi au Bénin.	\N		Abomey-Calavi	BJ	\N	\N
54	Beit El Hanane - Maison de la tendresse	\N		Beyrouth	LB	\N	\N
55	Centre pour l’Écologie et le Développement (CED)	\N		Danyi	TG	\N	\N
56	ONG Cercle de Développement des Initiatives Féminines (CEDIF)	\N		Abomey	BJ	\N	\N
57	Centre Solidarité Action Sociale (CSAS)	\N		Bouaké, Korhogo	CI	\N	\N
58	ONG DIASPORA CEDEAO	\N		Abidjan	CI	\N	\N
\.


--
-- Data for Name: projets_projet; Type: TABLE DATA; Schema: public; Owner: oifadmin
--

COPY public.projets_projet (id, titre, resultats, ville, latitude, longitude, pays, statut, date_debut, date_completion, budget, commentaires, url, resume, unite_administrative, secteur_id, no_reference, partenaire_id, financement_id, referent_id) FROM stdin;
3	Soutien à la formation en MASTER	Obtention du diplôme de Master en 'Gestion des industries culturelles' par les sept étudiants soutenus par la subvention.	Saint-Louis	16.1876131	-15.2954502	SN	Terminé	2018-10-15	2019-07-31	23000			Renouvellement de la subvention de prise en charge des frais de scolarité et de vie de sept étudiants inscrits au Master 'Gestion des industries culturelles' pour l'année académique 2018-2019.	Représentation extérieures (REPEX)	14		1	3	4
4	Élaboration d'un Guide pratique sur le désarmement en Afrique	Le Guide permettra une meilleure compréhension des instruments internationaux et régionaux régulant la circulation des armes en Afrique.	Paris	49.0944509	6.1349452	FR	Terminé	2015-03-10	2015-12-31	25506			Le projet vise à rédiger un Guide pratique sur le désarmement en Afrique en langue française, fournissant une synthèse des sujets liés au désarmement sur le continent africain.	Représentation extérieures (REPEX)	12		4	3	15
9	Démarrage de la Radio Jeunesse Sahel (RJS)	Démarrage réussi de la Radio Jeunesse Sahel (RJS) avec une équipe complète et un budget alloué.	Ouagadougou	11.3681873	-1.5270944	BF	Terminé	2022-11-01	2023-12-31	209362			Fournir des ressources financières pour le fonctionnement de la Radio Jeunesse Sahel (RJS) pour une période donnée.	Représentation extérieures (REPEX)	2		3	3	10
32	Renforcement de l'autonomisation économique et sociale des femmes et filles de Mandouri	Le renforcement de l'autonomisation économique et sociale des femmes et des filles de Mandouri.	Mandouri	10.8500153	0.8178219	TG	Terminé	2021-10-20	2022-10-30	36000			Le but du projet est de renforcer l'autonomisation économique et sociale des femmes et des filles de Mandouri.	\N	\N		26	\N	16
8	Appui européen à la phase de démarrage de la Radio Jeunesse Sahel (RJS)	Le Comité consultatif est fonctionnel et interagit efficacement avec les autres instances du projet. Des avis techniques sont émis pour améliorer la qualité de la radio et favoriser l'appropriation par les jeunes sahéliens	Nouakchott	18.0792379	-15.9780071	MR	Terminé	2021-05-17	2021-12-31	5000			Le projet vise à soutenir le démarrage de la Radio Jeunesse Sahel pour faciliter la participation des jeunes dans la région du G5 Sahel	Direction du Siège	2		2	3	10
5	Radio Jeunesse Sahel	Formation du personnel bénévole en techniques de production et d'animation radiophonique. Accompagnement à l'insertion socio-professionnelle du personnel bénévole	Ouagadougou	12.3681873	-1.5270944	BF	En Cours d'exécution	2021-06-23	2024-09-24	61658			Concourir à une transition apaisée entre la fermeture de la radio jeunesse francophone 4 Ouagadougou et la ouverture de Radio Jeunesse Sahel, dans le même bâtiment, à la demande des autorités nationales burkinabé, l'OIF accorde au bénéficiaire une subvention visant à : prendre en charge la formation du personnel bénévole de l'ancienne radio jeunesse francophone en techniques de production et d'animation radiophonique ; assurer un accompagnement à l'insertion socio-professionnelle du personnel bénévole de l'ancienne radio jeunesse francophone.	Direction du Siège	10		1	\N	10
7	Contribution à la poursuite d'identification des bénéficiaires du futur réseau des Espaces du Livre Francophone (ELFE) du Vanuatu	Identifier les conditions d'implantation des Espaces du Livre Francophone dans les régions spécifiées.	Port-Vila	-17.7414972	168.3150163	VU	En Cours d'exécution	2019-05-22	2019-11-30	9			Étude pour l'implantation des Espaces du Livre Francophone dans les régions de Craig Cove, Lonorore, Lamap, Anatom, Tongoa et Emae au Vanuatu.	Représentation extérieures (REPEX)	25		1	2	8
6	Formation à distance en renforcement	Renforcement des capacités des cadres des administrations nationales et territoriales pour concevoir et piloter des politiques publiques jeunesse	Alexandrie	31.1991806	29.8951716	EG	Terminé	2021-12-01	2022-07-30	12000			Formation en ligne pour renforcer les capacités des cadres des administrations nationales et territoriales des pays francophones du sud sur la conception de politiques publiques jeunesse	Représentation extérieures (REPEX)	4		1	\N	5
2	Fond Francophonie avec Elles: Appui AGR Femmes peri urbaine	Une aide pour les femmes	Conakry	9.5170602	-13.6998434	GN	En Planification	2024-09-05	2024-09-24	25000			Fond Francophonie avec Elles: Appui AGR Femmes peri urbaine	Représentation extérieures (REPEX)	2		1	3	16
15	L'activité agricole, moyen de réinsertion sociale des femmes victimes de guerres	- Réinsertion sociale et économique des femmes victimes de conflits.\r\n\r\n- Renforcement des compétences agricoles pour assurer une autonomie alimentaire et générer des revenus.\r\n\r\n- Amélioration des conditions de vie des femmes à travers des initiatives de micro-entrepreneuriat agricole.	Sud-Kivu	-3.2653155	27.8705717	CD	Terminé	2020-12-15	2021-08-31	45000			Ce projet vise à réinsérer socialement les femmes victimes de conflits dans la région du Sud-Kivu, République Démocratique du Congo, à travers des activités agricoles durables. Il cible les femmes victimes des conflits dans la région de Bukavu, au Sud-Kivu, qui ont subi des violences, des déplacements forcés, et des pertes matérielles. L'objectif est d'améliorer leurs conditions de vie en leur fournissant une réinsertion économique par l'agriculture. Les activités proposées incluent la culture maraîchère, l’élevage, et la pisciculture. Ce projet vise également à restaurer leur dignité et à favoriser leur inclusion économique à travers la création d'activités génératrices de revenus.\r\n\r\nSous-thématiques :\r\n- Autonomisation économique / entrepreneuriat\r\n- Agriculture durable\r\n- Réhabilitation sociale des femmes victimes de violences\r\n\r\nBénéficiaire :\r\nAFDI Pays de la Loire qui est une association française qui soutient le développement rural dans les pays en développement, en particulier à travers des partenariats avec des organisations locales.	Direction du Siège	13		10	3	16
1	Men Shí	Renforcer les compétences de Nda Chi afin de créer un spectacle de qualité accessible aux populations jeunes, Appréhender différents aspects techniques pour s’engager plus intensément dans un travail de création tels que: La conception du spectacle (narration, dramaturgie, scénographie). La direction musicale.	Douala	4.02	9.7062018	CM	En Cours d'exécution	2024-08-01	2024-12-31	5000			Men Shí”, qui signifie “enfant spirituel” en Neghapelong, est l’expression d’un projet artistique, une expérience immersive qui invite à un voyage initiatique à travers la musique, la danse et les arts visuels. Ce spectacle conçu par Nda Chi (Cameroun), lauréat des Jeux de la Francophonie explore les thèmes de l’identité, de la spiritualité et de la transcendance, afin de tisser des liens entre les cultures, les générations et les genres	Direction du Siège	10		1	3	8
24	Accompagnement des populations rurales pour l’Elaboration Fermière - Aulat	- Formation d’un nombre ciblé de femmes aux techniques modernes agricoles pour améliorer la productivité.\r\n\r\n- Augmentation de la capacité de production des bénéficiaires et création d'opportunités économiques accrues.\r\n\r\n- Utilisation efficace des TIC pour la gestion et la promotion des activités agricoles locales.\r\n\r\n- Renforcement de la résilience des femmes face aux défis climatiques et économiques en zone rurale	Fria	10.363036	-13.581185	GN	Terminé	2020-12-15	2021-12-31	50000	Le projet "Accompagnement des populations rurales pour l’Elaboration Fermière - Aulat" revêt une importance capitale dans la région de Basse-Guinée, car il permet de répondre à plusieurs défis critiques rencontrés par les femmes en milieu rural. L’approche intégrée qui combine l’amélioration des pratiques agricoles et l’utilisation des technologies numériques pour l’accès à l’information et la gestion des activités économiques renforce la résilience de ces communautés face aux chocs économiques et climatiques.		Le projet vise à améliorer la situation économique et sociale des femmes dans les zones rurales de la région de Basse-Guinée. Ce projet soutient la formation en technologies agricoles modernes et durables pour permettre aux femmes de diversifier leurs revenus. Grâce à l’introduction de pratiques agricoles modernes, les bénéficiaires auront accès à des techniques de production plus efficaces et à des opportunités économiques accrues. Cela comprend la formation en gestion d’activités agricoles, la promotion de l’utilisation des TIC, et l’intégration dans des marchés locaux et régionaux. En outre, il prévoit l’accès à des informations pertinentes via des plateformes numériques adaptées aux contextes locaux. Les Bénéficiaires finaux sont l'association pour la Promotion Economique et Sociale des Femmes Rurales - APEK-Agriculture	Direction du Siège	32		18	3	16
36	Renforcement de l'autonomisation économique et sociale des femmes déplacées internes suite aux conflits dans les régions anglophones et des filles mères des communautés hôtes	Renforcer l'accompagnement des femmes en situation de vulnérabilité, le développement d'activités génératrices de revenus (AGR) et de leur formation professionnelle. Accroître l'information des femmes et leur offrir une plateforme d'expression sur la santé en général et les sensibiliser aux moyens de se prémunir, de bénéficier de soins de santé et d'accéder à une citoyenneté pleine et entière. Favoriser l'éducation et la formation professionnelle des femmes, ainsi que la scolarisation de leurs enfants.	Dschang	5.4469923	10.053309	CM	Terminé	2021-10-20	2022-10-30	59542			Renforcer l'autonomisation économique et sociale des femmes déplacées internes suite aux conflits dans les régions anglophones et des filles mères des communautés hôtes dans la ville Dschang.	Direction du Siège	32		30	3	16
25	Projet d'accompagnement des femmes rurales pour l'utilisation de séchage solaire et des outils numériques dans les communes de Sikasso.	- Amélioration des capacités de conservation des produits agricoles par les femmes rurales.\r\n\r\n- Utilisation accrue des outils numériques pour la gestion des activités et la promotion des produits agricoles.\r\n\r\n- Renforcement des capacités économiques des femmes rurales en augmentant leurs revenus par la vente de produits mieux conservés.\r\n\r\n- Sensibilisation des populations locales à l’importance des TIC et des pratiques agricoles innovantes.	Blendio	11.6138073	-6.3430786	ML	Terminé	2020-12-15	2021-12-31	50000	Le projet "Séchage solaire et outils numériques au service des femmes rurales" est une initiative innovante qui contribue à améliorer la sécurité alimentaire et la résilience économique des femmes dans les communes rurales du Mali. Il joue un rôle crucial dans la promotion des pratiques agricoles durables et l'appropriation des outils numériques dans les zones rurales, renforçant ainsi l'intégration des femmes dans les chaînes de valeur locales et régionales.		Ce projet vise à autonomiser les femmes rurales des communes de Blendio, Benkadi, Tella et Dembela à travers l’introduction de pratiques innovantes telles que le séchage solaire pour la conservation des produits agricoles et l'utilisation des outils numériques. L’objectif est de renforcer leur résilience économique et sociale en leur permettant d'améliorer leurs techniques de conservation des aliments, tout en utilisant des plateformes numériques pour la gestion des activités et la promotion de leurs produits.\r\n\r\nSous thématique\r\n\r\n- Prise en charge des besoins prioritaires\r\n- Sensibilisation/Information\r\n- Autonomisation économique/Entreprenariat	Direction du Siège	32		19	3	16
12	Insertion socio-économique des femmes migrantes originaires d’Afrique sub-saharienne en Tunisie	Améliorer l'accès des femmes migrantes aux opportunités économiques, notamment par le biais de la création d’activités génératrices de revenus (AGR).\r\n\r\nRenforcer les compétences professionnelles et sociales des bénéficiaires par la formation et l’éducation.\r\nAccroître l’autonomisation économique et l'inclusion sociale des femmes dans la communauté locale.\r\n\r\nRéduire la vulnérabilité des femmes face à l’exploitation économique et sociale en Tunisie.\r\n\r\nFavoriser une meilleure intégration des femmes migrantes dans les structures économiques et sociales locales.	Sfax	34.723238699999996	10.335847425638779	TN	Terminé	2020-12-15	2021-08-31	30000			Ce projet se concentre sur l'amélioration de l'insertion socio-économique des femmes migrantes issues de pays d'Afrique sub-saharienne qui résident en Tunisie, plus particulièrement dans la ville de Sfax. Le projet a pour but d’aider ces femmes à accéder à des opportunités économiques et à renforcer leur résilience face aux défis économiques et sociaux.\r\nIl vise  l'autonomisation économique et à l'insertion sociale des femmes migrantes en situation de vulnérabilité, principalement originaires des pays d'Afrique sub-saharienne, installées à Sfax, Tunisie. Le projet prévoit de renforcer la résilience économique en leur fournissant des outils pour développer des activités génératrices de revenus (AGR), ainsi que d'améliorer l'accès à la santé et à l'éducation. Le projet est également conçu pour répondre aux défis spécifiques liés à la précarité et à l'exploitation des migrantes.\r\nACTED est une organisation non-gouvernementale (ONG) qui est le bénéficiaire direct de cette convention. ACTED a pour mission de soutenir les populations les plus vulnérables dans le monde en leur fournissant un soutien humanitaire et en facilitant leur développement économique et social. Dans le cadre de ce projet, ACTED est chargé de la mise en œuvre des activités prévues et de la gestion des fonds.	Direction du Siège	13		6	3	16
37	Promotion de l'autonomie économique des agricultrices de la commune de Tchaoudjo	Renforcer l'accompagnement des femmes en situation de vulnérabilité, les soutenir dans le développement d'activités génératrices de revenus (AGR) et de leur formation professionnelle.	Sokodé	8.9834333	1.1437646	TG	Terminé	2021-12-01	2022-12-01	30936			Le projet vise à contribuer à l'autonomisation économique et à l'amélioration des conditions de vie de trente productrices agricoles de la commune de Tehaoudjo à travers la création d'une coopérative, des activités de formation et de sensibilisation, ainsi que la mise à disposition de matériels pour faciliter la production.	Direction du Siège	32		31	3	16
14	Promotion de l’Entrepreneuriat et de l’Autonomisation des Femmes Bayam Selam en période de COVID-19 au Cameroun (PEA-FEMMES)	Amélioration des compétences entrepreneuriales des femmes bayam selam pour leur permettre de relancer leurs activités économiques affectées par la pandémie.\r\n\r\nAccès à des microfinancements adaptés aux besoins des femmes dans le secteur informel.\r\n\r\nSensibilisation des femmes aux droits des femmes et à la gestion des finances en période de crise.	Yaoundé	3.8689867	11.5213344	CM	Terminé	2020-12-15	2021-08-31	40000			Le projet PEA-FEMMES vise à soutenir les femmes entrepreneurs dans le secteur informel au Cameroun, notamment les "bayam selam" (femmes commerçantes opérant dans le commerce de détail), qui ont été sévèrement touchées par la pandémie de COVID-19\r\n\r\nIl vise également à promouvoir l'égalité des sexes et l'autonomisation des femmes bayam selam au Cameroun en réponse aux impacts économiques et sociaux de la pandémie de COVID-19. Ce projet met l’accent sur l’amélioration des capacités entrepreneuriales des femmes, leur formation à des activités génératrices de revenus (AGR) adaptées et l'accès à des microfinancements pour relancer leurs activités affectées par la crise.\r\n\r\nLes sous thématiques abordés sont:\r\n\r\n- Autonomisation économique et entrepreneuriat\r\n- Éducation et formation professionnelle\r\n- Soutien économique post-crise COVID-19\r\n\r\nLe bénéficiaire de ce projet est l'ONG Alternatives Durables pour le Développement (ADD) fondée en 1997, spécialisée dans le développement durable et l’autonomisation des femmes. Elle est accréditée par l’OIF et a déjà mis en œuvre plusieurs projets similaires.	Direction du Siège	13		9	3	16
21	Projet Celles d'Amed	Former 100 femmes à la production de denrées alimentaires à haute valeur nutritive.\r\n\r\nSensibiliser 1 200 jeunes (filles et garçons) âgés de 5 à 25 ans sur la nutrition et les droits en matière de santé reproductive.\r\n\r\nSensibiliser 15 agents de santé communautaires sur la promotion des services de santé reproductive.\r\n\r\nRéaliser des campagnes de sensibilisation touchant environ 100 000 personnes dans les communautés de la région de Kolda.	Kolda	13.1291507	-14.418147374323599	SN	Terminé	2020-12-15	2021-08-31	60000			Le projet Celles d'Amed contribue à l’autonomisation et la résilience des femmes dans le domaine des droits sanitaires, en renforçant leur accès à la santé reproductive, la nutrition et la réduction des inégalités. Il vise également à soutenir les femmes productrices alimentaires en améliorant leur capacité de production de denrées alimentaires à haute valeur nutritive. À travers ce projet, des campagnes de sensibilisation communautaire seront menées sur la nutrition et la santé des femmes, ainsi que sur leurs droits en matière de santé reproductive. Les femmes productrices seront formées à l'amélioration de la qualité des aliments produits localement.\r\n\r\nSous thématiques :\r\n- Santé reproductive\r\n- Nutrition\r\n- Droits des femmes\r\n- Sensibilisation à l'égalité des genres\r\n- Autonomisation économique des femme	Direction du Siège	32		15	3	16
26	Projet d’amélioration des conditions socio-économiques des femmes d'Oologuè et développement des activités génératrices de revenus.	- Alphabétisation de 450 femmes rurales.\r\n\r\n- Renforcement de leurs capacités entrepreneuriales et accès à des moyens de production modernes.\r\n\r\n- Amélioration des revenus grâce à des activités génératrices de revenus.\r\n\r\n- Réduction du chômage et meilleure intégration économique des femmes dans la commune.\r\n\r\n- Sensibilisation aux maladies hydriques et amélioration de la santé communautaire.	Oologuè	11.6138073	-6.3430786	MR	Terminé	2020-12-15	2021-12-31	40000	Ce projet joue un rôle crucial dans l'amélioration des conditions de vie des femmes d'Oologuè, en les intégrant dans le tissu économique local à travers des initiatives génératrices de revenus. L'impact attendu est de longue durée, avec un renforcement de la résilience économique et sociale des bénéficiaires, et une contribution significative à la lutte contre l'analphabétisme et la pauvreté en milieu rural.		Le projet vise à améliorer les conditions socio-économiques de 450 femmes rurales dans la commune d’Oologuè, située dans la wilaya de Brakna en Mauritanie. Il inclut des actions de formation, de sensibilisation et d’autonomisation pour ces femmes, en leur fournissant un accès à des microcrédits, des moyens de production modernes, et en prévenant certaines maladies hydriques. Ces femmes bénéficieront aussi d’un accompagnement en termes de techniques agricoles modernes, et de gestion d'activités économiques, ainsi que des infrastructures pour leur permettre de s’engager dans des activités génératrices de revenus plus stables. Le projet se focalise également sur l’alphabétisation des femmes et l’amélioration de leur accès à l’information et aux crédits.\r\n\r\nSous-thématiques :\r\n\r\n- Éducation/Formation professionnelle : Alphabétisation et formation en gestion.\r\n- Sensibilisation/Information : Sensibilisation sur les maladies hydriques et autres problématiques locales.\r\n- Autonomisation économique/Entreprenariat : Accès aux crédits et moyens de production pour les femmes.\r\n- Technologies numériques : Utilisation des technologies pour faciliter l'accès à l'information.	Direction du Siège	32		20	3	16
38	Renforcer durablement l'autonomie socio-économique des femmes rurales en Haiti et leur résilience aux changements climatiques	Le renforcement de l'autonomie socio-économique des femmes rurales et leur résilience aux changements climatiques par des pratiques respectueuses de l'environnement.	Hinche, Mirebalais et Petit-Goave	19.15	-72.01667	HT	Terminé	2021-10-20	2022-10-30	60000			Renforcer durablement l'autonomie socio-économique des femmes rurales en Haiti et leur résilience aux changements climatiques par l'adoption de pratiques domestiques et professionnelles respectueuses de l'environnement.	Direction du Siège	\N		32	3	16
13	Projet d’autonomisation des femmes et des jeunes filles d’Amizero	Autonomisation des jeunes filles et femmes par des AGR (activités génératrices de revenus) comme l’élevage et la pisciculture.\r\n\r\nRenforcement des compétences entrepreneuriales des bénéficiaires grâce à des formations pratiques.\r\n\r\nRéduction des violences basées sur le genre et des grossesses non désirées par des actions de sensibilisation.	Kigali, District de Nyamurenge, Rwanda	\N	\N	RW	Terminé	2020-12-15	2021-08-31	25000			Le projet contribue à l'autonomisation des femmes et jeunes filles vulnérables à Amizero, au Rwanda, par le biais de la création d'activités génératrices de revenus (AGR) adaptées, telles que des initiatives entrepreneuriales dans l'élevage et la pisciculture. Il vise également à renforcer la confiance des bénéficiaires à travers un accompagnement psychosocial. Ce projet aide les jeunes filles à mieux comprendre et gérer les enjeux de la sexualité et de la reproduction, en les sensibilisant aux risques liés aux grossesses non désirées et aux violences basées sur le genre.\r\n\r\nLes sous thématiques abordées sont:\r\n\r\n- Autonomisation économique et entrepreneuriat\r\n- Éducation et formation professionnelle\r\n- Santé reproductive et droits des femmes\r\n\r\nLe bénéficiaire de projet est l'ONG  Auto-Développement Afrique (ADA) qui est une organisation non-gouvernementale basée au Rwanda, active depuis 1986, spécialisée dans l'entrepreneuriat et le développement communautaire.	Direction du Siège	13		8	3	16
22	Projet de promotion de l’économie locale à travers le développement des activités génératrices de revenus des femmes vulnérables dans 3 communes du Bénin	- Mise en place de 4 cycles de formation des femmes sur la gestion et la commercialisation des AGR.\r\n\r\n- Création de nouveaux emplois et augmentation des revenus pour les bénéficiaires.\r\n\r\n- Renforcement de la participation des femmes dans les marchés locaux.\r\n\r\n- Adoption de nouveaux procédés technologiques de transformation pour les AGR.\r\n\r\n- Formation de 150 femmes pour améliorer leur savoir-faire et renforcer leur rôle dans l’économie locale.\r\n\r\n- Augmentation des opportunités économiques pour les femmes et réduction des inégalités liées au genre	Glazoué	8.16811735	2.2291357527306785	BJ	Terminé	2020-12-15	2021-08-31	60000			Ce projet vise à promouvoir l’autonomisation des femmes et leur contribution au développement économique local à travers la transformation des matières premières et la création d’activités génératrices de revenus (AGR) dans trois communes du Bénin. Il inclut la mise en place d’ateliers de transformation, de formation, et d’accompagnement pour aider les femmes vulnérables à développer des AGR\r\n\r\nSous-thématiques\r\n\r\n- Autonomisation économique des femmes\r\n- Renforcement des capacités techniques et professionnelles\r\n- Développement local et réduction des inégalités de genre	Direction du Siège	33		16	3	16
27	Projet d’accompagnement des femmes vulnérables de Lomé vers une autonomisation économique à travers la création et/ou le développement d’AGR.	- Autonomisation sociale et financière de 350 femmes vulnérables.\r\n\r\n- Accès facilité aux crédits et développement d’AGR pour les femmes.\r\n\r\n- Formation et sensibilisation des bénéficiaires sur la gestion des activités, la santé et les droits des femmes.\r\n\r\n- Intégration sociale et économique renforcée des femmes handicapées et vulnérables.\r\n\r\n- Renforcement des capacités des bénéficiaires à faire face aux crises économiques et sociales.	Lomé	6.130419	1.215829	TG	Terminé	2020-12-15	2021-12-31	55000	Le projet d’accompagnement des femmes vulnérables de Lomé s’inscrit dans une dynamique d’inclusion sociale et économique, visant à renforcer la résilience des femmes face aux crises économiques, sociales et sanitaires. Il met en place un écosystème complet de soutien, incluant des formations, l’accès au crédit et une sensibilisation continue, contribuant à l’éradication des inégalités socio-économiques dont souffrent ces femmes. Ce projet joue un rôle crucial dans l’autonomisation des femmes vulnérables, tout en leur offrant des opportunités économiques et sociales concrètes.		Ce projet vise à accompagner les femmes vulnérables de Lomé et ses quartiers périphériques à la création ou au développement de leurs Activités Génératrices de Revenus (AGR), leur assurant une autonomisation sociale et financière. Le projet cible des femmes handicapées, monoparentales ou vivant avec le VIH. Un total de 350 femmes recevra des crédits auprès d’ASSILASSIME SOLIDARITÉ pour lancer ou développer leurs AGR. Elles bénéficieront de formations entrepreneuriales, sociales et sanitaires pour gérer leurs activités. Le projet inclut également des sensibilisations sur les droits des femmes, la prévention des pandémies et les maladies. Il facilitera l’inclusion sociale et financière de ces femmes tout en renforçant la cohésion au sein des communautés.\r\n\r\nSous thématiques\r\n\r\n- Éducation/Formation professionnelle : Formation à la gestion d’AGR et autonomisation.\r\n- Sensibilisation/Information : Droits des femmes, santé publique, prévention des maladies.\r\n- Autonomisation économique/Entreprenariat : Développement d’AGR pour les femmes vulnérables.	Direction du Siège	32		21	3	16
39	Renforcement de l’accès à la formation professionnelle des filles à l’Ecole des Arts de la Scène	Renforcer l'accompagnement des femmes en situation de vulnérabilité, accroître l'information des femmes sur la santé, favoriser l'éducation des femmes et la scolarisation de leurs enfants.	Battambang	12.9256791	103.231713642745	KH	Terminé	2022-01-01	2022-10-30	58416			Renforcer l'accès des filles aux formations Arts de la Scène de Phare Ponleu Selpak, puis à l'emploi.	Direction du Siège	\N		33	3	16
28	Projet d’émancipation des femmes vulnérables à travers le développement d’activités génératrices de revenus et de formation professionnelle	- Amélioration de la situation économique des femmes vulnérables dans la région de Matam grâce à des activités génératrices de revenus.\r\n\r\n- Formation professionnelle pour les bénéficiaires dans les domaines de l’agriculture et de l’élevage.\r\n\r\n- Augmentation de la productivité et meilleure commercialisation des produits grâce à l’utilisation des TIC.\r\n\r\n- Renforcement des capacités des femmes pour leur autonomie économique et sociale.	Matam	15.0028849	-13.9240088	SN	Terminé	2020-12-15	2021-12-31	60000	Le projet "Ngali Revubé" répond aux défis de pauvreté et d'inégalité de genre dans la région de Matam, en permettant aux femmes de diversifier leurs sources de revenus et d'améliorer leur situation sociale et économique. Il renforce également leur inclusion dans les circuits commerciaux, notamment grâce à l'utilisation des technologies numériques, et favorise leur autonomisation face aux défis climatiques et économiques.		Le projet « Ngali Revubé » vise à soutenir l’émancipation des femmes vulnérables de la région de Matam au Sénégal en les dotant de compétences pour développer des activités génératrices de revenus et en leur fournissant une formation professionnelle. La région de Matam, une des zones les plus pauvres du Sénégal, connaît des difficultés en raison de la faible rentabilité des activités d’élevage et de l’agriculture de subsistance. Ce projet accompagne les femmes dans la mise en œuvre d’activités comme l’élevage et l’agriculture, tout en les intégrant dans des réseaux d’échange locaux et nationaux, notamment à travers des plateformes numériques. Cela permet aux bénéficiaires de mieux valoriser leurs produits et d’augmenter leurs revenus, tout en renforçant leur résilience face aux chocs économiques et climatiques.\r\n\r\nSous-thématiques :\r\n\r\n- Autonomisation économique/Entrepreneuriat\r\n- Sensibilisation/Information\r\n- Éducation/Formation professionnelle	Direction du Siège	32		22	3	16
33	Appui au renforcement de l’autonomisation de deux associations de femmes dans la commune rurale de Koundian par le maraîchage	Renforcer l'accompagnement des femmes en situation de vulnérabilité, les soutenir en vue du développement d’activités génératrices de revenus (AGR) et de leur formation professionnelle. Accroître l'information des femmes et leur offrir une plateforme d’expression sur les pandémies, la santé en général et la prévention des maladies, et les former sur les moyens de s’en prémunir, de bénéficier de soins de santé et d’accéder à une citoyenneté pleine et entière. Favoriser l'éducation et la formation professionnelle des femmes, ainsi que la scolarisation de leurs enfants.	Koundian	13.1613772	-10.6837424	ML	Terminé	2021-10-20	2022-10-30	31000			Améliorer durablement la sécurité alimentaire et nutritionnelle des groupes vulnérables dans les villages de Koundian, et Nanifara en favorisant leur accès aux facteurs de production, technologies et marchés et en renforçant les capacités des femmes dans la prise en charge de la sécurité alimentaire dans le développement local.	Direction du Siège	\N		27	3	16
61	Renforcement des compétences des femmes ingénieures solaires des villages ruraux isolés dans leurs projets d’activités génératrices de revenu à Madagascar.	- Formation et autonomisation de 36 femmes ingénieures solaires.\r\n\r\n- Augmentation de l'accès à l'énergie solaire pour les communautés rurales de Madagascar.\r\n\r\n- Création de micro-entreprises locales gérées par les femmes formées.\r\n\r\n- Développement d'activités génératrices de revenus dans les villages bénéficiaires.	Tsiafajavona	-14.3709949	45.234972	MG	Terminé	2020-12-15	2021-08-31	22295	Ce projet met en lumière l'importance de l'accès à l'énergie renouvelable pour les communautés rurales et de l'autonomisation des femmes dans des zones isolées. En formant les femmes locales à devenir des ingénieures solaires, ce projet contribue non seulement à améliorer leurs compétences professionnelles, mais également à renforcer la résilience économique de leurs villages. Il s'inscrit dans une approche globale visant à promouvoir l'autonomie des femmes et l'inclusion sociale à travers des solutions adaptées aux besoins locaux. Les bénéficiaires du projet sont des femmes ingénieures solaires âgées de 35 à 55 ans issues de villages ruraux enclavés de Madagascar. Le projet vise spécifiquement les femmes des communautés isolées, souvent privées d'accès aux services essentiels et d'opportunités économiques. Un accent particulier est mis sur l'inclusion des femmes vulnérables dans les zones dépourvues d'accès à l'électricité.		Le projet vise à renforcer les compétences des femmes ingénieures solaires des villages ruraux isolés à Madagascar dans des projets d'activités génératrices de revenus. En partenariat avec Barefoot College Madagascar, il a pour objectif principal de promouvoir l'autonomisation des femmes à travers l'accès à l'éducation, à la formation professionnelle et à l'insertion dans des projets locaux, tout en favorisant l'inclusion économique. Les bénéficiaires seront formées pour développer des projets durables dans leurs villages, en utilisant les compétences acquises pour créer des micro-entreprises locales basées sur l'énergie solaire et d'autres technologies adaptées au contexte rural. Le projet soutiendra également l'accès à des solutions d'énergie renouvelable pour les communautés rurales.\r\n\r\nSous-thématiques\r\n\r\n- Autonomisation économique et entrepreneuriat des femmes rurales.\r\n- Accès à l'énergie renouvelable pour les communautés isolées.\r\n- Formation professionnelle et inclusion sociale.\r\n\r\nPartenaire de mise en œuvre: \r\n\r\nBarefoot College Madagascar (BCMada), une organisation à but non lucratif dédiée à l'autonomisation des communautés rurales à travers l'éducation et l'énergie durable.	Direction du Siège	32		52	3	16
55	Formation au numérique / D-CLIC : Renforcement de capacités aux métiers du numérique au Mali en partenariat avec Kabakoo.	Formation de 150 jeunes aux métiers du numérique et à l'entrepreneuriat.\r\nRéduction des inégalités d’accès à la formation numérique pour les jeunes femmes et les populations éloignées de l'emploi.\r\nDéveloppement d’un écosystème local de compétences numériques pour stimuler l’employabilité durable au Mali.\r\nPromotion de nouvelles méthodes pédagogiques pour encourager l’innovation locale dans les communautés.	Bamako	12.549319	-8.000337	ML	Terminé	2023-07-21	2024-04-15	140201	Ce projet, développé en partenariat avec Kabakoo, met en lumière les méthodes innovantes d’éducation pour l’Afrique de l’Ouest et promeut l’inclusion des jeunes dans le secteur numérique. Le modèle unique d’apprentissage collaboratif et expérientiel permet à la jeunesse malienne d’acquérir des compétences pertinentes dans un environnement adapté aux besoins locaux..\r\n\r\nAutres Partenaires : Kabakoo, en tant qu'EdTech leader dans le domaine de l'éducation numérique en Afrique de l'Ouest.\r\nUNESCO (reconnaissance pour les approches d'apprentissage innovantes)..		Le projet vise à former 150 jeunes, âgés de 18 à 35 ans, aux compétences numériques et à l'entrepreneuriat à travers des formations dispensées à Bamako et à Ségou. Ces formations couvrent des compétences clés dans les domaines de la création numérique et de l'entrepreneuriat local. Le projet a pour ambition de favoriser l’employabilité durable des jeunes au Mali, en ciblant les populations éloignées de l'emploi et les jeunes femmes sous-représentées dans les métiers du numérique. Les bénéficiaires auront également accès à des solutions innovantes, telles que des espaces de co-apprentissage avec du matériel technologique avancé, des plateformes numériques et un réseau international de mentors et d’experts. Kabakoo s'engage à réinventer la formation en alliant des méthodes collaboratives adaptées au contexte local.\r\nSous thématiques\r\nAutonomisation économique et entrepreneuriat : soutien aux jeunes dans la création de projets.\r\nÉducation numérique : développement des compétences numériques.\r\nInclusion sociale : accès aux compétences numériques pour des groupes marginalisés	\N	6		48	3	18
40	Autonomisation des femmes et filles-méres de La Valette	Amélioration de l'autonomie des filles-méres et des femmes, augmentation de la sécurité alimentaire, développement de micro-entreprises.	La Valette	-20.2449258	57.4133717	MU	Terminé	2022-01-01	2022-11-30	15834			Renforcer l'autonomisation des filles-méres et des femmes de La Valette, assurer leur sécurité alimentaire et la création de micro-entreprises.	Direction du Siège	32		34	3	16
16	Projet pilote d’appui à la promotion de la participation des femmes au développement économique et social de leurs communautés du nord Bénin	- Création de coopératives féminines pour la transformation de noix de karité en beurre.\r\n\r\n- Renforcement des compétences techniques et commerciales des femmes bénéficiaires.\r\n\r\n- Augmentation des revenus des femmes à travers la vente de produits transformés.\r\n\r\n- Amélioration de la participation des femmes aux affaires locales et économiques.	N'Dali, Parakou	9.34649	2.6431306	BJ	Terminé	2020-12-15	2021-08-31	35000			Ce projet soutient l'autonomisation économique des femmes dans les communes rurales du nord Bénin, en particulier à travers la transformation de noix de karité en beurre pour une meilleure intégration des femmes dans les chaînes de valeur locales. \r\n\r\nIl vise à promouvoir l’autonomisation des femmes et leur contribution au développement économique local dans les communes de N'Dali et Parakou au Bénin. Il soutient la création de coopératives féminines pour la transformation de produits locaux, notamment la noix de karité. Ce projet aide également à former les femmes aux techniques agricoles et commerciales, à les sensibiliser à leurs droits économiques, et à renforcer leur participation dans la prise de décision locale.\r\n\r\n\r\nSous-thématique:\r\n\r\n- Autonomisation économique / entrepreneuriat\r\n- Éducation et formation professionnelle\r\n- Agriculture durable\r\n\r\nBénéficiaire :\r\nAssociation Féminine pour une Jeunesse Espoir (AFEJE), une ONG béninoise qui travaille dans les domaines du développement communautaire, en particulier dans l'autonomisation des femmes et des jeunes.	Direction du Siège	13		11	3	16
34	Projet de renforcement de la résilience socio-économique de 150 femmes membres de la coopérative COVIMA	Renforcer l'accompagnement des femmes en situation de vulnérabilité, soutenir leur développement d'activités génératrices de revenus (AGR) et leur formation professionnelle.	Bouaflé	6.9926792	-5.7444227	CI	Terminé	2021-10-20	2022-10-30	54000			Améliorer des conditions technico-socio économiques des femmes productrices de COVIMA	Direction du Siège	\N		28	3	16
43	Formation au numérique / D-CLIC : Renforcement de capacités aux métiers du numérique en Haïti	Formation de 100 jeunes, dont 50 femmes, aux métiers du numérique.\r\nDéveloppement des compétences en développement web, gestion de communautés en ligne et pilotage de drones.\r\nCréation de débouchés professionnels pour les jeunes formés.\r\nContribution à la réduction des inégalités numériques en Haïti, notamment pour les jeunes femmes.\r\nRenforcement des compétences locales pour les formations en numérique	Port-au-prince	18.547327	-72.3395928	HT	Terminé	2021-12-08	2022-12-31	249997	Ce projet vise à renforcer le secteur numérique en Haïti en fournissant aux jeunes des compétences qualifiantes et adaptées aux exigences du marché. En favorisant l'inclusion des jeunes femmes et en développant des partenariats stratégiques avec Google Haïti, il contribue à créer des opportunités économiques tout en luttant contre les inégalités d'accès aux technologies et au travail.\r\n\r\nPartenaires : Google Haïti\r\nPartenaires locaux pour la formation et l'accompagnement technique.		Le projet a pour objectif de former 100 jeunes, dont 50 % de femmes, aux métiers du numérique à Port-au-Prince, Haïti. Les bénéficiaires seront formés sur des compétences variées telles que l'animation de communauté en ligne, le développement web, la conception de sites internet et d’applications mobiles, ainsi que le pilotage de drones. L’initiative vise à pallier le manque de formations qualifiées dans le pays et à créer des opportunités pour les jeunes et les femmes éloignés de l'emploi.\r\nSous-thématiques\r\nAutonomisation économique/entrepreneuriat : Formation de jeunes et de femmes dans des métiers porteurs.\r\nÉducation/Formation professionnelle : Offrir des formations qualifiantes dans des secteurs numériques.\r\nÉgalité femmes-hommes : Favoriser une parité dans l'accès aux compétences numériques.\r\nTechnologies numériques : Développer des compétences spécifiques pour répondre aux besoins du marché local.	\N	6		37	3	18
56	Formation au numérique / D-CLIC : Renforcement de capacités aux métiers du numérique à Madagascar en partenariat avec SAYNA.	Formation de 350 jeunes aux métiers du numérique et à l'entrepreneuriat.\r\nRéduction des inégalités d'accès à la formation numérique pour les jeunes femmes et les populations éloignées de l'emploi.\r\nCréation d’un écosystème local de compétences numériques pour stimuler l'employabilité durable à Madagascar.\r\nRenforcement des capacités numériques des jeunes à travers une approche innovante et accessible.	Toliara	-23.354173	43.66966	MG	Terminé	2022-12-08	2023-12-31	150000	Ce projet, développé en partenariat avec SAYNA, est un exemple innovant de formation numérique à Madagascar. Il vise à offrir des compétences numériques de pointe à une nouvelle génération de jeunes, tout en favorisant l'inclusion des femmes et des populations éloignées de l'emploi dans les métiers du numérique. SAYNA utilise une approche mixte en ligne et en présentiel, permettant ainsi une plus grande flexibilité et accessibilité aux jeunes malgaches.\r\n\r\nAutres Partenaires : SAYNA, une start-up spécialisée dans l'éducation et la formation numérique.		Le projet vise à former 350 jeunes, âgés de 18 à 35 ans, aux compétences numériques à travers des formations dispensées dans plusieurs villes de Madagascar, dont Antananarivo, Fianarantsoa, Toliara, Antsirabe, Nosy Be, Diego, Tamatave et Majunga. Ces formations couvriront des compétences clés dans les domaines du développement web (Front-end et Back-end), du design UX/UI, du marketing numérique et de Wordpress. Le projet ambitionne de favoriser l'employabilité durable des jeunes à Madagascar, en ciblant les populations éloignées de l'emploi et les jeunes femmes sous-représentées dans les métiers du numérique. SAYNA offre également des solutions éducatives en ligne via des parcours spécialisés et une plateforme de formation numérique pour accompagner les bénéficiaires.\r\nSous thématiques\r\nAutonomisation économique et entrepreneuriat : soutien aux jeunes dans la création de projets numériques.\r\nÉducation numérique : développement des compétences dans le domaine du numérique.\r\nInclusion sociale : accès aux compétences numériques pour les groupes marginalisés, notamment les femmes et les jeunes.	\N	6		49	3	18
66	Projet d’autonomisation des femmes ivoiriennes vulnérables par la promotion de l’équité du genre, l’éducation et l’entrepreneuriat.	- Alphabétisation de 800 femmes.\r\n\r\n- Sensibilisation de 1 000 femmes et hommes sur l’équité du genre et la lutte contre les violences basées sur le genre (VBG).\r\n\r\n- Autonomisation économique de 400 femmes à travers des formations entrepreneuriales et la création de 200 activités génératrices de revenus (AGR).\r\n\r\n- Amélioration des conditions de vie pour 1 200 femmes et familles dans les villages ciblés.	Korhogo	9.4575	-5.6342	CI	Terminé	2020-12-15	2021-08-31	55000	Ce projet contribue à l'autonomisation des femmes ivoiriennes en leur offrant des opportunités d'éducation, de formation et d’entrepreneuriat pour améliorer leurs conditions de vie. Il promeut également l'équité du genre à travers des campagnes de sensibilisation, tout en renforçant la lutte contre les violences basées sur le genre\r\n\r\nPopulation cible : Les femmes vulnérables des 6 villages des districts de Bouaké et de Korhogo, particulièrement les jeunes filles, les femmes analphabètes, et les femmes chefs de ménage dans le secteur informel.		Le projet vise à promouvoir l’autonomisation économique et sociale des femmes du Centre et du Nord de la Côte d'Ivoire, particulièrement les femmes vulnérables, en facilitant leur accès à l’éducation, à l’entrepreneuriat et à des activités génératrices de revenus. Les bénéficiaires recevront des formations en alphabétisation, des informations sur l’équité du genre, la prévention des violences basées sur le genre (VBG), ainsi que des compétences entrepreneuriales pour lancer et gérer des petites entreprises. Le projet est mis en œuvre dans 6 villages des districts de Bouaké et Korhogo, dans une région où l'analphabétisme des femmes et les discriminations liées au genre sont élevées. Les bénéficiaires participeront également à des programmes de sensibilisation à l’autonomisation, de promotion des droits des femmes et de formation entrepreneuriale.\r\n\r\nSous thématiques :\r\n\r\n- Autonomisation économique et entrepreneuriat\r\n- Alphabétisation des femmes\r\n- Éducation et formation professionnelle\r\n- Équité de genre	Direction du Siège	32		57	3	16
17	Formation et insertion économique des femmes victimes d’abandon, d’exil et de violences à Abidjan	- Formation de 100 femmes en situation de vulnérabilité à des activités génératrices de revenus (AGR) telles que la transformation alimentaire et l’artisanat.\r\n\r\n- Renforcement des capacités économiques des femmes grâce à des formations pratiques.\r\n\r\n- Réduction de l’abandon et des violences contre les femmes par leur intégration dans l'économie formelle.	Abobo	5.435487	-4.029007	CI	Terminé	2020-12-15	2021-08-31	40000			Le projet se concentre sur l'autonomisation économique des femmes vulnérables victimes d’abandon et de violences dans les quartiers d’Abobo, Adjamé et Yopougon à Abidjan, Côte d'Ivoire. Ce projet vise à offrir des formations en entrepreneuriat, en artisanat et en transformation alimentaire à des femmes en situation de vulnérabilité à Abidjan. Il s'agit d'un soutien économique et social pour les femmes qui se trouvent souvent marginalisées dans les marchés locaux et souffrent d’un manque d'accès aux ressources économiques. Le projet permettra également d'améliorer leur autonomie financière et leur réinsertion dans le tissu économique ivoirien.\r\n\r\nSous-thématiques :\r\n- Autonomisation économique / entrepreneuriat\r\n- Réinsertion économique\r\n- Formation professionnelle\r\n\r\nBénéficiaire :\r\nAssociation Internationale de Lutte Contre les Violences (AILV), une organisation non gouvernementale basée en Côte d'Ivoire, dédiée à la lutte contre les violences faites aux femmes et à la promotion de leur autonomie économique.	Direction du Siège	13		13	3	16
18	Carav'Elles : Soutien aux femmes déplacées internes au Cameroun via l'entrepreneuriat et l'autonomisation économique	- Autonomisation économique des femmes déplacées internes par des AGR comme la couture, l'agriculture, et l'artisanat.\r\n\r\n- Sensibilisation et formation des femmes sur leurs droits économiques et sociaux.\r\n\r\n- Réduction des inégalités de genre et amélioration de la situation économique des femmes déplacées.	Douala	4.06	9.7062018	CM	Terminé	2020-12-15	2021-08-31	50000			Le projet Carav'Elles vise à autonomiser les femmes déplacées internes au Cameroun, notamment celles affectées par les conflits dans les régions anglophones et la guerre de Boko Haram, en les soutenant dans le développement d'activités génératrices de revenus.\r\n\r\nLe Cameroun est un pays où les femmes continuent de jouer un rôle clé dans le développement de la famille et de la communauté, mais leur capacité à créer des richesses est souvent limitée par des obstacles liés à l’accès aux financements et à l'éducation. Ce projet se concentre sur les femmes déplacées internes dans le nord et le sud-ouest du Cameroun, les formant à développer des activités génératrices de revenus (AGR) adaptées, telles que la couture, l'agriculture et le commerce. Les formations permettront aux bénéficiaires de mieux s’intégrer économiquement et socialement tout en les aidant à surmonter les traumatismes liés aux conflits.\r\n\r\nSous-thématiques :\r\n- Autonomisation économique / entrepreneuriat\r\n- Éducation et formation professionnelle\r\n- Soutien aux femmes déplacées\r\n\r\nBénéficiaire :\r\nAfrican Women in Tech Startups (AFRICANWITS), une association camerounaise qui soutient l'autonomisation des femmes et des jeunes filles dans le domaine des technologies et de l'entrepreneuriat.	Direction du Siège	13		12	3	16
30	Projet de renforcement des compétences et des capacités des femmes des villages ruraux enclavés de Madagascar	- Former les femmes en tant qu’ingénieures solaires pour assurer l’installation, l’entretien et la réparation de systèmes photovoltaïques.\r\n\r\n- Améliorer l’accès à l’énergie renouvelable dans les villages ruraux isolés de Madagascar.\r\n\r\n- Renforcer l’autonomisation économique des femmes par le biais d’activités génératrices de revenus et d’opportunités locales.\r\n\r\n- Réduction de la pauvreté en augmentant l’accès des villages à une énergie propre et en encourageant le développement socio-économique.	Tsiafajavona	-19.3709949	47.234972	MG	Terminé	2020-12-15	2021-08-31	22295	Ce projet est un exemple inspirant de comment l’énergie renouvelable peut être utilisée pour stimuler l’autonomisation des femmes dans les régions rurales enclavées. En formant des femmes en tant qu’ingénieures solaires, l’initiative aide non seulement à répondre aux besoins énergétiques immédiats des villages, mais également à renforcer leur résilience économique à long terme, tout en intégrant les femmes dans le tissu socio-économique local en tant qu’actrices majeures du changement.		Le projet vise à former des femmes issues de communautés rurales de Madagascar en tant qu’ingénieures solaires, leur permettant ainsi de contribuer à l’électrification des villages ruraux. En collaboration avec Barefoot College International, cette initiative renforce les compétences des femmes pour installer, réparer et entretenir des systèmes photovoltaïques. En plus de fournir une source d’énergie renouvelable, les femmes jouent un rôle clé dans l’amélioration des conditions de vie de leurs communautés. Le projet intègre également une approche holistique incluant des activités génératrices de revenu et des initiatives d’autonomisation économique pour soutenir le développement des villages enclavés.\r\n\r\nSous-thématiques :\r\n\r\n- Éducation/Formation professionnelle\r\n- Autonomisation économique/Entreprenariat\r\n- Sensibilisation/Information\r\n- Accès aux technologies renouvelables	Direction du Siège	32		24	3	16
10	Projet d'autonomisation des veuves et femmes au foyer vulnérables	Autonomisation économique des femmes bénéficiaires par la création d'activités génératrices de revenus dans la pisciculture.\r\n\r\nAmélioration des compétences professionnelles des veuves et femmes vulnérables grâce à une formation pratique.\r\n\r\nRéduction de la précarité économique des bénéficiaires à travers une meilleure inclusion dans le tissu économique local	Nkolafamba, Awaé et Soa, Région du Centre Cameroun	3.858905	11.6648502	CM	Terminé	2020-12-15	2021-08-31	40597			Ce projet vise à l'autonomisation des veuves et des femmes vulnérables à travers la mise en place de pratiques piscicoles durables dans les villages de l'arrondissement de Nkolafamba, dans le Département de la Méfou et Afamba, Région du Centre Cameroun.\r\n\r\nIl a pour objectif d'améliorer l’autonomisation des veuves et des femmes en situation de vulnérabilité en leur offrant des moyens durables de subsistance par la pisciculture. Le projet prévoit d’enseigner aux bénéficiaires des techniques de pisciculture familiale, leur permettant d’avoir un revenu stable et d’améliorer leurs conditions de vie.\r\n\r\nSous- thématiques :\r\n\r\n- Autonomisation économique / entrepreneuriat : Le projet aide les femmes à créer et gérer leurs propres activités génératrices de revenus dans le domaine de la pisciculture.\r\n- Éducation et formation professionnelle : Formation des femmes à la pisciculture et gestion durable des ressources naturelles.\r\n\r\n\r\nBénéficiaire :\r\n\r\nAssociation Camerounaise des Techniciens Supérieurs de Génie Rural (ACTSGR) qui est une association spécialisée dans le développement rural au Cameroun, en particulier dans les zones à faible développement économique.	Direction du Siège	13		7	3	16
23	Agent à l’autonomisation des femmes maraîchères dans la Commune de Nouadhibou	- Plus de 200 femmes maraîchères auront acquis des compétences techniques et entrepreneuriales qui leur permettront de gérer plus efficacement leurs exploitations.\r\n\r\n- Augmentation significative de la production maraîchère dans la commune de Nouadhibou grâce à l’adoption de techniques agricoles modernes.\r\n\r\n- Amélioration des revenus des femmes grâce à une meilleure commercialisation de leurs produits agricoles.\r\n\r\n- Intégration des femmes dans la chaîne de valeur agricole locale et régionale, augmentant ainsi leur rôle dans l'économie locale.	Nouadhibou	20.9127045	-17.0503094	MR	Terminé	2020-12-15	2021-08-31	50000	La Mauritanie est un pays du nord-ouest de l'Afrique, confronté à des défis climatiques importants, notamment la désertification. Ce projet s'inscrit dans un effort national visant à renforcer l'agriculture durable et à améliorer les conditions de vie des populations rurales, en particulier des femmes.\r\n\r\nLe projet "Agent à l’autonomisation des femmes maraîchères dans la Commune de Nouadhibou" est un exemple clé d'une initiative visant à renforcer le rôle des femmes dans l'agriculture et à améliorer leur résilience face aux changements climatiques et aux défis économiques. Il combine des formations techniques, l'introduction des TIC et des approches durables pour créer un impact durable sur la vie des femmes bénéficiaires et leurs communautés.		Le projet est conçu pour soutenir l’autonomisation des femmes maraîchères de la commune de Nouadhibou en Mauritanie à travers des activités agricoles, principalement dans le domaine du maraîchage. La Mauritanie est un pays où les femmes, en particulier celles vivant dans des zones rurales, rencontrent des obstacles importants à leur participation à l’économie locale. Ce projet vise à lever ces obstacles en améliorant les compétences techniques et entrepreneuriales des femmes dans la production agricole.\r\n\r\nBénéficiaires :\r\nLe projet cible principalement 200 femmes maraîchères de la commune de Nouadhibou. Ces femmes font face à des défis socio-économiques et environnementaux considérables. La plupart d’entre elles dépendent de l'agriculture pour subvenir aux besoins de leurs familles, mais elles manquent souvent des compétences nécessaires pour augmenter leur productivité et accéder aux marchés	\N	32		17	3	16
31	Observatoire local des femmes rurales entrepreneures	Renforcer l'accompagnement des femmes en situation de vulnérabilité pour le développement d'activités génératrices de revenus et de leur formation professionnelle. Accroître l'information des femmes, leur offrir une plateforme d’expression sur les pandémies, la santé, la prévention des maladies, et les former sur les moyens de s’en prémunir, de bénéficier de soins de santé, et d’accéder à une citoyenneté pleine et entière.	Kalla—Kbira ; Msaken ; Kondar ; Akouda	35.8746739	10.5718086	TN	Terminé	2022-01-01	2022-09-30	14772			Soutien d’actions de terrain permettant l’accès des femmes et des filles en situation de vulnérabilité au développement économique, à l'éducation, à la santé, à la citoyenneté et à la formation.	\N	32		25	\N	16
35	Projet de renforcement de la résilience des femmes et des filles déplacées internes (FFDI) et de leur insertion socio-économique	Renforcement de l'accompagnement des femmes en situation de vulnérabilité, soutien au développement d'activités génératrices de revenus et de leur formation professionnelle, accroissement de l'information des femmes sur la santé et la prévention des maladies, favorisation de l'éducation et de la formation professionnelle des femmes.	Komsilga et Boussouma	12.91069	-1.0819	BF	Terminé	2021-10-20	2022-10-30	45000			Contribuer au renforcement de la résilience des FFDI et de leur insertion socio-économique à travers l'implication des femmes étuveuses de riz des communes de Komsilga (Région du Centre) et de Boussouma (Région du Centre-Nord).	\N	\N		29	3	16
42	Formation de 100 jeunes femmes aux métiers du numérique dans les domaines du développement web, des applications mobiles et du marketing digital.	Formation de 100 jeunes femmes dans les métiers du numérique.\r\nAmélioration de l'employabilité et du taux de participation des femmes dans le secteur numérique au Niger.\r\nRenforcement des compétences en développement web, marketing digital et création d'applications mobiles.\r\nFavoriser la création d'emplois numériques pour les femmes en milieu urbain et semi-urbain.Formation de 100 jeunes femmes dans les métiers du numérique.\r\nAmélioration de l'employabilité et du taux de participation des femmes dans le secteur numérique au Niger.\r\nRenforcement des compétences en développement web, marketing digital et création d'applications mobiles.\r\nFavoriser la création d'emplois numériques pour les femmes en milieu urbain et semi-urbain.	niamey	13.524834	2.109823	NE	Terminé	2021-12-08	2022-12-31	132295	Le projet "Innovation et métiers du numérique" joue un rôle crucial dans le développement de l'employabilité des jeunes femmes au Niger. En les formant aux compétences numériques, ce projet vise à briser les barrières traditionnelles d'accès à l'emploi pour les femmes et à les positionner comme des acteurs essentiels de l'économie numérique du pays. La sélection des apprenantes s'est faite en respectant un processus de transparence basé sur les diplômes et l'intérêt pour le numérique, et le projet prévoit d'inclure des mentors et des experts pour faciliter la transition des bénéficiaires vers le marché de l'emploi.\r\n\r\nPartenaires : Opérateurs télécoms locaux (comme Orange Niger et G5 Sahel)\r\nStart-ups locales du numérique\r\nOrganisations internationales comme CORDOVA (une ONG spécialisée dans le développement des compétences numériques en Afrique)		"Ce projet vise à former 100 femmes dans les métiers du numérique, en se concentrant sur quatre domaines principaux : le Développement Web Java, le Marketing Digital, l'Infographie et le Design UI/UX. L’objectif est d’accroître l’inclusion des femmes dans le secteur numérique, souvent dominé par les hommes, tout en leur fournissant les compétences nécessaires pour mieux s’intégrer dans le marché de l’emploi. La formation vise aussi à répondre à la demande croissante de talents numériques au Niger, contribuant ainsi à la transformation digitale du pays. Les sessions de formation seront organisées dans trois villes : Niamey, Dosso et Maradi. \r\nLes thématiques choisies sont particulièrement pertinentes pour le contexte du Niger, où les femmes restent sous-représentées dans les secteurs de l'entrepreneuriat et de l'économie numérique. En se concentrant sur l’autonomisation, la sensibilisation et l'éducation, le projet répond aux besoins critiques de développement tout en luttant contre les inégalités sociales et économiques.\r\n"	Direction du Siège	6		36	3	18
41	Formation au numérique / D-CLIC : Renforcement de capacités aux métiers du numérique en Côte d'Ivoire	Formation de 100 femmes en compétences numériques avancées, prêtes à entrer dans le marché de l’emploi numérique.\r\nAmélioration de l’employabilité des femmes dans le secteur des technologies de l’information.\r\nRenforcement de la capacité des femmes à contribuer au développement économique par le numérique.	Bonoua	5.2736582	-3.5966802	CI	Terminé	2021-12-08	2022-12-31	125597	Le projet 24 est un programme ambitieux qui vise à réduire la fracture numérique et à augmenter l'employabilité des femmes en Côte d’Ivoire à travers des formations ciblées dans des domaines du numérique en pleine expansion. En plus d’apporter des compétences techniques, ce projet se veut un levier d’autonomisation économique pour les femmes dans un secteur qui reste souvent dominé par les hommes.\r\n\r\nPartenaire :  Diverses institutions et entreprises locales liées aux technologies de l'information et de la communication\r\n\r\nBénéficiaires (Cible direct) : Jeunes âgés de 18 à 35 ans, en situation de vulnérabilité, en particulier ceux éloignés de l'emploi.\r\nPersonnes en reconversion professionnelle ou ayant besoin de compétences numériques pour accéder à l’emploi.\r\nJeunes femmes et groupes sous-représentés dans les secteurs numériques et technologiques.		Ce projet vise à former 100 femmes aux métiers du numérique à travers des formations en développement Web Java, marketing digital, infographie, design UI/UX. Le programme s’inscrit dans l’initiative de l’OIF "D-CLIC" pour accompagner le renforcement des compétences numériques des populations francophones vulnérables, notamment les jeunes et les femmes. La formation est divisée en 4 cohortes de 25 femmes, dans les villes d’Abidjan, Yamoussoukro et Bonoua, avec pour objectif d'améliorer leur employabilité et de favoriser leur insertion dans le marché du travail numérique.\r\n\r\nSous thématiques:\r\nFormation professionnelle\r\nAutonomisation économique des femmes\r\nInnovation numérique	Direction du Siège	6		35	3	18
60	Renforcement des compétences des femmes ingénieures solaires des villages ruraux isolés dans leurs projets d’activités génératrices de revenu à Madagascar.	- Formation et autonomisation de 36 femmes ingénieures solaires.\r\n\r\n- Augmentation de l'accès à l'énergie solaire pour les communautés rurales de Madagascar.\r\n\r\n- Création de micro-entreprises locales gérées par les femmes formées.\r\n\r\n- Développement d'activités génératrices de revenus dans les villages bénéficiaires.	Tsiafajavona	-14.3709949	45.234972	MG	Terminé	2020-12-15	2021-08-31	22295	Ce projet met en lumière l'importance de l'accès à l'énergie renouvelable pour les communautés rurales et de l'autonomisation des femmes dans des zones isolées. En formant les femmes locales à devenir des ingénieures solaires, ce projet contribue non seulement à améliorer leurs compétences professionnelles, mais également à renforcer la résilience économique de leurs villages. Il s'inscrit dans une approche globale visant à promouvoir l'autonomie des femmes et l'inclusion sociale à travers des solutions adaptées aux besoins locaux. Les bénéficiaires du projet sont des femmes ingénieures solaires âgées de 35 à 55 ans issues de villages ruraux enclavés de Madagascar. Le projet vise spécifiquement les femmes des communautés isolées, souvent privées d'accès aux services essentiels et d'opportunités économiques. Un accent particulier est mis sur l'inclusion des femmes vulnérables dans les zones dépourvues d'accès à l'électricité.		Le projet vise à renforcer les compétences des femmes ingénieures solaires des villages ruraux isolés à Madagascar dans des projets d'activités génératrices de revenus. En partenariat avec Barefoot College Madagascar, il a pour objectif principal de promouvoir l'autonomisation des femmes à travers l'accès à l'éducation, à la formation professionnelle et à l'insertion dans des projets locaux, tout en favorisant l'inclusion économique. Les bénéficiaires seront formées pour développer des projets durables dans leurs villages, en utilisant les compétences acquises pour créer des micro-entreprises locales basées sur l'énergie solaire et d'autres technologies adaptées au contexte rural. Le projet soutiendra également l'accès à des solutions d'énergie renouvelable pour les communautés rurales.\r\n\r\nSous-thématiques\r\n\r\n- Autonomisation économique et entrepreneuriat des femmes rurales.\r\n- Accès à l'énergie renouvelable pour les communautés isolées.\r\n- Formation professionnelle et inclusion sociale.\r\n\r\nPartenaire de mise en œuvre: \r\n\r\nBarefoot College Madagascar (BCMada), une organisation à but non lucratif dédiée à l'autonomisation des communautés rurales à travers l'éducation et l'énergie durable.	Direction du Siège	32		52	3	16
47	Formation au numérique / D-CLIC : Renforcement de capacités aux métiers du numérique en Tunisie	Formation de 150 jeunes, dont 50% de femmes, dans des métiers numériques.\r\nInclusion de jeunes issus de milieux défavorisés pour une meilleure égalité des chances dans l’accès aux compétences numériques.\r\nDéveloppement de compétences numériques recherchées sur le marché, telles que l’impression 3D, le développement de jeux vidéo et la réalité virtuelle.\r\nCréation de débouchés professionnels pour les bénéficiaires, notamment dans les secteurs du design numérique et du développement d'applications.\r\nRenforcement des capacités locales de formation dans le secteur numérique.	Djibouti	11.7145966	42.8453061	DJ	Terminé	2021-11-02	2022-12-31	98560	Ce projet est une initiative importante pour le développement du secteur numérique à Djibouti. Il met en avant l’égalité des sexes et l'inclusion des jeunes et des personnes éloignées de l’emploi. En formant des jeunes dans des secteurs numériques d'avenir, le projet renforce les capacités locales tout en créant des opportunités concrètes d'emploi et d’entrepreneuriat.\r\n\r\nAutres Partenaires : Partenaires locaux pour le soutien technique et les infrastructures de formation\r\nSpécialistes en technologies numériques pour la conception des modules de formation		Résumé : Le projet vise à former 150 jeunes, répartis en cohortes à Tunis et Nabeul, sur des métiers numériques de pointe. Il prévoit des formations dans des domaines tels que la fabrication additive et l’impression 3D, la réalité virtuelle, le développement de jeux vidéo et la modélisation 2D/3D. Ce programme vise à réduire l'écart de compétences numériques en Tunisie en offrant aux jeunes, notamment les femmes, une formation qualifiée adaptée aux besoins actuels du marché numérique.\r\nSous thématiques\r\nAutonomisation économique/entrepreneuriat : Soutenir les jeunes et les femmes dans l'accès aux métiers du numérique.\r\nÉducation/Formation professionnelle : Offrir des opportunités de formation qualifiée et adaptée aux besoins du marché numérique.\r\nÉgalité femmes-hommes : Assurer une parité dans l’accès aux compétences numériques et soutenir l’inclusion de femmes dans ces secteurs.\r\nTechnologies numériques : Développer des compétences techniques pointues dans des métiers émergents du numérique.	\N	6		41	3	18
44	Formation au numérique / D-CLIC : Renforcement de capacités aux métiers du numérique à Djibouti	Formation de 100 jeunes Djiboutiens, dont 50 femmes, aux métiers du numérique.\r\nAcquisition de compétences pratiques en développement web et en entrepreneuriat.\r\nInclusion des femmes dans des secteurs d'avenir.\r\nCréation de débouchés professionnels dans l'économie locale.\r\nRenforcement des capacités locales en matière de formation numérique.	Djibouti	11.8145966	42.8453061	DJ	Terminé	2021-12-08	2022-12-14	93588	Ce projet est une opportunité unique pour la jeunesse de Djibouti de s'intégrer dans le marché du travail numérique. En mettant un accent sur l’inclusion des femmes et en répondant aux besoins de l'économie locale, l’OIF contribue à l'autonomisation des jeunes et au développement durable du secteur numérique à Djibouti.\r\n\r\nAutres Partenaires : Partenaires locaux pour la formation technique et l’accompagnement professionnel.		Ce projet prévoit de former 100 jeunes Djiboutiens, dont 50 % de femmes, aux compétences numériques dans la ville de Djibouti. Les formations porteront sur le développement web et l'entrepreneuriat numérique. L’objectif est de répondre à la demande croissante de compétences numériques au niveau local tout en réduisant le fossé numérique pour les jeunes et les femmes, souvent marginalisés dans le secteur.\r\nSous-thématiques\r\nAutonomisation économique/entrepreneuriat : Former des jeunes et des femmes dans les métiers porteurs du numérique.\r\nÉducation/Formation professionnelle : Offrir des formations qualifiantes adaptées au marché local.\r\nÉgalité femmes-hommes : Réduire les inégalités d’accès aux compétences numériques.\r\nTechnologies numériques : Former des jeunes aux compétences numériques avancées.	\N	6		38	3	18
45	Formation au numérique / D-CLIC : Renforcement de capacités aux métiers du numérique au Mali	Formation de 150 jeunes, dont 50 % de femmes, aux compétences numériques.\r\nAcquisition de compétences en développement web, création numérique, et entrepreneuriat.\r\nInclusion des femmes dans des métiers d’avenir.\r\nCréation de débouchés professionnels dans l'économie locale à Bamako et Ségou.\r\nRenforcement des capacités locales pour des formations en numérique.	Segou	13.441518	-6.268147	ML	Terminé	2021-11-02	2022-12-31	225356	Le projet de Kabakoo Mali est essentiel pour renforcer le secteur numérique malien et encourager l’inclusion des jeunes femmes dans des métiers numériques. En développant des compétences techniques adaptées au marché local, cette initiative apporte des solutions concrètes à l'insertion professionnelle des jeunes tout en promouvant l'égalité des sexes dans l’accès aux opportunités économiques.\r\n\r\nAutres Partenaires : Partenaires locaux et internationaux pour la mise en œuvre des formations et le soutien technique.		Ce projet vise à former 150 jeunes Maliens aux compétences numériques et à l'entrepreneuriat dans deux villes : Bamako et Ségou. L’initiative cible des formations pratiques telles que le développement web, la gestion de projets numériques, et l’entrepreneuriat digital. En plus de répondre à la demande croissante de compétences techniques, le projet souhaite offrir des débouchés professionnels concrets pour les jeunes de ces régions.\r\nSous-thématiques\r\nAutonomisation économique/entrepreneuriat : Former les jeunes aux métiers porteurs du numérique.\r\nÉducation/Formation professionnelle : Développer des compétences qualifiantes et pratiques.\r\nÉgalité femmes-hommes : Favoriser la participation des jeunes femmes aux formations.\r\nTechnologies numériques : Répondre aux besoins du marché en matière de compétences techniques.	\N	6		39	3	18
48	Formation au numérique / D-CLIC : Renforcement de capacités aux métiers du numérique à Madagascar	Formation de 240 jeunes (dont 50 % de femmes) aux compétences numériques.\r\nDéveloppement de compétences en marketing numérique et en concepts artistiques numériques.\r\nInclusion des jeunes et des femmes dans des secteurs porteurs du numérique.\r\nCréation de débouchés professionnels pour les apprenants via des opportunités d’emploi local ou d’entrepreneuriat dans les secteurs du numérique.\r\nRenforcement des capacités locales de formation en numérique.	Antananarivo	-18.9100122	47.5255809	MG	Terminé	2021-11-02	2022-12-31	240000	Ce projet joue un rôle clé dans le développement des compétences numériques à Madagascar, un pays où l’accès à ces compétences reste limité pour de nombreuses jeunes personnes, en particulier pour les femmes. En plus de répondre aux besoins du marché en compétences numériques, il favorise l’inclusion économique et sociale tout en créant des opportunités d'emploi et d’entrepreneuriat. Le projet met également un accent particulier sur l’égalité des sexes et le développement de compétences dans des secteurs porteurs comme le marketing numérique et les concepts artistiques numériques.\r\n\r\nAutres Partenaires : Acteurs locaux de la formation et du numérique\r\nOrganismes de soutien technique		Le projet a pour but de former 240 jeunes aux métiers du numérique à Madagascar, avec des formations axées sur des compétences numériques essentielles comme les concepts artistiques numériques et le marketing numérique. Les formations sont réparties en trois cohortes de 80 apprenants à Antananarivo, Fianarantsoa et Tuléar. Ce projet vise à réduire les inégalités d’accès aux compétences numériques, notamment pour les jeunes, les femmes et les populations éloignées de l’emploi.\r\nSous thématiques\r\nAutonomisation économique/entrepreneuriat : Développement de compétences pour une meilleure employabilité.\r\nÉducation/Formation professionnelle : Offrir des formations qualifiantes en numérique.\r\nÉgalité femmes-hommes : Promouvoir une parité dans l’accès aux métiers du numérique.\r\nTechnologies numériques : Encourager la montée en compétences dans le domaine du numérique	\N	6		42	3	18
49	Formation au numérique / D-CLIC : Renforcement de capacités aux métiers du numérique au Gabon	Formation de 150 jeunes aux métiers du numérique, répartis en cohortes entre le Gabon et le Togo.\r\nInclusion de 50 % de femmes pour garantir l’égalité dans l’accès aux compétences numériques.\r\nCréation de débouchés professionnels pour les bénéficiaires, via des opportunités d’emploi ou la création d’entreprises dans le numérique.\r\nRenforcement des capacités locales de formation dans les métiers numériques.	Libreville	0.4086518	9.4418849	GA	Terminé	2021-11-02	2022-12-31	207075	Ce projet est une opportunité clé pour réduire les inégalités d’accès aux compétences numériques dans ces régions d’Afrique de l’Ouest et Centrale. Grâce à une approche inclusive favorisant l’insertion professionnelle des jeunes femmes, le projet vise à renforcer les capacités locales tout en offrant des perspectives d’emploi durable dans des secteurs porteurs comme le développement web, la gestion digitale et la conception d'applications.\r\n\r\nAutres Partenaires : POUNEDIAN (Gabon)\r\nEnergy Generation (Togo)\r\nSimplon Afrique		Ce projet vise à former 150 jeunes aux métiers du numérique, répartis au Gabon et au Togo. Il prévoit des formations spécialisées en développement web et mobile, référence digitale, ainsi qu'en conception d'applications et autres métiers numériques en forte demande.Au Gabon, l'opérateur local Ogooue Labs est chargé de former 70 apprenants répartis en deux spécialités. Pour le parcours de Référent Digital, 35 apprenants sont formés, répartis en deux cohortes : 20 à Libreville et 15 à Port-Gentil. De plus, 35 autres apprenants se spécialisent en développement web et web mobile, avec également une répartition entre Libreville (20 apprenants) et Port-Gentil (15 apprenants).\r\nSous thématiques\r\nAutonomisation économique/entrepreneuriat : Former des jeunes et des femmes aux métiers porteurs.\r\nÉducation/Formation professionnelle : Offrir des opportunités de formation qualifiée.\r\nÉgalité femmes-hommes : Assurer une parité dans l’accès aux compétences numériques.\r\nTechnologies numériques : Développer les compétences techniques dans les métiers numériques.	\N	6		43	3	18
50	Formation au numérique / D-CLIC : Renforcement de capacités aux métiers du numérique au TOGO	Formation de 150 jeunes aux métiers du numérique, répartis en cohortes entre le Gabon et le Togo.\r\nInclusion de 50 % de femmes pour garantir l’égalité dans l’accès aux compétences numériques.\r\nCréation de débouchés professionnels pour les bénéficiaires, via des opportunités d’emploi ou la création d’entreprises dans le numérique.\r\nRenforcement des capacités locales de formation dans les métiers numériques.	lomé	6.130419	1.215829	TG	Terminé	2021-11-02	2022-12-31	207075	Ce projet est une opportunité clé pour réduire les inégalités d’accès aux compétences numériques dans ces régions d’Afrique de l’Ouest et Centrale. Grâce à une approche inclusive favorisant l’insertion professionnelle des jeunes femmes, le projet vise à renforcer les capacités locales tout en offrant des perspectives d’emploi durable dans des secteurs porteurs comme le développement web, la gestion digitale et la conception d'applications.\r\n\r\nAutres Partenaires :  POUNEDIAN (Gabon)\r\nEnergy Generation (Togo)\r\nSimplon Afrique		Ce projet vise à former 150 jeunes aux métiers du numérique, répartis au Gabon et au Togo. Il prévoit des formations spécialisées en développement web et mobile, référence digitale, ainsi qu'en conception d'applications et autres métiers numériques en forte demande. Au Togo, la formation est assurée par l'opérateur local Energy Generation, qui encadre 80 apprenants. Ces apprenants sont répartis en deux cohortes distinctes : 40 pour la formation de Concepteur Développeur d'Application et 40 pour celle de Développeur web et web mobile. Les deux groupes suivent leur formation à Lomé, la capitale togolaise.\r\nSous thématiques\r\nAutonomisation économique/entrepreneuriat : Former des jeunes et des femmes aux métiers porteurs.\r\nÉducation/Formation professionnelle : Offrir des opportunités de formation qualifiée.\r\nÉgalité femmes-hommes : Assurer une parité dans l’accès aux compétences numériques.\r\nTechnologies numériques : Développer les compétences techniques dans les métiers numériques.	\N	6		43	3	18
51	Formation au numérique / D-CLIC : Renforcement de capacités aux métiers du numérique en Tunisie	Formation de 150 jeunes, dont 50 % de femmes, dans les métiers numériques à Tunis et Sfax.\r\nRéduction des inégalités d'accès aux compétences numériques pour les jeunes, en particulier les femmes, grâce à des formations adaptées.\r\nAugmentation des opportunités d’emploi ou de création d’entreprises pour les participants.\r\nRenforcement des capacités locales en matière de formation et d’accompagnement dans les métiers numériques.	Tunis	33.8439408	9.400138	TN	Terminé	2021-11-02	2022-12-31	78000	Ce projet est une initiative importante pour promouvoir l’accès aux métiers numériques en Tunisie, notamment pour les jeunes femmes. En soutenant la formation dans des domaines comme la création d’e-commerce et le design UI/UX, le projet répond à des besoins du marché local tout en favorisant l’employabilité et l’entrepreneuriat. En plus de favoriser l'égalité entre les sexes dans l'accès aux compétences numériques, il renforce les écosystèmes locaux de l’innovation et du numérique.\r\n\r\nAutres Partenaires : Partenaires locaux pour les formations et l'accompagnement technique.		Le projet vise à former 150 jeunes, dont 50 % de femmes, aux métiers du numérique dans les villes de Tunis et Sfax, en Tunisie. Les formations proposées couvrent des domaines comme le développement de jeux vidéos avec Unity, la création d’e-commerce, le design UI/UX et le marketing digital UI/UX. L’objectif est d’accompagner la montée en compétences des jeunes dans ces métiers porteurs afin de répondre aux besoins du marché du travail tunisien.\r\nSous thématiques\r\nAutonomisation économique/entrepreneuriat : Former des jeunes et des femmes dans des métiers porteurs.\r\nÉducation/Formation professionnelle : Offrir des opportunités de formation qualifiée dans des secteurs en forte demande.\r\nÉgalité femmes-hommes : Assurer une parité dans l’accès aux compétences numériques.\r\nTechnologies numériques : Développer les compétences techniques dans des métiers du numérique spécifiques comme Unity et le marketing digital.	\N	6		44	3	18
53	Formation au numérique / D-CLIC : Renforcement de capacités aux métiers du numérique au Burkina Faso	Formation de 250 jeunes (dont 50 % de femmes) aux métiers numériques dans trois régions (Ouagadougou, Bobo Dioulasso, Koudougou)\r\nInclusion des jeunes filles et femmes dans des métiers technologiques\r\nFormation axée sur des compétences en forte demande comme le développement d'applications web et mobiles, le cloud computing, et l'IoT\r\nCréation de débouchés professionnels pour les bénéficiaires grâce à l'employabilité et à l'entrepreneuriat local	Koudougou	11.1765796	-4.2961436	BF	Terminé	2022-11-30	2023-12-31	99216	Ce projet s’inscrit dans l’initiative de l’OIF pour renforcer les compétences numériques dans les régions du Burkina Faso où les jeunes, notamment les femmes, sont éloignés de l’emploi. Il joue un rôle clé dans l'intégration des jeunes dans l'économie numérique locale en favorisant l'entrepreneuriat et l'employabilité dans les métiers d'avenir tels que l'Internet des Objets et le développement mobile.\r\n\r\nAutres Partenaires : Solutions techniques locales (connexions internet, équipements, locaux)		Le projet vise à former 250 jeunes aux métiers du numérique à travers des formations sur le développement web, les applications mobiles, le cloud computing, l'électronique embarquée et l'Internet des objets (IoT), ainsi que sur l'employabilité et l'entrepreneuriat. Il inclut des jeunes éloignés de l'emploi, en reconversion professionnelle ou désireux d'acquérir des compétences numériques transversales, avec un accent particulier sur les jeunes femmes..\r\nSous thématiques\r\nAutonomisation économique/entrepreneuriat : Former des jeunes et des femmes dans des métiers porteurs\r\nÉducation/Formation professionnelle : Offrir des opportunités de formation qualifiée\r\nÉgalité femmes-hommes : Assurer une parité dans l’accès aux compétences numériques\r\nTechnologies numériques : Développer les compétences techniques dans les métiers du numérique	\N	6		46	3	18
54	Formation au numérique / D-CLIC : Renforcement de capacités aux métiers du numérique en Mauritanie	Formation de 100 jeunes aux métiers du numérique, dont 50% de femmes.\r\nDéveloppement des compétences en fabrication additive, animation graphique, réalité virtuelle et augmentée.\r\nRenforcement des capacités locales pour la production de contenus numériques.\r\nFavoriser l’accès à des débouchés professionnels dans les secteurs émergents du numérique.	Nouakchott	18.0792379	-15.9780071	MR	Terminé	2022-12-08	2023-12-31	88000	Ce projet est une étape essentielle pour renforcer les compétences des jeunes Mauritaniens dans les métiers numériques en pleine croissance. L'accent mis sur les technologies comme la réalité augmentée et la fabrication additive répond à la demande du marché tout en favorisant l'insertion professionnelle. Le partenariat avec NET-INFO, en Tunisie, et des leaders technologiques tels que Autodesk et Epic Games, apporte un soutien de haut niveau pour la formation.\r\n\r\nAutres Partenaires : European Network of Living Labs (ENoLL)\r\nAutodesk\r\nEpic Games\r\nUnreal Engine		Le projet vise à former 100 jeunes en Mauritanie aux métiers du numérique à travers des formations en fabrication additive (impression 3D), animation graphique (Motion Design) en 2D et 3D, production d'application de réalité virtuelle/réalité augmentée, ainsi que BIM et production de maquette numérique pour l’architecture et le bâtiment. Ces formations permettront de renforcer les compétences numériques et favoriser l'insertion professionnelle dans les métiers du numérique, avec une attention particulière portée à l'inclusion des jeunes femmes.\r\nSous thématiques\r\nAutonomisation économique/entrepreneuriat\r\nÉducation/Formation professionnelle\r\nTechnologies numériques\r\nÉgalité femmes-hommes	\N	6		47	3	18
57	Formation au numérique / D-CLIC : Renforcement de capacités aux métiers du numérique au Sénégal	Formation de 110 jeunes aux métiers du numérique dans les deux pays cibles.\r\nAugmentation de l'inclusion numérique pour les jeunes femmes et les populations défavorisées.\r\nRenforcement des capacités locales en matière de développement web et d'applications numériques.\r\nCréation d'un écosystème de compétences numériques qui soutient l'employabilité durable.	Dakar	14.6026125	-17.438493028733998	SN	Terminé	2023-04-27	2024-04-30	96870	Ce projet se concentre sur le renforcement des compétences numériques pour les jeunes, avec une attention particulière à l'inclusion des populations marginalisées. Grâce à l'expertise de BeCode et au soutien de Simplan, les jeunes bénéficiaires auront accès à des formations de qualité, soutenues par des outils technologiques modernes et un encadrement par des experts du domaine.\r\n\r\nAutres Partenaires : Fédération Wallonie-Bruxelles : apport d'une contribution financière exceptionnelle..		Le projet vise à former 110 jeunes aux métiers du numérique dans deux pays : le Sénégal et la République Démocratique du Congo (RDC). Les formations proposées couvriront les compétences en développement web/mobile, développement d'applications backend, et frontend. Ces formations sont orientées vers l'amélioration de l'employabilité des jeunes, notamment des populations vulnérables, incluant des femmes et des jeunes éloignés du marché du travail. L'initiative s'efforce de combler le fossé de compétences numériques dans ces pays et de renforcer l'entrepreneuriat local à travers l'innovation numérique. Les bénéficiaires auront accès à des infrastructures modernes, à des solutions numériques adaptées et à un réseau de mentors pour soutenir leur parcours professionnel. Le partenariat avec BeCode et Simplan assure des opportunités de formation pratique adaptées aux besoins locaux.\r\nSous thématiques\r\nInclusion numérique et employabilité.\r\nDéveloppement de compétences techniques dans le domaine du numérique.\r\nAutonomisation des jeunes à travers l'entrepreneuriat numérique.	\N	6		50	3	18
58	Formation au numérique / D-CLIC : Renforcement de capacités aux métiers du numérique en République Démocratique du Congo en partenariat avec BeCode.	Formation de 110 jeunes aux métiers du numérique dans les deux pays cibles.\r\nAugmentation de l'inclusion numérique pour les jeunes femmes et les populations défavorisées.\r\nRenforcement des capacités locales en matière de développement web et d'applications numériques.\r\nCréation d'un écosystème de compétences numériques qui soutient l'employabilité durable.	Lubumbashi	-11.5642316	27.4826264	CG	Terminé	2023-04-27	2024-04-30	96870	Ce projet se concentre sur le renforcement des compétences numériques pour les jeunes, avec une attention particulière à l'inclusion des populations marginalisées. Grâce à l'expertise de BeCode et au soutien de Simplan, les jeunes bénéficiaires auront accès à des formations de qualité, soutenues par des outils technologiques modernes et un encadrement par des experts du domaine.\r\n\r\nAutres Partenaires : Simplan : un partenaire opérationnel clé au Congo RDC.		Le projet vise à former 110 jeunes aux métiers du numérique dans deux pays : le Sénégal et la République Démocratique du Congo (RDC). Les formations proposées couvriront les compétences en développement web/mobile, développement d'applications backend, et frontend. Ces formations sont orientées vers l'amélioration de l'employabilité des jeunes, notamment des populations vulnérables, incluant des femmes et des jeunes éloignés du marché du travail. L'initiative s'efforce de combler le fossé de compétences numériques dans ces pays et de renforcer l'entrepreneuriat local à travers l'innovation numérique. Les bénéficiaires auront accès à des infrastructures modernes, à des solutions numériques adaptées et à un réseau de mentors pour soutenir leur parcours professionnel. Le partenariat avec BeCode et Simplan assure des opportunités de formation pratique adaptées aux besoins locaux.\r\nSous thématiques\r\nInclusion numérique et employabilité.\r\nDéveloppement de compétences techniques dans le domaine du numérique.\r\nAutonomisation des jeunes à travers l'entrepreneuriat numérique.	\N	6		50	3	18
59	Formation au numérique / D-CLIC : Renforcement de capacités aux métiers du numérique au Tchad	Formation de 120 jeunes aux compétences numériques.\r\nAccès élargi aux opportunités numériques pour les jeunes femmes et les personnes éloignées du marché de l’emploi.\r\nDéveloppement d'un écosystème numérique local dynamique à travers le Tchad.\r\nPromotion de l'inclusion numérique et de l'entrepreneuriat au Tchad.	N’Djamena	12.1191543	15.0502758	TD	Terminé	2022-12-12	2023-12-31	94994.69	Ce projet met en avant une approche inclusive et innovante de la formation numérique, visant à équiper les jeunes tchadiens des compétences nécessaires pour participer activement à l'économie numérique. Grâce à ADESIT, les bénéficiaires auront accès à des ressources technologiques et à un soutien dans la création de projets entrepreneuriaux durables.\r\n\r\nAutres Partenaires : ADESIT, une association tchadienne reconnue pour son expertise en développement numérique.		Le projet a pour objectif de former 120 jeunes tchadiens, âgés de 18 à 35 ans, dans des domaines du numérique et de l'entrepreneuriat à travers des formations en communication digitale, conception d’applications web et mobiles, infographie, et design. Ce projet vise à améliorer l'employabilité des jeunes vulnérables, en particulier ceux éloignés de l’emploi, ainsi que les jeunes femmes sous-représentées dans les métiers du numérique. En collaboration avec ADESIT, les bénéficiaires accéderont à des équipements numériques avancés, des formations adaptées, et un soutien entrepreneurial.\r\nSous thématiques\r\nAutonomisation des jeunes : soutien à l'entrepreneuriat local.\r\nÉducation numérique : développement des compétences techniques en numérique.\r\nInclusion sociale : promotion de l'accès aux compétences numériques pour les groupes marginalisés.	\N	6		51	3	18
52	Formation au numérique / D-CLIC : Renforcement de capacités aux métiers du numérique à Djibouti	Formation de 100 jeunes (dont 50 % de femmes) aux métiers numériques, notamment en développement web et infographie.\r\nInclusion de 50 % de femmes dans les cohortes de formation pour encourager l’égalité dans l’accès aux métiers du numérique.\r\nRenforcement des capacités locales de formation dans les métiers du numérique, avec un accent particulier sur les compétences en forte demande sur le marché, telles que le développement web.\r\nCréation de débouchés professionnels pour les bénéficiaires via des opportunités d'emploi local ou la création de startups.	Djibouti	11.8145966	42.8453061	DJ	Terminé	2022-12-08	2023-12-31	98560	Ce projet est une initiative importante pour le développement du secteur numérique à Djibouti. Il met en avant l’égalité des sexes et l'inclusion des jeunes et des personnes éloignées de l’emploi. En formant des jeunes dans des secteurs numériques d'avenir, le projet renforce les capacités locales tout en créant des opportunités concrètes d'emploi et d’entrepreneuriat.\r\n\r\nAutres Partenaires : Lycée technique de Gabode\r\nMENFOP		Le projet vise à former 100 jeunes, dont 50 % de femmes, aux métiers du numérique dans plusieurs domaines, tels que le développement web (back-end) et l'infographie. Les bénéficiaires, âgés de 18 à 35 ans et en situation de chômage, recevront une formation complète à Djibouti. L’objectif est de réduire les inégalités d'accès aux compétences numériques dans une région où les jeunes, en particulier les femmes, sont éloignés de l'emploi et manquent de formation qualifiée. Ce projet est mis en œuvre en partenariat avec le Lycée technique de Gabode.\r\n\r\nSous thématiques\r\n\r\nAutonomisation économique/entrepreneuriat : Former des jeunes dans des métiers porteurs.\r\nÉducation/Formation professionnelle : Offrir des opportunités de formation qualifiée.\r\nÉgalité femmes-hommes : Assurer une parité dans l’accès aux compétences numériques.\r\nTechnologies numériques : Développer les compétences techniques dans les métiers du numérique.	\N	6		45	3	18
62	Prévention et lutte contre les violences faites aux femmes et jeunes filles dans la commune de Nikki, au Nord du Bénin.	- Réduction des violences faites aux femmes et jeunes filles dans la commune de Nikki.\r\n\r\n- Autonomisation économique des femmes via des activités génératrices de revenus.\r\n\r\n- Amélioration de l'accès à des opportunités de formation et de leadership pour les femmes.\r\n\r\n- Sensibilisation accrue des communautés locales sur les droits des femmes et les impacts des violences de genre.	Abomey-Calavi	6.46811735	2.3291357527306786	BJ	Terminé	2020-12-15	2021-08-31	36606	Ce projet marque une étape importante dans la lutte contre les violences faites aux femmes dans les zones rurales du Bénin. Grâce à la sensibilisation et aux formations, il offre aux femmes de Nikki les outils nécessaires pour s’émanciper et améliorer leur situation économique. Il s’inscrit dans une approche holistique de développement durable et de justice sociale, visant à créer un cadre favorable pour la promotion de l'égalité des sexes. La  Population cible représente les femmes et jeunes filles victimes de violence, particulièrement celles issues des milieux ruraux de la commune de Nikki. La sensibilisation vise à renforcer leurs capacités économiques tout en abordant des questions liées à leur protection et à la dignité humaine.		Le projet vise à prévenir et lutter contre toutes formes de violences faites aux femmes et jeunes filles dans la commune de Nikki, une localité du Nord du Bénin où la tradition et les coutumes sociales perpétuent ces pratiques. Il s'agit d'une campagne de sensibilisation visant à éradiquer ces violences et à améliorer la dignité des femmes. Le projet a pour ambition de favoriser leur autonomisation économique à travers des ateliers de formation sur la gestion des activités génératrices de revenus. L’initiative permettra ainsi aux bénéficiaires d’acquérir des compétences en leadership, en entreprenariat et en gestion, afin de contribuer à leur autonomisation et à l'amélioration de leurs conditions de vie.\r\n\r\nSous thématiques:\r\n\r\n- Autonomisation économique et entrepreneuriat : soutien aux femmes pour la gestion des activités génératrices de revenus.\r\n- Sensibilisation et information : éducation des communautés sur les droits des femmes et la prévention des violences.\r\n- Égalité des genres : lutte contre les discrimi	Direction du Siège	32		53	3	16
67	Projet d’autonomisation des femmes ivoiriennes vulnérables par la promotion de l’équité du genre, l’éducation et l’entrepreneuriat.	- Alphabétisation de 800 femmes.\r\n\r\n- Sensibilisation de 1 000 femmes et hommes sur l’équité du genre et la lutte contre les violences basées sur le genre (VBG).\r\n\r\n- Autonomisation économique de 400 femmes à travers des formations entrepreneuriales et la création de 200 activités génératrices de revenus (AGR).\r\n\r\n- Amélioration des conditions de vie pour 1 200 femmes et familles dans les villages ciblés.	Bouaké	7.6906	-5.0298	CI	Terminé	2020-12-15	2021-08-31	55000	Ce projet contribue à l'autonomisation des femmes ivoiriennes en leur offrant des opportunités d'éducation, de formation et d’entrepreneuriat pour améliorer leurs conditions de vie. Il promeut également l'équité du genre à travers des campagnes de sensibilisation, tout en renforçant la lutte contre les violences basées sur le genre\r\n\r\nPopulation cible : Les femmes vulnérables des 6 villages des districts de Bouaké et de Korhogo, particulièrement les jeunes filles, les femmes analphabètes, et les femmes chefs de ménage dans le secteur informel.		Le projet vise à promouvoir l’autonomisation économique et sociale des femmes du Centre et du Nord de la Côte d'Ivoire, particulièrement les femmes vulnérables, en facilitant leur accès à l’éducation, à l’entrepreneuriat et à des activités génératrices de revenus. Les bénéficiaires recevront des formations en alphabétisation, des informations sur l’équité du genre, la prévention des violences basées sur le genre (VBG), ainsi que des compétences entrepreneuriales pour lancer et gérer des petites entreprises. Le projet est mis en œuvre dans 6 villages des districts de Bouaké et Korhogo, dans une région où l'analphabétisme des femmes et les discriminations liées au genre sont élevées. Les bénéficiaires participeront également à des programmes de sensibilisation à l’autonomisation, de promotion des droits des femmes et de formation entrepreneuriale.\r\n\r\nSous thématiques :\r\n\r\n- Autonomisation économique et entrepreneuriat\r\n- Alphabétisation des femmes\r\n- Éducation et formation professionnelle\r\n- Équité de genre	Direction du Siège	32		57	3	16
29	Initiative d’appui à l’autonomisation économique des jeunes filles et femmes vulnérables en zone rurale et urbaine à l’Ère du numérique.	- Autonomisation économique de 500 femmes et jeunes filles vulnérables à travers le numérique.\r\n\r\n- Accompagnement de 50 femmes victimes de violences sexuelles dans la gestion psychologique, médicale et juridique.\r\n\r\n- Formation professionnelle pour des activités génératrices de revenus dans l'informel.	Brazzaville	-4.2667	15.2833	CG	Terminé	2020-12-15	2021-12-31	58000	Ce projet apporte une réponse cruciale aux défis rencontrés par les femmes et les jeunes filles vulnérables dans les zones rurales et urbaines du Congo. En mettant l'accent sur l'utilisation des outils numériques pour autonomiser économiquement ces femmes, le projet propose une solution innovante et durable à long terme. Le projet se distingue également par son attention particulière aux besoins des femmes victimes de violences sexuelles, en leur offrant un accompagnement global pour les aider à surmonter les conséquences de leur situation et à trouver des voies pour se réinsérer dans la société avec dignité.		Le projet vise à autonomiser économiquement 500 jeunes filles et femmes vulnérables dans les zones rurales et urbaines du Congo. Il comprend une formation professionnelle pour le développement d'activités génératrices de revenus dans l'informel, soutenue par des outils numériques. Le projet prévoit des actions spécifiques pour 50 femmes vulnérables identifiées, en particulier celles victimes de violences sexuelles, de grossesses précoces ou non désirées. Il met en place un accompagnement psychologique, médical et juridique pour les bénéficiaires, en collaboration avec les centres de santé et d'autres structures locales. Bénéficiaires finaux: 500 femmes et jeunes filles vulnérables, dont 50 identifiées comme victimes de violences sexuelles ou de grossesses précoces.\r\n\r\nSous-thématiques :\r\n\r\n- Autonomisation économique / entrepreneuriat\r\n- Sensibilisation / information\r\n- Éducation / formation professionnelle	Direction du Siège	32		23	\N	16
63	Prévention et soutien aux femmes victimes de violence et leurs enfants à Beyrouth	- Réduction de la violence familiale et soutien des victimes à travers un programme de prévention et d’intervention.\r\n\r\n- Autonomisation des femmes victimes de violence à travers des programmes de formation économique.\r\n\r\n- Réinsertion sociale des femmes et de leurs enfants après des périodes traumatisantes.\r\n\r\n- Soutien psychologique pour les enfants et les aider à surmonter le traumatisme de la violence familiale.	Beyrouth	33.8833	35.5	LB	Terminé	2020-12-15	2021-08-31	50000	Ce projet est essentiel pour apporter une aide humanitaire et un soutien direct aux femmes en situation de vulnérabilité à Beyrouth, en leur offrant un refuge sûr et en les accompagnant vers une réinsertion sociale et économique.\r\n\r\nPopulation cible :\r\n\r\n- Femmes victimes de violences physiques et mentales\r\n- Enfants des femmes victimes de violence\r\n- Le projet s'adresse à des femmes vulnérables vivant dans des contextes familiaux abusifs au Liban, - notamment dans la ville de Beyrouth, en fournissant des services de soutien psychosocial et de formation		Le projet vise à offrir un refuge et un accompagnement aux femmes victimes de violence physique et mentale, ainsi qu'à leurs enfants à Beyrouth, au Liban. À travers des actions de prévention, d’intervention et de réinsertion sociale, il est prévu de transformer la vie de ces femmes en leur fournissant les outils nécessaires pour surmonter leurs épreuves et les aider à reprendre le contrôle de leur avenir. Le projet prévoit un encadrement familial pour les victimes ainsi que des formations en compétences économiques pour favoriser leur autonomie financière et leur réinsertion dans la société.\r\n\r\nSous thématiques\r\n\r\n- Protection sociale et droits des femmes.\r\n- Autonomisation économique des femmes.\r\n- Prévention de la violence domestique.\r\n- Réinsertion sociale et familiale.\r\n\r\nPartenaires de mise en œuvres :\r\n\r\n- Home of Tenderness (Liban) : fourniture des services et gestion du refuge.\r\n- Autres partenaires locaux et régionaux dans le secteur social et humanitaire.	Direction du Siège	22		54	3	16
64	Projet Do Enye Ame – Le Travail Anoblit l’Homme	- Formation et accompagnement de 180 femmes artisanes dans la région des Plateaux\r\n\r\n- Amélioration des compétences techniques des artisanes dans la production durable\r\n\r\n- Accès accru à des opportunités de marché pour les produits artisanaux locaux\r\n\r\n- Réduction des inégalités de genre dans l’accès à l’emploi et à l’entrepreneuriat	Danyi-Apéyémé	7.19585	0.69194	TG	Terminé	2020-12-15	2021-08-31	65000	Le projet « Do Enye Ame » contribue de manière significative à l’amélioration des conditions de vie des femmes dans les zones rurales du Togo. Grâce à une approche participative et un partenariat intergénérationnel, il promeut la durabilité économique, l'égalité de genre et le renforcement des compétences artisanales. Ce projet s’inscrit dans les priorités du développement local inclusif en Afrique de l’Ouest, en apportant des solutions concrètes pour l’insertion des femmes dans le tissu économique régional. \r\n\r\nPopulation cible:\r\n\r\nFemmes artisanes en situation de vulnérabilité dans la région des Plateaux au Togo, principalement issues de communautés rurales et confrontées à des difficultés économiques et sociales.		Le projet « Do Enye Ame » |  Projet pour l’autonomisation économique et l’entrepreneuriat des femmes dans la région des Plateaux au Togo, en partenariat avec le Centre pour l’Écologie et le Développement (CED)\r\n\r\nCe projet vise à soutenir l’entrepreneuriat féminin dans la région des Plateaux au Togo. Il propose d’accompagner les femmes artisanes et les micro-entreprises féminines en situation de vulnérabilité à travers la formation, le développement des compétences artisanales et l’insertion professionnelle durable. En partenariat avec des organisations locales et internationales, le projet ambitionne de réduire les inégalités de genre dans l'accès à l’emploi et de favoriser le développement économique inclusif des femmes au niveau local. Le partenaire principal est le Centre pour l’Écologie et le Développement (CED), une association située à Danyi, Togo, qui s’engage à promouvoir le développement durable et l’inclusion sociale. les autres partenaires sont: (i) Brücke Le Pont, une organisation suisse basée à Fribourg, (ii)Consortium Vision pour Emplois et Revenus Durables au Togo (VERD-Togo)\r\n\r\nSous thématiques :\r\n\r\n- Autonomisation économique des femmes et entrepreneuriat\r\n- Éducation et formation professionnelle\r\n- Réduction des inégalités de genre	Direction du Siège	33		55	3	16
65	Projet d’appui aux activités de transformation du manioc des femmes handicapées de l’association SEGANHO.	- Renforcement de l’autonomie économique des femmes handicapées d’Abomey grâce à des activités de transformation du manioc.\r\n\r\n- Amélioration des conditions sanitaires et de la production des produits à base de manioc.\r\n\r\n- Sensibilisation des femmes sur les questions de santé reproductive et amélioration des compétences en gestion d’entreprise.\r\n\r\n- Participation des femmes handicapées à des activités génératrices de revenus, augmentant ainsi leur inclusion sociale et économique.	Abomey	7.182	1.9936	BJ	Terminé	2020-12-15	2021-08-31	25000	Ce projet est un bel exemple d’inclusion sociale et économique, visant à renforcer l’autonomie des femmes handicapées dans une région où elles sont souvent marginalisées. Grâce à la mise en place d’un atelier de transformation du manioc et à des actions de sensibilisation, ces femmes pourront améliorer leurs conditions de vie et contribuer au développement local.\r\n\r\nPopulation cible :\r\n\r\nLes femmes handicapées de l’association SEGANHO à Abomey, Bénin, qui sont marginalisées et exclues des circuits économiques traditionnels.		Le projet vise à renforcer l’autonomie économique et financière des femmes handicapées de l’association SEGANHO dans la commune d’Abomey. Ces femmes, confrontées à des discriminations et à des conditions de vie difficiles, bénéficieront d’un atelier de transformation du manioc équipé avec des outils adaptés à leurs besoins. L’objectif est de leur permettre de produire du manioc de manière plus efficace et hygiénique afin de générer des revenus. Ce projet inclut également des actions de sensibilisation sur la santé sexuelle et reproductive, ainsi que l’amélioration de leurs compétences en gestion d’entreprise. Ces initiatives visent à briser l’isolement social et économique auquel ces femmes sont souvent confrontées.\r\n\r\nPartenaires de mise en œuvres :\r\n\r\nONG Cercle de Développement des Initiatives Féminines (CEDIF)\r\nUnion des producteurs de manioc d’Abomey (UPM)\r\nCercle Recherches et d’Actions pour le Développement Durable\r\n\r\nSous thématiques :\r\n\r\n- Autonomisation économique et entrepreneuriat : soutien aux femmes handicapées.\r\n- Inclusion sociale : accès à des activités génératrices de revenus pour les groupes marginalisés.	Direction du Siège	32		56	3	16
19	Renforcement des capacités des femmes transformatrices de grains de néré "Afrifin" dans la commune d'Abomey	- Amélioration des capacités des femmes transformatrices de grains de néré dans la région de Zou.\r\n\r\n- Augmentation de la production et amélioration de la qualité des produits transformatifs.\r\n\r\n- Accès à de nouveaux marchés pour les produits de transformation de néré.	Abomey	7.165446	1.7828803672675926	BJ	Terminé	2020-12-15	2021-08-31	30000			Le projet se concentre sur l'amélioration des capacités des femmes transformatrices de grains de néré "Afrifin" dans la région de Zou, au Bénin, pour conquérir de nouveaux marchés et améliorer la qualité du produit. Le projet vise à renforcer les capacités des femmes transformatrices de grains de néré "Afrifin" pour améliorer la qualité de leur produit et augmenter leur capacité à accéder à de nouveaux marchés. En plus de former les femmes aux techniques de transformation, le projet s’attèle à la labellisation et à la standardisation du produit pour une meilleure commercialisation. Cela inclut également l’intégration de nouvelles technologies et des formations en gestion.\r\n\r\nSous-thématiques :\r\n- Autonomisation économique / entrepreneuriat\r\n- Formation professionnelle\r\n- Développement agricole\r\n\r\nBénéficiaire :\r\nAssociation Locale de Coopération au Développement (ALCOD, une organisation qui œuvre pour le développement des capacités économiques des femmes au Bénin.	Direction du Siège	13		14	3	16
46	Formation au numérique / D-CLIC : Renforcement de capacités aux métiers du numérique en République Démocratique du Congo	Formation de 100 jeunes (dont 50 femmes) aux métiers du numérique.\r\nInclusion de 50 % de femmes pour promouvoir l’égalité dans l’accès aux métiers technologiques.\r\nRéduction des inégalités numériques grâce à des formations pratiques et adaptées aux besoins du marché congolais.\r\nDéveloppement des compétences professionnelles des bénéficiaires dans des domaines à forte demande tels que le développement web, la gestion des communautés en ligne, et la création d'applications mobiles.\r\nCréation de débouchés professionnels locaux, avec des opportunités d’emploi ou d'entrepreneuriat.\r\nRenforcement des capacités locales d’encadrement et de formation en matière de numérique.	Kinshasa	-4.3217055	15.3125974	CD	Terminé	2021-11-02	2022-12-31	152260	Ce projet constitue un levier stratégique pour combler le fossé numérique en République Démocratique du Congo, notamment en fournissant aux jeunes, et particulièrement aux femmes, les compétences nécessaires pour participer pleinement à l’économie numérique. En mettant l’accent sur l’entrepreneuriat et les compétences numériques, ce projet contribue à l’autonomisation des jeunes et à leur intégration dans des secteurs d’avenir. Les partenariats avec des acteurs comme Open Street Map et Cordova permettent d’offrir des formations sur mesure répondant aux besoins locaux tout en favorisant la création d'opportunités concrètes d'emploi.\r\n\r\nAutres Partenaires : Open Street Map (OSM)\r\nCordova\r\nPartenaires locaux pour le soutien technique et l'encadrement des formations.		Ce projet vise à former 100 jeunes, dont 50 % de femmes, aux compétences numériques à travers des formations adaptées aux métiers du numérique dans trois villes de la République Démocratique du Congo : Kinshasa, Lubumbashi, et Goma. L’objectif est de renforcer les compétences techniques et l'entrepreneuriat local pour permettre aux jeunes, notamment les femmes, d’accéder à des opportunités d'emploi dans des secteurs porteurs tels que le développement web, la gestion des communautés en ligne, et la création d’applications mobiles. \r\nSous thématiques: \r\nAutonomisation économique/entrepreneuriat : Accroître l'employabilité des jeunes grâce à des compétences numériques.\r\nÉducation/Formation professionnelle : Permettre aux jeunes d'accéder à des formations qualifiées.\r\nÉgalité femmes-hommes : Garantir une participation égale des femmes aux formations.\r\nTechnologies numériques : Former les jeunes aux outils et technologies numériques les plus récents et demandés.	\N	6		40	3	18
68	Projet PACOM 30 - Pôles d’Accompagnement des Femmes du Secteur Informel dans l’Espace Francophone Ouest Africain	- Alphabétisation de 200 jeunes filles et renforcement de leurs capacités entrepreneuriales.\r\n\r\n- Création de pôles d’accompagnement avec des formations adaptées aux besoins des femmes dans le secteur informel.\r\n\r\n- Accroissement de l’accès aux financements et aux ressources pour les femmes, permettant -l’autonomisation économique durable.	Abidjan	\N	\N	CI	Terminé	2020-12-15	2021-08-31	35000	Le projet PACOM 30 cible particulièrement les jeunes filles déscolarisées et les femmes vulnérables du secteur informel dans les communes de Port-Bouet et Koumassi. En favorisant l’accès à l’éducation, à la formation, et à des services économiques, ce projet vise à améliorer la résilience socio-économique de ces populations marginalisées, tout en contribuant à leur autonomisation durable.\r\n\r\nPopulation cible :\r\n\r\n- Femmes du secteur informel\r\n- Jeunes filles déscolarisées (18 à 25 ans) issues des communes de Port-Bouet et Koumassi		Le projet PACOM 30 vise à créer quatre pôles d’accompagnement dans les communes de Port-Bouet et de Koumassi dans le District Autonome d’Abidjan. Ces pôles offriront des formations, un mentorat, et des services aux femmes du secteur informel, leur permettant ainsi de stabiliser et développer leurs activités économiques. Le projet ciblera 200 jeunes filles déscolarisées et des femmes en situation de vulnérabilité. Les bénéficiaires auront accès à des programmes d'alphabétisation, des formations en gestion financière, et des outils pour renforcer leurs capacités entrepreneuriales. Les organisations partenaires, telles que ONG HOSCHAMA International, les Mairies de Port-Bouet et de Koumassi, ainsi que la Plateforme Numérique Amazones du Web, offriront des ressources et un soutien logistique pour l’implémentation du projet.\r\n\r\nSous-thématiques :\r\n\r\n- Autonomisation économique/entrepreneuriat\r\n- Alphabétisation des jeunes filles déscolarisées\r\n- Accompagnement social et logistique pour les femmes en situation de vulnérabilité.\r\n\r\nPartenaires clés\r\n\r\n- ONG HOSCHAMA International\r\n- Mairies de Port-Bouet et de Koumassi\r\n- Plateforme Ivoirienne des Femmes Médecins\r\n- Amazone du Web	Direction du Siège	32		58	3	16
\.


--
